000
CXUS54 KTSA 010950
CF6MKO
PRELIMINARY LOCAL CLIMATOLOGICAL DATA (WS FORM: F-6)
STATION: MUSKOGEE OKLAHOMA
MONTH: FEBRUARY
YEAR: 2024
LATITUDE: 35 40 N
LONGITUDE: 95 22 W
TEMPERATURE IN F: :PCPN: SNOW: WIND :SUNSHINE: SKY :PK WND
================================================================================
1 2 3 4 5 6A 6B 7 8 9 10 11 12 13 14 15 16 17 18
12Z AVG MX 2MIN
DY MAX MIN AVG DEP HDD CDD WTR SNW DPTH SPD SPD DIR MIN PSBL S-S WX SPD DR
================================================================================
1 73 45 59 19 6 0 0.00 0.0 M 8.9 22 190 M M 0 28 190
2 71 50 61 21 4 0 0.00 0.0 M 9.4 17 170 M M 3 27 170
3 61 50 56 16 9 0 0.36 0.0 M 12.2 26 100 M M 8 1 36 100
4 56 46 51 10 14 0 0.25 M M 9.7 22 30 M M 10 1 28 350
5 60 40 50 9 15 0 0.00 0.0 0 11.1 18 350 M M 2 18 25 350
6 64 33 49 8 16 0 0.00 0.0 0 4.2 10 130 M M 0 1 14 130
7 67 42 55 14 10 0 0.00 0.0 0 9.5 20 140 M M 0 31 130
8 74 52 63 21 2 0 0.00 0.0 M 13.5 25 200 M M 3 39 230
9 74 45 60 18 5 0 0.00 0.0 M 8.6 22 220 M M 0 32 220
10 53 43 48 6 17 0 0.00 0.0 M 8.5 16 360 M M 2 22 10
11 47 35 41 -1 24 0 0.12 0.0 M 14.4 23 360 M M 10 1 30 360
12 50 33 42 0 23 0 0.11 M M 10.9 20 330 M M 6 1 26 330
13 62 30 46 3 19 0 0.00 0.0 M 6.3 16 220 M M 0 1 22 220
14 70 36 53 10 12 0 0.00 0.0 M 9.7 23 220 M M 0 33 220
15 63 41 52 9 13 0 0.00 0.0 M 5.6 17 360 M M 0 22 360
16 52 35 44 1 21 0 0.01 0.0 M 16.0 32 350 M M 6 1 43 360
17 35 22 29 -15 36 0 0.00 0.0 M 12.3 24 30 M M 4 34 10
18 53 17 35 -9 30 0 0.00 0.0 M 5.4 13 220 M M 0 17 240
19 63 28 46 2 19 0 0.00 0.0 M 8.2 18 180 M M 0 29 200
20 75 33 54 10 11 0 0.00 0.0 M 5.7 15 130 M M 0 18 20 160
21 82 48 65 20 0 0 0.00 0.0 M 10.7 21 200 M M 0 8 32 180
22 75 53 64 19 1 0 0.00 0.0 M 11.5 29 200 M M 3 44 200
23 70 44 57 12 8 0 0.00 0.0 M 8.4 17 320 M M 0 24 320
24 70 41 56 10 9 0 0.00 0.0 M 6.3 15 230 M M 0 20 240
25 77 51 64 18 1 0 0.00 0.0 M 9.4 18 200 M M 0 28 200
26 85 47 66 20 0 1 0.00 0.0 M 10.4 22 210 M M 0 1 32 180
27 78 66 72 25 0 7 0.00 0.0 M 14.9 24 200 M M 0 37 190
28 45 33 39 -8 26 0 0.00 0.0 M 9.0 22 360 M M 0 8 29 360
29 55 27 41 -6 24 0 0.04 M M 7.0 17 170 M M 3 18 27 190
================================================================================
SM 1860 1166 375 8 0.89 0.0 277.7 M 60
================================================================================
AV 64.1 40.2 9.6 FASTST M M 2 MAX(MPH)
MISC ----> 32 350 44 200
================================================================================
NOTES:
# LAST OF SEVERAL OCCURRENCES
COLUMN 17 PEAK WIND IN M.P.H.
PRELIMINARY LOCAL CLIMATOLOGICAL DATA (WS FORM: F-6) , PAGE 2
STATION: MUSKOGEE OKLAHOMA
MONTH: FEBRUARY
YEAR: 2024
LATITUDE: 35 40 N
LONGITUDE: 95 22 W
[TEMPERATURE DATA] [PRECIPITATION DATA] SYMBOLS USED IN COLUMN 16
AVERAGE MONTHLY: 52.2 TOTAL FOR MONTH: 0.89 1 = FOG OR MIST
DPTR FM NORMAL: 9.0 DPTR FM NORMAL: -1.28 2 = FOG REDUCING VISIBILITY
HIGHEST: 85 ON 26 GRTST 24HR 0.57 ON 3- 4 TO 1/4 MILE OR LESS
LOWEST: 17 ON 18 3 = THUNDER
SNOW, ICE PELLETS, HAIL 4 = ICE PELLETS
TOTAL MONTH: 0.0 INCH 5 = HAIL
GRTST 24HR 0.0 6 = FREEZING RAIN OR DRIZZLE
GRTST DEPTH: 0 7 = DUSTSTORM OR SANDSTORM:
VSBY 1/2 MILE OR LESS
8 = SMOKE OR HAZE
[NO. OF DAYS WITH] [WEATHER - DAYS WITH] 9 = BLOWING SNOW
X = TORNADO
MAX 32 OR BELOW: 0 0.01 INCH OR MORE: 6
MAX 90 OR ABOVE: 0 0.10 INCH OR MORE: 4
MIN 32 OR BELOW: 5 0.50 INCH OR MORE: 0
MIN 0 OR BELOW: 0 1.00 INCH OR MORE: 0
[HDD (BASE 65) ]
TOTAL THIS MO. 375 CLEAR (SCALE 0-3) 21
DPTR FM NORMAL -237 PTCLDY (SCALE 4-7) 5
TOTAL FM JUL 1 2468 CLOUDY (SCALE 8-10) 3
DPTR FM NORMAL -345
[CDD (BASE 65) ]
TOTAL THIS MO. 8
DPTR FM NORMAL 6 [PRESSURE DATA]
TOTAL FM JAN 1 8 HIGHEST SLP 30.51 ON 17
DPTR FM NORMAL 6 LOWEST SLP 29.43 ON 27
[REMARKS]
#FINAL-02-24#