000
CXUS54 KTSA 311127
CF6MKO
PRELIMINARY LOCAL CLIMATOLOGICAL DATA (WS FORM: F-6)
STATION: MUSKOGEE OKLAHOMA
MONTH: JULY
YEAR: 2022
LATITUDE: 35 40 N
LONGITUDE: 95 22 W
TEMPERATURE IN F: :PCPN: SNOW: WIND :SUNSHINE: SKY :PK WND
================================================================================
1 2 3 4 5 6A 6B 7 8 9 10 11 12 13 14 15 16 17 18
12Z AVG MX 2MIN
DY MAX MIN AVG DEP HDD CDD WTR SNW DPTH SPD SPD DIR MIN PSBL S-S WX SPD DR
================================================================================
1 95 70 83 3 0 18 0.00 0.0 M 5.9 13 140 M M 0 18 180
2 93 71 82 2 0 17 0.00 0.0 M 4.6 12 140 M M 0 18 130
3 95 73 84 4 0 19 0.00 0.0 M 6.0 15 120 M M 1 27 80
4 98 77 88 8 0 23 0.00 0.0 M 8.0 15 230 M M 0 22 190
5 99 75 87 6 0 22 0.00 0.0 M 8.4 17 220 M M 0 27 200
6 101 74 88 7 0 23 0.00 0.0 M 7.9 15 230 M M 0 22 200
7 102 75 89 8 0 24 0.00 0.0 M 7.4 16 220 M M 0 23 170
8 104 78 91 10 0 26 0.04 0.0 M 6.6 15 220 M M 1 8 22 180
9 98 77 88 7 0 23 0.05 0.0 M 10.0 18 30 M M 2 3 23 20
10 99 70 85 4 0 20 0.00 0.0 M 6.2 12 20 M M 0 20 20
11 99 68 84 3 0 19 0.00 0.0 M 4.5 10 110 M M 0 18 120
12 97 69 83 2 0 18 0.00 0.0 M 9.1 23 20 M M 0 29 20
13 101 69 85 3 0 20 0.00 0.0 M 7.0 16 40 M M 0 24 20
14 101 67 84 2 0 19 0.00 0.0 M 6.7 16 110 M M 0 22 110
15 101 73 87 5 0 22 0.00 0.0 M 6.6 14 230 M M 0 21 200
16 102 73 88 6 0 23 0.00 0.0 M 7.8 16 230 M M 0 23 220
17 103 79 91 9 0 26 T 0.0 M 8.2 21 10 M M 1 3 29 360
18 102 73 88 6 0 23 0.00 0.0 M 5.1 13 50 M M 0 18 10
19 107 71 89 7 0 24 0.00 0.0 M 5.5 14 200 M M 0 20 190
20 100 79 90 8 0 25 0.00 0.0 M 8.0 16 230 M M 0 3 25 220
21 102 72 87 5 0 22 0.04 0.0 M 6.7 32 140 M M 2 3 45 130
22 100 73 87 5 0 22 0.00 0.0 M 6.2 23 190 M M 0 35 190
23 101 71 86 4 0 21 0.00 0.0 M 7.6 17 190 M M 0 26 190
24 103 75 89 7 0 24 0.00 0.0 M 7.8 17 220 M M 0 26 230
25 105 74 90 8 0 25 0.00 0.0 M 7.8 15 150 M M 1 22 180
26 105 78 92 10 0 27 0.00 0.0 M 9.5 20 230 M M 0 29 230
27 104 78 91 9 0 26 0.02 0.0 M 8.5 23 20 M M 2 30 20
28 97 72 85 3 0 20 0.27 0.0 M 7.0 23 300 M M 2 13 32 290
29 84 73 79 -3 0 14 1.16 0.0 M 5.4 13 340 M M 6 13 17 70
30 86 75 81 -1 0 16 0.01 0.0 M 7.1 16 50 M M 5 19 100
31 87 75 81 -1 0 16 0.19 0.0 M 7.3 14 140 M M 5 13 21 120
================================================================================
SM 3071 2277 0 667 1.78 0.0 220.4 M 28
================================================================================
AV 99.1 73.5 7.1 FASTST M M 1 MAX(MPH)
MISC ----> 32 140 45 130
================================================================================
NOTES:
# LAST OF SEVERAL OCCURRENCES
COLUMN 17 PEAK WIND IN M.P.H.
PRELIMINARY LOCAL CLIMATOLOGICAL DATA (WS FORM: F-6) , PAGE 2
STATION: MUSKOGEE OKLAHOMA
MONTH: JULY
YEAR: 2022
LATITUDE: 35 40 N
LONGITUDE: 95 22 W
[TEMPERATURE DATA] [PRECIPITATION DATA] SYMBOLS USED IN COLUMN 16
AVERAGE MONTHLY: 86.3 TOTAL FOR MONTH: 1.78 1 = FOG OR MIST
DPTR FM NORMAL: 4.7 DPTR FM NORMAL: -1.82 2 = FOG REDUCING VISIBILITY
HIGHEST: 107 ON 19 GRTST 24HR 1.30 ON 28-29 TO 1/4 MILE OR LESS
LOWEST: 67 ON 14 3 = THUNDER
SNOW, ICE PELLETS, HAIL 4 = ICE PELLETS
TOTAL MONTH: 0.0 INCH 5 = HAIL
GRTST 24HR 0.0 6 = FREEZING RAIN OR DRIZZLE
GRTST DEPTH: M ON M 7 = DUSTSTORM OR SANDSTORM:
VSBY 1/2 MILE OR LESS
8 = SMOKE OR HAZE
[NO. OF DAYS WITH] [WEATHER - DAYS WITH] 9 = BLOWING SNOW
X = TORNADO
MAX 32 OR BELOW: 0 0.01 INCH OR MORE: 8
MAX 90 OR ABOVE: 28 0.10 INCH OR MORE: 3
MIN 32 OR BELOW: 0 0.50 INCH OR MORE: 1
MIN 0 OR BELOW: 0 1.00 INCH OR MORE: 1
[HDD (BASE 65) ]
TOTAL THIS MO. 0 CLEAR (SCALE 0-3) 28
DPTR FM NORMAL 0 PTCLDY (SCALE 4-7) 3
TOTAL FM JUL 1 0 CLOUDY (SCALE 8-10) 0
DPTR FM NORMAL 0
[CDD (BASE 65) ]
TOTAL THIS MO. 667
DPTR FM NORMAL 153 [PRESSURE DATA]
TOTAL FM JAN 1 1349 HIGHEST SLP 30.13 ON 30
DPTR FM NORMAL 260 LOWEST SLP 29.70 ON 19
[REMARKS]
#FINAL-07-22#