000
CXUS54 KTSA 010850
CF6MKO
PRELIMINARY LOCAL CLIMATOLOGICAL DATA (WS FORM: F-6)
STATION: MUSKOGEE OKLAHOMA
MONTH: MARCH
YEAR: 2022
LATITUDE: 35 40 N
LONGITUDE: 95 22 W
TEMPERATURE IN F: :PCPN: SNOW: WIND :SUNSHINE: SKY :PK WND
================================================================================
1 2 3 4 5 6A 6B 7 8 9 10 11 12 13 14 15 16 17 18
12Z AVG MX 2MIN
DY MAX MIN AVG DEP HDD CDD WTR SNW DPTH SPD SPD DIR MIN PSBL S-S WX SPD DR
================================================================================
1 75 34 55 8 10 0 0.00 0.0 M 6.4 14 240 M M 0 20 220
2 78 33 56 8 9 0 0.00 0.0 M 6.3 16 200 M M 0 23 190
3 80 39 60 12 5 0 0.00 0.0 M 5.8 13 150 M M 0 8 18 220
4 76 45 61 13 4 0 0.00 0.0 M 10.2 22 170 M M 1 8 33 190
5 76 56 66 17 0 1 0.00 0.0 M 14.8 28 190 M M 5 8 41 180
6 63 37 50 1 15 0 0.35 0.0 M 13.2 23 330 M M 9 138 29 340
7 41 28 35 -14 30 0 T 0.0 M 12.2 24 330 M M 7 33 320
8 43 27 35 -15 30 0 T 0.0 M 4.9 12 360 M M 4 16 100
9 56 23 40 -10 25 0 0.00 0.0 M 4.6 12 50 M M 0 17 50
10 61 30 46 -4 19 0 0.00 0.0 M 7.9 26 360 M M 1 37 350
11 32 23 28 -23 37 0 0.08 M M 13.7 26 350 M M 8 128 35 360
12 50 16 33 -18 32 0 0.00 0.0 M 6.1 13 190 M M 0 19 190
13 66 34 50 -1 15 0 0.00 0.0 M 11.7 23 180 M M 0 32 200
14 64 44 54 2 11 0 T 0.0 M 10.9 22 160 M M 7 33 170
15 72 47 60 8 5 0 T 0.0 M 5.6 20 40 M M 6 27 50
16 77 43 60 8 5 0 0.00 0.0 M 8.8 18 160 M M 0 12 28 180
17 80 51 66 13 0 1 0.08 0.0 M 12.2 33 240 M M 2 13 47 240
18 60 38 49 -4 16 0 0.45 0.0 M 12.9 25 310 M M 8 13 36 310
19 71 33 52 -1 13 0 0.00 0.0 M 8.0 24 280 M M 0 39 300
20 80 43 62 8 3 0 0.00 0.0 M 9.2 21 180 M M 0 31 180
21 64 51 58 4 7 0 2.03 0.0 M 13.4 29 130 M M 7 13 41 130
22 56 42 49 -5 16 0 T 0.0 M 12.9 24 250 M M 8 1 31 260
23 51 42 47 -7 18 0 0.00 0.0 M 15.0 25 310 M M 10 36 320
24 61 35 48 -7 17 0 0.00 0.0 M 8.8 21 310 M M 5 29 330
25 66 30 48 -7 17 0 0.00 0.0 M 5.7 23 40 M M 0 34 20
26 72 35 54 -1 11 0 0.00 0.0 M 5.0 13 360 M M 0 16 10
27 70 43 57 1 8 0 0.00 0.0 M 10.4 20 100 M M 0 25 110
28 77 47 62 6 3 0 0.00 0.0 M 13.5 22 140 M M 0 34 140
29 79 55 67 11 0 2 0.00 0.0 M 16.2 30 180 M M 3 43 180
30 73 39 56 0 9 0 1.36 0.0 M 12.2 33 230 M M 9 13 48 240
31 48 33 41 -16 24 0 0.00 0.0 M 8.6 22 310 M M 4 30 310
================================================================================
SM 2018 1176 414 4 4.35 0.0 307.1 M 104
================================================================================
AV 65.1 37.9 9.9 FASTST M M 3 MAX(MPH)
MISC ----> # 33 240 48 240
================================================================================
NOTES:
# LAST OF SEVERAL OCCURRENCES
COLUMN 17 PEAK WIND IN M.P.H.
PRELIMINARY LOCAL CLIMATOLOGICAL DATA (WS FORM: F-6) , PAGE 2
STATION: MUSKOGEE OKLAHOMA
MONTH: MARCH
YEAR: 2022
LATITUDE: 35 40 N
LONGITUDE: 95 22 W
[TEMPERATURE DATA] [PRECIPITATION DATA] SYMBOLS USED IN COLUMN 16
AVERAGE MONTHLY: 51.5 TOTAL FOR MONTH: 4.35 1 = FOG OR MIST
DPTR FM NORMAL: -0.6 DPTR FM NORMAL: 0.99 2 = FOG REDUCING VISIBILITY
HIGHEST: 80 ON 20,17 GRTST 24HR 2.03 ON 21-21 TO 1/4 MILE OR LESS
LOWEST: 16 ON 12 3 = THUNDER
SNOW, ICE PELLETS, HAIL 4 = ICE PELLETS
TOTAL MONTH: 0.0 INCH 5 = HAIL
GRTST 24HR 0.0 6 = FREEZING RAIN OR DRIZZLE
GRTST DEPTH: M ON M 7 = DUSTSTORM OR SANDSTORM:
VSBY 1/2 MILE OR LESS
8 = SMOKE OR HAZE
[NO. OF DAYS WITH] [WEATHER - DAYS WITH] 9 = BLOWING SNOW
X = TORNADO
MAX 32 OR BELOW: 1 0.01 INCH OR MORE: 6
MAX 90 OR ABOVE: 0 0.10 INCH OR MORE: 4
MIN 32 OR BELOW: 7 0.50 INCH OR MORE: 2
MIN 0 OR BELOW: 0 1.00 INCH OR MORE: 2
[HDD (BASE 65) ]
TOTAL THIS MO. 414 CLEAR (SCALE 0-3) 17
DPTR FM NORMAL 4 PTCLDY (SCALE 4-7) 11
TOTAL FM JUL 1 2841 CLOUDY (SCALE 8-10) 3
DPTR FM NORMAL -347
[CDD (BASE 65) ]
TOTAL THIS MO. 4
DPTR FM NORMAL -8 [PRESSURE DATA]
TOTAL FM JAN 1 4 HIGHEST SLP 30.51 ON 12
DPTR FM NORMAL -10 LOWEST SLP 29.33 ON 30
[REMARKS]
#FINAL-03-22#