000
CXUS54 KTSA 011331
CF6MKO
PRELIMINARY LOCAL CLIMATOLOGICAL DATA (WS FORM: F-6)
STATION: MUSKOGEE OKLAHOMA
MONTH: DECEMBER
YEAR: 2023
LATITUDE: 35 40 N
LONGITUDE: 95 22 W
TEMPERATURE IN F: :PCPN: SNOW: WIND :SUNSHINE: SKY :PK WND
================================================================================
1 2 3 4 5 6A 6B 7 8 9 10 11 12 13 14 15 16 17 18
12Z AVG MX 2MIN
DY MAX MIN AVG DEP HDD CDD WTR SNW DPTH SPD SPD DIR MIN PSBL S-S WX SPD DR
================================================================================
1 52 42 47 2 18 0 T 0.0 M 6.9 15 260 M M 10 1 20 270
2 50 38 44 -1 21 0 0.02 0.0 M 4.7 15 140 M M 8 1 20 150
3 63 28 46 2 19 0 0.00 0.0 M 6.3 17 220 M M 2 12 26 170
4 57 33 45 1 20 0 0.00 0.0 M 5.9 18 310 M M 0 26 310
5 59 31 45 1 20 0 0.00 0.0 M 7.0 20 340 M M 0 29 310
6 63 28 46 3 19 0 0.00 0.0 M 5.2 13 150 M M 0 17 170
7 69 41 55 12 10 0 0.00 0.0 M 12.7 31 190 M M 1 42 190
8 73 47 60 17 5 0 0.00 0.0 M 11.7 22 170 M M 7 33 200
9 56 39 48 5 17 0 0.00 0.0 M 10.1 21 340 M M 0 28 330
10 50 29 40 -2 25 0 0.00 0.0 M 5.9 13 320 M M 0 19 330
11 58 29 44 2 21 0 0.00 0.0 M 4.0 9 150 M M 0 12 190
12 61 30 46 4 19 0 0.00 0.0 M 4.9 12 140 M M 0 15 150
13 62 33 48 6 17 0 0.00 0.0 M 5.6 15 120 M M 0 20 120
14 63 35 49 8 16 0 0.00 0.0 M 9.2 20 130 M M 1 30 140
15 54 46 50 9 15 0 0.47 0.0 M 8.3 26 120 M M 8 1 38 130
16 52 31 42 1 23 0 0.00 0.0 M 6.4 15 310 M M 5 1 21 300
17 63 27 45 4 20 0 0.00 0.0 M 4.7 14 350 M M 3 12 18 350
18 49 27 38 -3 27 0 0.00 0.0 M 8.8 24 360 M M 0 31 360
19 53 25 39 -1 26 0 0.00 0.0 M 9.3 17 150 M M 0 24 140
20 62 40 51 11 14 0 0.00 0.0 M 9.9 16 160 M M 3 23 160
21 58 47 53 13 12 0 1.75 0.0 M 8.8 14 160 M M 10 1 19 160
22 58 48 53 13 12 0 0.09 0.0 M 6.2 12 190 M M 10 1 15 190
23 66 55 61 21 4 0 0.01 0.0 M 7.3 18 140 M M 10 1 26 140
24 62 47 55 15 10 0 1.48 0.0 M 11.1 22 280 M M 10 1 31 280
25 47 30 39 -1 26 0 0.00 0.0 M 10.9 21 310 M M 8 32 300
26 52 26 39 0 26 0 0.00 0.0 M 8.7 23 210 M M 6 33 200
27 45 33 39 0 26 0 0.00 0.0 M 11.2 20 330 M M 8 30 320
28 40 29 35 -4 30 0 0.00 0.0 M 8.4 16 330 M M 6 22 340
29 46 29 38 -1 27 0 0.00 0.0 M 7.0 15 330 M M 3 19 310
30 57 23 40 1 25 0 0.00 0.0 M 4.3 10 220 M M 0 13 220
31 48 30 39 0 26 0 0.00 0.0 M 10.6 23 340 M M 3 29 10
================================================================================
SM 1748 1076 596 0 3.82 0.0 242.0 M 122
================================================================================
AV 56.4 34.7 7.8 FASTST M M 4 MAX(MPH)
MISC ----> 31 190 42 190
================================================================================
NOTES:
# LAST OF SEVERAL OCCURRENCES
COLUMN 17 PEAK WIND IN M.P.H.
PRELIMINARY LOCAL CLIMATOLOGICAL DATA (WS FORM: F-6) , PAGE 2
STATION: MUSKOGEE OKLAHOMA
MONTH: DECEMBER
YEAR: 2023
LATITUDE: 35 40 N
LONGITUDE: 95 22 W
[TEMPERATURE DATA] [PRECIPITATION DATA] SYMBOLS USED IN COLUMN 16
AVERAGE MONTHLY: 45.5 TOTAL FOR MONTH: 3.82 1 = FOG OR MIST
DPTR FM NORMAL: 4.2 DPTR FM NORMAL: 0.96 2 = FOG REDUCING VISIBILITY
HIGHEST: 73 ON 8 GRTST 24HR 1.84 ON 21-22 TO 1/4 MILE OR LESS
LOWEST: 23 ON 30 3 = THUNDER
SNOW, ICE PELLETS, HAIL 4 = ICE PELLETS
TOTAL MONTH: 0.0 INCH 5 = HAIL
GRTST 24HR 0.0 6 = FREEZING RAIN OR DRIZZLE
GRTST DEPTH: M ON M 7 = DUSTSTORM OR SANDSTORM:
VSBY 1/2 MILE OR LESS
8 = SMOKE OR HAZE
[NO. OF DAYS WITH] [WEATHER - DAYS WITH] 9 = BLOWING SNOW
X = TORNADO
MAX 32 OR BELOW: 0 0.01 INCH OR MORE: 6
MAX 90 OR ABOVE: 0 0.10 INCH OR MORE: 3
MIN 32 OR BELOW: 16 0.50 INCH OR MORE: 2
MIN 0 OR BELOW: 0 1.00 INCH OR MORE: 2
[HDD (BASE 65) ]
TOTAL THIS MO. 596 CLEAR (SCALE 0-3) 18
DPTR FM NORMAL -139 PTCLDY (SCALE 4-7) 6
TOTAL FM JUL 1 1152 CLOUDY (SCALE 8-10) 7
DPTR FM NORMAL -203
[CDD (BASE 65) ]
TOTAL THIS MO. 0
DPTR FM NORMAL -1 [PRESSURE DATA]
TOTAL FM JAN 1 2063 HIGHEST SLP 30.62 ON 13
DPTR FM NORMAL 144 LOWEST SLP 29.59 ON 8
[REMARKS]
#FINAL-12-23#