000
CXUS54 KTSA 010950
CF6MKO
PRELIMINARY LOCAL CLIMATOLOGICAL DATA (WS FORM: F-6)
STATION: MUSKOGEE OKLAHOMA
MONTH: DECEMBER
YEAR: 2020
LATITUDE: 35 40 N
LONGITUDE: 95 22 W
TEMPERATURE IN F: :PCPN: SNOW: WIND :SUNSHINE: SKY :PK WND
================================================================================
1 2 3 4 5 6A 6B 7 8 9 10 11 12 13 14 15 16 17 18
12Z AVG MX 2MIN
DY MAX MIN AVG DEP HDD CDD WTR SNW DPTH SPD SPD DIR MIN PSBL S-S WX SPD DR
================================================================================
1 58 23 41 -3 24 0 0.00 0.0 M 9.9 18 150 M M 0 27 140
2 45 39 42 -1 23 0 0.74 0.0 M 11.6 22 110 M M 10 1 31 100
3 43 39 41 -2 24 0 0.01 0.0 M 6.7 15 140 M M 10 1 21 120
4 54 29 42 -1 23 0 0.00 0.0 M 5.3 12 270 M M 2 1 15 260
5 61 27 44 2 21 0 0.00 0.0 M 4.2 9 350 M M 0 18 12 250
6 53 32 43 1 22 0 0.00 0.0 M 6.5 15 330 M M 0 18 320
7 59 35 47 5 18 0 0.00 0.0 M 4.6 10 250 M M 0 8 14 270
8 63 28 46 5 19 0 0.00 0.0 M 3.1 10 340 M M 0 1 13 360
9 72 32 52 11 13 0 0.00 0.0 M 4.5 8 160 M M 0 11 190
10 76 38 57 16 8 0 0.00 0.0 M 8.5 16 170 M M 0 22 180
11 62 36 49 9 16 0 0.12 0.0 M 7.9 15 290 M M 6 1 19 290
12 43 30 37 -3 28 0 0.00 0.0 M 6.5 14 270 M M 6 17 340
13 38 30 34 -6 31 0 0.62 M M 10.6 20 350 M M 7 1 26 350
14 38 23 31 -9 34 0 0.00 0.0 M 5.9 13 40 M M 2 1 17 40
15 35 25 30 -10 35 0 0.00 0.0 M 7.7 18 130 M M 5 1 29 130
16 35 27 31 -8 34 0 0.00 0.0 M 6.7 12 290 M M 9 18 15 290
17 51 24 38 -1 27 0 0.00 0.0 M 5.1 10 200 M M 0 1 13 200
18 57 33 45 6 20 0 0.00 0.0 M 11.1 25 180 M M 2 36 170
19 51 30 41 2 24 0 0.00 0.0 M 5.7 15 340 M M 3 19 330
20 57 24 41 2 24 0 0.00 0.0 M 5.9 15 290 M M 1 12 20 290
21 63 30 47 9 18 0 0.00 0.0 M 2.6 9 250 M M 0 11 260
22 68 32 50 12 15 0 0.00 0.0 M 11.5 24 160 M M 1 34 180
23 63 29 46 8 19 0 0.00 0.0 M 17.8 35 330 M M 4 50 330
24 39 22 31 -7 34 0 0.00 0.0 M 9.8 21 310 M M 2 29 310
25 45 17 31 -7 34 0 0.00 0.0 M 5.6 13 350 M M 0 18 350
26 67 29 48 10 17 0 0.00 0.0 M 8.8 15 160 M M 0 22 170
27 65 41 53 15 12 0 0.00 0.0 M 13.6 28 220 M M 0 41 220
28 54 31 43 5 22 0 0.00 0.0 M 8.0 16 120 M M 1 22 130
29 54 42 48 10 17 0 0.05 0.0 M 15.0 26 140 M M 10 1 37 140
30 51 33 42 4 23 0 0.72 M M 11.9 23 360 M M 8 1 32 350
31 39 29 34 -4 31 0 1.00 0.0 0 11.8 24 40 M M 4 1 30 40
================================================================================
SM 1659 939 710 0 3.26 0.0 254.4 M 93
================================================================================
AV 53.5 30.3 8.2 FASTST M M 3 MAX(MPH)
MISC ----> 35 330 50 330
================================================================================
NOTES:
# LAST OF SEVERAL OCCURRENCES
COLUMN 17 PEAK WIND IN M.P.H.
PRELIMINARY LOCAL CLIMATOLOGICAL DATA (WS FORM: F-6) , PAGE 2
STATION: MUSKOGEE OKLAHOMA
MONTH: DECEMBER
YEAR: 2020
LATITUDE: 35 40 N
LONGITUDE: 95 22 W
[TEMPERATURE DATA] [PRECIPITATION DATA] SYMBOLS USED IN COLUMN 16
AVERAGE MONTHLY: 41.9 TOTAL FOR MONTH: 3.26 1 = FOG OR MIST
DPTR FM NORMAL: 2.1 DPTR FM NORMAL: 0.22 2 = FOG REDUCING VISIBILITY
HIGHEST: 76 ON 10 GRTST 24HR 1.00 ON 31-31 TO 1/4 MILE OR LESS
LOWEST: 17 ON 25 3 = THUNDER
SNOW, ICE PELLETS, HAIL 4 = ICE PELLETS
TOTAL MONTH: 0.0 INCH 5 = HAIL
GRTST 24HR 0.0 6 = FREEZING RAIN OR DRIZZLE
GRTST DEPTH: 0 7 = DUSTSTORM OR SANDSTORM:
VSBY 1/2 MILE OR LESS
8 = SMOKE OR HAZE
[NO. OF DAYS WITH] [WEATHER - DAYS WITH] 9 = BLOWING SNOW
X = TORNADO
MAX 32 OR BELOW: 0 0.01 INCH OR MORE: 7
MAX 90 OR ABOVE: 0 0.10 INCH OR MORE: 5
MIN 32 OR BELOW: 22 0.50 INCH OR MORE: 4
MIN 0 OR BELOW: 0 1.00 INCH OR MORE: 1
[HDD (BASE 65) ]
TOTAL THIS MO. 710 CLEAR (SCALE 0-3) 20
DPTR FM NORMAL -71 PTCLDY (SCALE 4-7) 7
TOTAL FM JUL 1 1292 CLOUDY (SCALE 8-10) 4
DPTR FM NORMAL -102
[CDD (BASE 65) ]
TOTAL THIS MO. 0
DPTR FM NORMAL 0 [PRESSURE DATA]
TOTAL FM JAN 1 1812 HIGHEST SLP 30.42 ON 14
DPTR FM NORMAL -33 LOWEST SLP 29.71 ON 31
[REMARKS]
#FINAL-12-20#