000
CXUS54 KTSA 012011
CF6MKO
PRELIMINARY LOCAL CLIMATOLOGICAL DATA (WS FORM: F-6)
STATION: MUSKOGEE OKLAHOMA
MONTH: JUNE
YEAR: 2020
LATITUDE: 35 40 N
LONGITUDE: 95 22 W
TEMPERATURE IN F: :PCPN: SNOW: WIND :SUNSHINE: SKY :PK WND
================================================================================
1 2 3 4 5 6A 6B 7 8 9 10 11 12 13 14 15 16 17 18
12Z AVG MX 2MIN
DY MAX MIN AVG DEP HDD CDD WTR SNW DPTH SPD SPD DIR MIN PSBL S-S WX SPD DR
================================================================================
1 84 62 73 0 0 8 0.00 0.0 0 5.8 13 170 M M 0 20 170
2 87 63 75 2 0 10 0.00 0.0 0 6.6 13 200 M M 1 18 130
3 91 68 80 7 0 15 0.00 0.0 0 7.8 16 220 M M 0 1 25 200
4 92 71 82 8 0 17 0.00 0.0 0 9.6 24 130 M M 1 35 140
5 95 72 84 10 0 19 0.00 0.0 0 5.0 10 180 M M 0 16 190
6 96 73 85 11 0 20 0.00 0.0 0 4.7 17 120 M M 2 13 24 120
7 92 70 81 7 0 16 0.00 0.0 0 6.1 16 130 M M 0 24 150
8 92 71 82 7 0 17 0.00 0.0 0 6.1 15 70 M M 0 20 80
9 95 62 79 4 0 14 0.06 0.0 0 13.8 30 220 M M 2 138 42 240
10 83 58 71 -4 0 6 0.00 0.0 0 12.7 26 310 M M 4 40 290
11 89 53 71 -4 0 6 0.00 0.0 0 2.7 8 140 M M 0 15 120
12 89 61 75 -1 0 10 0.00 0.0 0 5.1 13 210 M M 0 19 180
13 91 63 77 1 0 12 T 0.0 0 5.0 10 120 M M 1 14 100
14 91 65 78 2 0 13 0.00 0.0 0 5.2 12 120 M M 0 17 130
15 93 67 80 4 0 15 0.00 0.0 0 6.3 12 110 M M 0 17 110
16 91 70 81 4 0 16 0.00 0.0 0 7.7 15 110 M M 1 21 140
17 90 70 80 3 0 15 0.00 0.0 0 9.5 16 110 M M 1 23 130
18 92 70 81 4 0 16 0.00 0.0 0 8.5 16 140 M M 0 27 180
19 91 69 80 3 0 15 T 0.0 0 7.7 21 330 M M 1 26 340
20 82 68 75 -3 0 10 T 0.0 0 4.8 12 190 M M 2 16 180
21 85 67 76 -2 0 11 0.00 0.0 0 6.7 17 180 M M 2 12 25 180
22 91 68 80 2 0 15 1.63 0.0 0 6.0 23 130 M M 4 13 28 130
23 86 64 75 -3 0 10 0.56 0.0 0 5.8 18 330 M M 2 13 26 330
24 90 59 75 -3 0 10 0.00 0.0 0 3.4 10 50 M M 0 15 100
25 90 64 77 -1 0 12 0.00 0.0 0 7.5 17 120 M M 0 24 120
26 89 71 80 1 0 15 T 0.0 0 7.6 16 160 M M 4 26 160
27 89 73 81 2 0 16 0.00 0.0 0 10.8 22 190 M M 2 18 34 200
28 90 76 83 4 0 18 0.00 0.0 0 12.0 22 190 M M 2 33 170
29 91 77 84 5 0 19 T 0.0 0 11.7 21 180 M M 7 32 160
30 89 78 84 5 0 19 0.02 0.0 0 11.3 24 190 M M 6 3 34 180
================================================================================
SM 2696 2023 0 415 2.27 0.0 223.5 M 45
================================================================================
AV 89.9 67.4 7.4 FASTST M M 2 MAX(MPH)
MISC ----> # 30 220 # 42 240
================================================================================
NOTES:
# LAST OF SEVERAL OCCURRENCES
COLUMN 17 PEAK WIND IN M.P.H.
PRELIMINARY LOCAL CLIMATOLOGICAL DATA (WS FORM: F-6) , PAGE 2
STATION: MUSKOGEE OKLAHOMA
MONTH: JUNE
YEAR: 2020
LATITUDE: 35 40 N
LONGITUDE: 95 22 W
[TEMPERATURE DATA] [PRECIPITATION DATA] SYMBOLS USED IN COLUMN 16
AVERAGE MONTHLY: 78.7 TOTAL FOR MONTH: 2.27 1 = FOG OR MIST
DPTR FM NORMAL: 2.3 DPTR FM NORMAL: -2.19 2 = FOG REDUCING VISIBILITY
HIGHEST: 96 ON 6 GRTST 24HR 1.63 ON 22-22 TO 1/4 MILE OR LESS
LOWEST: 53 ON 11 3 = THUNDER
SNOW, ICE PELLETS, HAIL 4 = ICE PELLETS
TOTAL MONTH: 0.0 INCH 5 = HAIL
GRTST 24HR 0.0 6 = FREEZING RAIN OR DRIZZLE
GRTST DEPTH: 0 7 = DUSTSTORM OR SANDSTORM:
VSBY 1/2 MILE OR LESS
8 = SMOKE OR HAZE
[NO. OF DAYS WITH] [WEATHER - DAYS WITH] 9 = BLOWING SNOW
X = TORNADO
MAX 32 OR BELOW: 0 0.01 INCH OR MORE: 4
MAX 90 OR ABOVE: 19 0.10 INCH OR MORE: 2
MIN 32 OR BELOW: 0 0.50 INCH OR MORE: 2
MIN 0 OR BELOW: 0 1.00 INCH OR MORE: 1
[HDD (BASE 65) ]
TOTAL THIS MO. 0 CLEAR (SCALE 0-3) 25
DPTR FM NORMAL -1 PTCLDY (SCALE 4-7) 5
TOTAL FM JUL 1 3223 CLOUDY (SCALE 8-10) 0
DPTR FM NORMAL -280
[CDD (BASE 65) ]
TOTAL THIS MO. 415
DPTR FM NORMAL 75 [PRESSURE DATA]
TOTAL FM JAN 1 595 HIGHEST SLP 30.33 ON 12
DPTR FM NORMAL 64 LOWEST SLP 29.51 ON 9
[REMARKS]
#FINAL-06-20#