000
CXUS54 KTSA 010850
CF6MKO
PRELIMINARY LOCAL CLIMATOLOGICAL DATA (WS FORM: F-6)
STATION: MUSKOGEE OKLAHOMA
MONTH: SEPTEMBER
YEAR: 2023
LATITUDE: 35 40 N
LONGITUDE: 95 22 W
TEMPERATURE IN F: :PCPN: SNOW: WIND :SUNSHINE: SKY :PK WND
================================================================================
1 2 3 4 5 6A 6B 7 8 9 10 11 12 13 14 15 16 17 18
12Z AVG MX 2MIN
DY MAX MIN AVG DEP HDD CDD WTR SNW DPTH SPD SPD DIR MIN PSBL S-S WX SPD DR
================================================================================
1 93 67 80 2 0 15 0.00 0.0 M 5.7 15 140 M M 0 25 140
2 94 63 79 1 0 14 0.00 0.0 M 6.4 13 160 M M 0 25 100
3 99 68 84 7 0 19 0.00 0.0 M 6.8 15 150 M M 0 22 130
4 97 73 85 8 0 20 0.00 0.0 M 9.2 18 150 M M 1 27 150
5 101 74 88 11 0 23 0.00 0.0 M 9.2 20 190 M M 0 3 31 170
6 94 65 80 4 0 15 0.02 0.0 M 7.9 18 360 M M 2 38 24 10
7 100 61 81 5 0 16 0.00 0.0 M 4.3 13 130 M M 1 18 22 130
8 94 71 83 7 0 18 0.05 0.0 M 9.4 21 140 M M 1 3 32 140
9 95 62 79 3 0 14 0.00 0.0 M 5.2 17 30 M M 0 22 30
10 91 57 74 -1 0 9 0.00 0.0 M 4.0 12 120 M M 0 16 110
11 80 63 72 -3 0 7 0.58 0.0 M 6.2 16 30 M M 5 1 21 20
12 79 64 72 -2 0 7 0.39 0.0 M 6.5 14 30 M M 8 1 19 20
13 80 63 72 -2 0 7 0.00 0.0 M 5.0 14 120 M M 2 1 20 120
14 82 60 71 -3 0 6 T 0.0 M 6.0 15 130 M M 3 26 120
15 83 56 70 -4 0 5 0.00 0.0 M 3.2 12 100 M M 3 17 130
16 82 61 72 -1 0 7 T 0.0 M 3.9 10 20 M M 7 16 350
17 88 57 73 0 0 8 0.00 0.0 M 4.0 15 320 M M 0 128 19 290
18 91 59 75 3 0 10 T 0.0 M 5.7 12 190 M M 0 19 140
19 75 66 71 -1 0 6 0.20 0.0 M 8.8 17 130 M M 4 13 25 130
20 86 64 75 3 0 10 1.77 0.0 M 8.8 25 150 M M 6 13 36 150
21 86 67 77 6 0 12 0.05 0.0 M 8.1 17 160 M M 3 13 28 170
22 76 68 72 1 0 7 1.48 0.0 M 9.8 20 140 M M 5 13 29 130
23 91 68 80 9 0 15 0.57 0.0 M 10.2 20 10 M M 2 138 26 150
24 81 68 75 5 0 10 0.76 0.0 M 2.7 16 220 M M 7 13 24 220
25 89 63 76 6 0 11 0.00 0.0 M 4.3 13 10 M M 2 12 20 20
26 89 60 75 5 0 10 0.00 0.0 M 2.8 7 150 M M 0 1 10 200
27 89 61 75 6 0 10 0.00 0.0 M 5.0 12 200 M M 0 16 210
28 91 63 77 8 0 12 0.00 0.0 M 5.7 10 180 M M 0 15 180
29 91 68 80 12 0 15 0.00 0.0 M 6.5 13 110 M M 0 20 170
30 89 65 77 9 0 12 0.00 0.0 M 6.1 13 130 M M 0 18 130
================================================================================
SM 2656 1925 0 350 5.87 0.0 187.4 M 62
================================================================================
AV 88.5 64.2 6.2 FASTST M M 2 MAX(MPH)
MISC ----> 25 150 36 150
================================================================================
NOTES:
# LAST OF SEVERAL OCCURRENCES
COLUMN 17 PEAK WIND IN M.P.H.
PRELIMINARY LOCAL CLIMATOLOGICAL DATA (WS FORM: F-6) , PAGE 2
STATION: MUSKOGEE OKLAHOMA
MONTH: SEPTEMBER
YEAR: 2023
LATITUDE: 35 40 N
LONGITUDE: 95 22 W
[TEMPERATURE DATA] [PRECIPITATION DATA] SYMBOLS USED IN COLUMN 16
AVERAGE MONTHLY: 76.4 TOTAL FOR MONTH: 5.87 1 = FOG OR MIST
DPTR FM NORMAL: 3.2 DPTR FM NORMAL: 1.54 2 = FOG REDUCING VISIBILITY
HIGHEST: 101 ON 5 GRTST 24HR 1.97 ON 19-20 TO 1/4 MILE OR LESS
LOWEST: 56 ON 15 3 = THUNDER
SNOW, ICE PELLETS, HAIL 4 = ICE PELLETS
TOTAL MONTH: 0.0 INCH 5 = HAIL
GRTST 24HR 0.0 6 = FREEZING RAIN OR DRIZZLE
GRTST DEPTH: M ON M 7 = DUSTSTORM OR SANDSTORM:
VSBY 1/2 MILE OR LESS
8 = SMOKE OR HAZE
[NO. OF DAYS WITH] [WEATHER - DAYS WITH] 9 = BLOWING SNOW
X = TORNADO
MAX 32 OR BELOW: 0 0.01 INCH OR MORE: 10
MAX 90 OR ABOVE: 14 0.10 INCH OR MORE: 7
MIN 32 OR BELOW: 0 0.50 INCH OR MORE: 5
MIN 0 OR BELOW: 0 1.00 INCH OR MORE: 2
[HDD (BASE 65) ]
TOTAL THIS MO. 0 CLEAR (SCALE 0-3) 22
DPTR FM NORMAL -15 PTCLDY (SCALE 4-7) 8
TOTAL FM JUL 1 0 CLOUDY (SCALE 8-10) 0
DPTR FM NORMAL -14
[CDD (BASE 65) ]
TOTAL THIS MO. 350
DPTR FM NORMAL 89 [PRESSURE DATA]
TOTAL FM JAN 1 1949 HIGHEST SLP 30.19 ON 10
DPTR FM NORMAL 105 LOWEST SLP 29.71 ON 23
[REMARKS]
#FINAL-09-23#