000
CXUS54 KTSA 010850
CF6MKO
PRELIMINARY LOCAL CLIMATOLOGICAL DATA (WS FORM: F-6)
STATION: MUSKOGEE OKLAHOMA
MONTH: AUGUST
YEAR: 2023
LATITUDE: 35 40 N
LONGITUDE: 95 22 W
TEMPERATURE IN F: :PCPN: SNOW: WIND :SUNSHINE: SKY :PK WND
================================================================================
1 2 3 4 5 6A 6B 7 8 9 10 11 12 13 14 15 16 17 18
12Z AVG MX 2MIN
DY MAX MIN AVG DEP HDD CDD WTR SNW DPTH SPD SPD DIR MIN PSBL S-S WX SPD DR
================================================================================
1 104 75 90 8 0 25 0.00 0.0 M 6.7 15 110 M M 0 24 190
2 105 76 91 9 0 26 0.00 0.0 M 8.7 17 200 M M 0 25 200
3 106 76 91 9 0 26 0.00 0.0 M 8.8 21 230 M M 0 30 220
4 106 75 91 9 0 26 0.00 0.0 M 6.3 16 240 M M 0 25 240
5 98 72 85 3 0 20 T 0.0 M 7.4 32 10 M M 1 47 360
6 91 70 81 -1 0 16 1.29 0.0 M 6.9 21 290 M M 3 13 29 290
7 87 66 77 -5 0 12 1.18 0.0 M 6.6 21 10 M M 3 13 27 20
8 86 66 76 -6 0 11 0.57 0.0 M 6.8 23 160 M M 2 13 35 140
9 87 74 81 -1 0 16 0.38 0.0 M 7.9 17 160 M M 5 13 26 170
10 92 73 83 1 0 18 0.00 0.0 M 2.8 9 30 M M 2 11 30
11 95 75 85 3 0 20 0.01 0.0 M 7.3 14 140 M M 0 13 21 150
12 88 77 83 1 0 18 T 0.0 M 5.8 13 150 M M 1 21 130
13 95 79 87 5 0 22 0.00 0.0 M 6.4 26 330 M M 0 3 38 320
14 84 66 75 -7 0 10 0.05 0.0 M 7.2 28 350 M M 4 13 43 330
15 84 61 73 -8 0 8 0.00 0.0 M 6.7 16 10 M M 0 22 350
16 86 59 73 -8 0 8 0.00 0.0 M 3.7 10 140 M M 0 15 140
17 94 65 80 -1 0 15 0.00 0.0 M 6.2 14 190 M M 0 22 160
18 94 70 82 1 0 17 0.00 0.0 M 6.2 16 120 M M 0 22 120
19 100 74 87 6 0 22 0.00 0.0 M 7.2 14 160 M M 0 20 160
20 105 75 90 9 0 25 0.00 0.0 M 3.5 9 20 M M 0 1 11 350
21 104 74 89 9 0 24 0.00 0.0 M 3.3 12 350 M M 0 1 16 330
22 99 78 89 9 0 24 0.00 0.0 M 3.0 10 120 M M 0 1 13 100
23 98 76 87 7 0 22 0.00 0.0 M 4.1 10 150 M M 1 18 14 190
24 101 77 89 9 0 24 0.00 0.0 M 4.9 13 230 M M 0 18 19 240
25 104 75 90 10 0 25 0.00 0.0 M 4.8 14 110 M M 0 19 110
26 103 76 90 10 0 25 0.00 0.0 M 7.3 20 360 M M 0 26 20
27 92 71 82 3 0 17 0.00 0.0 M 10.3 21 30 M M 1 27 360
28 90 63 77 -2 0 12 0.00 0.0 M 7.2 16 360 M M 0 23 360
29 94 65 80 1 0 15 0.00 0.0 M 4.6 14 360 M M 0 1 21 20
30 94 66 80 2 0 15 0.00 0.0 M 7.7 18 10 M M 0 1 29 360
31 92 68 80 2 0 15 0.00 0.0 M 6.9 14 110 M M 1 23 180
================================================================================
SM 2958 2213 0 579 3.48 0.0 193.2 M 24
================================================================================
AV 95.4 71.4 6.2 FASTST M M 1 MAX(MPH)
MISC ----> 32 10 47 360
================================================================================
NOTES:
# LAST OF SEVERAL OCCURRENCES
COLUMN 17 PEAK WIND IN M.P.H.
PRELIMINARY LOCAL CLIMATOLOGICAL DATA (WS FORM: F-6) , PAGE 2
STATION: MUSKOGEE OKLAHOMA
MONTH: AUGUST
YEAR: 2023
LATITUDE: 35 40 N
LONGITUDE: 95 22 W
[TEMPERATURE DATA] [PRECIPITATION DATA] SYMBOLS USED IN COLUMN 16
AVERAGE MONTHLY: 83.4 TOTAL FOR MONTH: 3.48 1 = FOG OR MIST
DPTR FM NORMAL: 2.4 DPTR FM NORMAL: 0.39 2 = FOG REDUCING VISIBILITY
HIGHEST: 106 ON 4, 3 GRTST 24HR 1.46 ON 7- 8 TO 1/4 MILE OR LESS
LOWEST: 59 ON 16 3 = THUNDER
SNOW, ICE PELLETS, HAIL 4 = ICE PELLETS
TOTAL MONTH: 0.0 INCH 5 = HAIL
GRTST 24HR 0.0 6 = FREEZING RAIN OR DRIZZLE
GRTST DEPTH: M ON M 7 = DUSTSTORM OR SANDSTORM:
VSBY 1/2 MILE OR LESS
8 = SMOKE OR HAZE
[NO. OF DAYS WITH] [WEATHER - DAYS WITH] 9 = BLOWING SNOW
X = TORNADO
MAX 32 OR BELOW: 0 0.01 INCH OR MORE: 6
MAX 90 OR ABOVE: 24 0.10 INCH OR MORE: 4
MIN 32 OR BELOW: 0 0.50 INCH OR MORE: 3
MIN 0 OR BELOW: 0 1.00 INCH OR MORE: 2
[HDD (BASE 65) ]
TOTAL THIS MO. 0 CLEAR (SCALE 0-3) 28
DPTR FM NORMAL 0 PTCLDY (SCALE 4-7) 3
TOTAL FM JUL 1 0 CLOUDY (SCALE 8-10) 0
DPTR FM NORMAL 0
[CDD (BASE 65) ]
TOTAL THIS MO. 579
DPTR FM NORMAL 85 [PRESSURE DATA]
TOTAL FM JAN 1 1599 HIGHEST SLP 30.19 ON 15
DPTR FM NORMAL 16 LOWEST SLP 29.70 ON 9
[REMARKS]
#FINAL-08-23#