000
CXUS52 KMLB 010634
CF6MLB
PRELIMINARY LOCAL CLIMATOLOGICAL DATA (WS FORM: F-6)
STATION: MELBOURNE
MONTH: MAY
YEAR: 2021
LATITUDE: 28 6 N
LONGITUDE: 80 39 W
TEMPERATURE IN F: :PCPN: SNOW: WIND :SUNSHINE: SKY :PK WND
================================================================================
1 2 3 4 5 6A 6B 7 8 9 10 11 12 13 14 15 16 17 18
12Z AVG MX 2MIN
DY MAX MIN AVG DEP HDD CDD WTR SNW DPTH SPD SPD DIR MIN PSBL S-S WX SPD DR
================================================================================
1 85 67 76 0 0 11 0.00 0.0 0 8.7 15 30 M M 0 18 30
2 92 77 85 9 0 20 0.00 0.0 0 10.6 22 110 M M 2 26 120
3 92 75 84 8 0 19 0.03 0.0 0 11.2 21 150 M M 2 28 150
4 91 74 83 7 0 18 0.07 0.0 0 9.9 20 140 M M 2 27 140
5 94 73 84 8 0 19 0.65 0.0 0 7.8 21 10 M M 4 13 25 360
6 91 72 82 5 0 17 0.16 0.0 0 6.1 29 340 M M 3 138 39 350
7 85 64 75 -2 0 10 0.00 0.0 0 8.9 18 320 M M 1 27 330
8 81 60 71 -6 0 6 0.00 0.0 0 9.7 17 10 M M 0 24 30
9 84 65 75 -2 0 10 0.00 0.0 0 10.8 22 140 M M 0 31 150
10 92 74 83 6 0 18 0.08 0.0 0 9.4 20 120 M M 3 26 120
11 88 72 80 3 0 15 0.00 0.0 0 6.8 14 100 M M 2 3 17 110
12 91 73 82 4 0 17 0.32 0.0 0 7.2 33 40 M M 4 13 39 40
13 80 68 74 -4 0 9 T 0.0 0 11.2 21 340 M M 3 25 10
14 83 65 74 -4 0 9 T 0.0 0 13.3 22 30 M M 3 8 29 30
15 83 73 78 0 0 13 0.00 0.0 0 15.9 22 30 M M 2 8 29 20
16 81 72 77 -1 0 12 0.00 0.0 0 13.0 20 50 M M 3 8 23 50
17 83 72 78 0 0 13 T 0.0 0 13.1 20 80 M M 3 25 80
18 85 75 80 2 0 15 0.00 0.0 0 16.3 22 70 M M 4 28 80
19 84 75 80 1 0 15 0.00 0.0 0 17.8 26 100 M M 4 34 100
20 83 72 78 -1 0 13 0.02 0.0 0 18.8 24 90 M M 4 31 110
21 84 74 79 0 0 14 T 0.0 0 17.6 23 70 M M 3 30 100
22 84 74 79 0 0 14 T 0.0 0 14.9 22 70 M M 2 27 60
23 82 73 78 -1 0 13 0.00 0.0 0 10.1 15 50 M M 2 19 70
24 83 63 73 -6 0 8 0.00 0.0 0 8.6 16 90 M M 0 21 80
25 84 68 76 -4 0 11 0.00 0.0 0 8.5 16 120 M M 1 21 100
26 85 68 77 -3 0 12 0.00 0.0 0 8.7 16 110 M M 1 18 20 150
27 87 66 77 -3 0 12 0.00 0.0 0 7.8 17 100 M M 1 1 21 110
28 88 71 80 0 0 15 0.00 0.0 0 10.2 21 140 M M 0 25 130
29 91 73 82 2 0 17 T 0.0 0 10.8 22 140 M M 3 3 28 140
30 87 72 80 0 0 15 0.01 0.0 0 6.4 14 120 M M 3 3 17 100
31 83 71 77 -3 0 12 0.00 0.0 0 12.1 21 50 M M 2 25 50
================================================================================
SM 2666 2191 0 422 1.34 0.0 342.2 M 67
================================================================================
AV 86.0 70.7 11.0 FASTST M M 2 MAX(MPH)
MISC ----> 33 40 # 39 350
================================================================================
NOTES:
# LAST OF SEVERAL OCCURRENCES
COLUMN 17 PEAK WIND IN M.P.H.
PRELIMINARY LOCAL CLIMATOLOGICAL DATA (WS FORM: F-6) , PAGE 2
STATION: MELBOURNE
MONTH: MAY
YEAR: 2021
LATITUDE: 28 6 N
LONGITUDE: 80 39 W
[TEMPERATURE DATA] [PRECIPITATION DATA] SYMBOLS USED IN COLUMN 16
AVERAGE MONTHLY: 78.3 TOTAL FOR MONTH: 1.34 1 = FOG OR MIST
DPTR FM NORMAL: 0.2 DPTR FM NORMAL: -2.19 2 = FOG REDUCING VISIBILITY
HIGHEST: 94 ON 5 GRTST 24HR 0.76 ON 5- 6 TO 1/4 MILE OR LESS
LOWEST: 60 ON 8 3 = THUNDER
SNOW, ICE PELLETS, HAIL 4 = ICE PELLETS
TOTAL MONTH: 0.0 INCH 5 = HAIL
GRTST 24HR 0.0 6 = FREEZING RAIN OR DRIZZLE
GRTST DEPTH: 0 7 = DUSTSTORM OR SANDSTORM:
VSBY 1/2 MILE OR LESS
8 = SMOKE OR HAZE
[NO. OF DAYS WITH] [WEATHER - DAYS WITH] 9 = BLOWING SNOW
X = TORNADO
MAX 32 OR BELOW: 0 0.01 INCH OR MORE: 8
MAX 90 OR ABOVE: 8 0.10 INCH OR MORE: 3
MIN 32 OR BELOW: 0 0.50 INCH OR MORE: 1
MIN 0 OR BELOW: 0 1.00 INCH OR MORE: 0
[HDD (BASE 65) ]
TOTAL THIS MO. 0 CLEAR (SCALE 0-3) 20
DPTR FM NORMAL 0 PTCLDY (SCALE 4-7) 11
TOTAL FM JUL 1 410 CLOUDY (SCALE 8-10) 0
DPTR FM NORMAL 19
[CDD (BASE 65) ]
TOTAL THIS MO. 422
DPTR FM NORMAL 14 [PRESSURE DATA]
TOTAL FM JAN 1 1040 HIGHEST SLP M ON M
DPTR FM NORMAL 47 LOWEST SLP 29.85 ON 29
[REMARKS]
#FINAL-05-21#