000
CXUS52 KMLB 010726
CF6MLB
PRELIMINARY LOCAL CLIMATOLOGICAL DATA (WS FORM: F-6)
STATION: MELBOURNE
MONTH: DECEMBER
YEAR: 2023
LATITUDE: 28 6 N
LONGITUDE: 80 39 W
TEMPERATURE IN F: :PCPN: SNOW: WIND :SUNSHINE: SKY :PK WND
================================================================================
1 2 3 4 5 6A 6B 7 8 9 10 11 12 13 14 15 16 17 18
12Z AVG MX 2MIN
DY MAX MIN AVG DEP HDD CDD WTR SNW DPTH SPD SPD DIR MIN PSBL S-S WX SPD DR
================================================================================
1 81 62 72 6 0 7 T 0.0 0 5.3 15 130 M M 3 23 130
2 86 73 80 14 0 15 T 0.0 0 6.8 15 160 M M 5 20 160
3 86 70 78 12 0 13 0.00 0.0 0 7.1 15 310 M M 4 20 210
4 86 65 76 10 0 11 0.00 0.0 0 8.3 20 290 M M 2 1 26 290
5 75 56 66 0 0 1 0.00 0.0 0 6.9 13 300 M M 0 19 240
6 68 49 59 -7 6 0 0.00 0.0 0 11.5 22 360 M M 0 32 320
7 71 48 60 -6 5 0 0.00 0.0 0 8.0 14 10 M M 2 18 340
8 75 56 66 0 0 1 0.00 0.0 0 3.3 8 80 M M 5 10 120
9 80 68 74 8 0 9 0.00 0.0 0 7.9 18 130 M M 3 26 130
10 83 66 75 9 0 10 0.03 0.0 0 9.6 26 280 M M 5 1 37 280
11 67 52 60 -5 5 0 0.00 0.0 0 11.7 22 270 M M 2 29 260
12 75 52 64 -1 1 0 0.00 0.0 0 12.3 20 30 M M 5 27 20
13 75 69 72 7 0 7 T 0.0 0 16.6 25 50 M M 5 33 40
14 75 69 72 7 0 7 T 0.0 0 23.8 31 50 M M 6 46 50
15 73 66 70 5 0 5 T 0.0 0 19.4 28 60 M M 7 40 70
16 72 68 70 5 0 5 3.06 0.0 0 18.5 29 110 M M 10 1 48 130
17 75 60 68 3 0 3 0.72 0.0 0 17.2 30 250 M M 7 18 45 210
18 70 51 61 -4 4 0 0.00 0.0 0 10.9 20 270 M M 2 27 290
19 64 45 55 -9 10 0 0.00 0.0 0 12.2 21 350 M M 0 27 360
20 67 61 64 0 1 0 T 0.0 0 12.4 20 50 M M 9 27 50
21 71 59 65 1 0 0 0.00 0.0 0 14.6 25 10 M M 6 33 40
22 73 58 66 2 0 1 0.05 0.0 0 6.9 15 70 M M 6 1 20 70
23 75 57 66 2 0 1 T 0.0 0 9.2 17 50 M M 4 22 70
24 73 67 70 6 0 5 0.19 0.0 0 11.1 24 90 M M 5 1 32 100
25 71 66 69 5 0 4 0.24 0.0 0 8.3 20 140 M M 4 1 26 140
26 76 62 69 5 0 4 0.22 0.0 0 6.0 18 280 M M 6 1 23 160
27 76 60 68 5 0 3 T 0.0 0 7.2 15 260 M M 4 21 270
28 65 55 60 -3 5 0 0.41 0.0 0 5.2 15 140 M M 7 1 20 140
29 64 50 57 -6 8 0 0.00 0.0 0 9.0 23 280 M M 2 12 30 280
30 61 46 54 -9 11 0 0.00 0.0 0 3.0 16 270 M M 2 21 270
31 67 42 55 -8 10 0 0.00 0.0 0 3.8 13 300 M M 0 1 19 290
================================================================================
SM 2276 1828 66 112 4.92 0.0 314.0 M 128
================================================================================
AV 73.4 59.0 10.1 FASTST M M 4 MAX(MPH)
MISC ----> 31 50 48 130
================================================================================
NOTES:
# LAST OF SEVERAL OCCURRENCES
COLUMN 17 PEAK WIND IN M.P.H.
PRELIMINARY LOCAL CLIMATOLOGICAL DATA (WS FORM: F-6) , PAGE 2
STATION: MELBOURNE
MONTH: DECEMBER
YEAR: 2023
LATITUDE: 28 6 N
LONGITUDE: 80 39 W
[TEMPERATURE DATA] [PRECIPITATION DATA] SYMBOLS USED IN COLUMN 16
AVERAGE MONTHLY: 66.2 TOTAL FOR MONTH: 4.92 1 = FOG OR MIST
DPTR FM NORMAL: 1.5 DPTR FM NORMAL: 2.56 2 = FOG REDUCING VISIBILITY
HIGHEST: 86 ON 4, 3 GRTST 24HR 3.78 ON 16-17 TO 1/4 MILE OR LESS
LOWEST: 42 ON 31 3 = THUNDER
SNOW, ICE PELLETS, HAIL 4 = ICE PELLETS
TOTAL MONTH: 0.0 INCH 5 = HAIL
GRTST 24HR 0.0 6 = FREEZING RAIN OR DRIZZLE
GRTST DEPTH: 0 7 = DUSTSTORM OR SANDSTORM:
VSBY 1/2 MILE OR LESS
8 = SMOKE OR HAZE
[NO. OF DAYS WITH] [WEATHER - DAYS WITH] 9 = BLOWING SNOW
X = TORNADO
MAX 32 OR BELOW: 0 0.01 INCH OR MORE: 8
MAX 90 OR ABOVE: 0 0.10 INCH OR MORE: 6
MIN 32 OR BELOW: 0 0.50 INCH OR MORE: 2
MIN 0 OR BELOW: 0 1.00 INCH OR MORE: 1
[HDD (BASE 65) ]
TOTAL THIS MO. 66 CLEAR (SCALE 0-3) 11
DPTR FM NORMAL -43 PTCLDY (SCALE 4-7) 18
TOTAL FM JUL 1 86 CLOUDY (SCALE 8-10) 2
DPTR FM NORMAL -67
[CDD (BASE 65) ]
TOTAL THIS MO. 112
DPTR FM NORMAL 11 [PRESSURE DATA]
TOTAL FM JAN 1 4080 HIGHEST SLP M ON M
DPTR FM NORMAL 633 LOWEST SLP 29.50 ON 17
[REMARKS]
#FINAL-12-23#