000
CXUS54 KTSA 011230
CF6MLC
PRELIMINARY LOCAL CLIMATOLOGICAL DATA (WS FORM: F-6)
STATION: MCALESTER OKLAHOMA
MONTH: AUGUST
YEAR: 2021
LATITUDE: 34 52 N
LONGITUDE: 95 47 W
TEMPERATURE IN F: :PCPN: SNOW: WIND :SUNSHINE: SKY :PK WND
================================================================================
1 2 3 4 5 6A 6B 7 8 9 10 11 12 13 14 15 16 17 18
12Z AVG MX 2MIN
DY MAX MIN AVG DEP HDD CDD WTR SNW DPTH SPD SPD DIR MIN PSBL S-S WX SPD DR
================================================================================
1 88 75 82 -1 0 17 T 0.0 M 8.7 17 360 M M 4 3 24 10
2 91 73 82 -1 0 17 T 0.0 M 6.1 14 10 M M 3 21 20
3 92 67 80 -3 0 15 0.00 0.0 M 3.1 13 360 M M 3 18 19 40
4 91 66 79 -4 0 14 T 0.0 M 2.7 14 290 M M 4 18 20 280
5 87 68 78 -5 0 13 2.55 0.0 M 3.8 26 320 M M 5 1238 43 320
6 90 67 79 -4 0 14 0.00 0.0 M 4.3 12 210 M M 2 1 19 210
7 93 70 82 -1 0 17 0.00 0.0 M 5.9 13 210 M M 2 21 210
8 94 77 86 3 0 21 0.00 0.0 M 8.4 22 220 M M 4 34 220
9 95 78 87 4 0 22 0.00 0.0 M 9.3 20 210 M M 1 30 210
10 96 78 87 4 0 22 0.00 0.0 M 9.2 23 210 M M 1 33 220
11 97 78 88 5 0 23 0.00 0.0 M 9.2 21 220 M M 1 30 210
12 99 79 89 6 0 24 0.00 0.0 M 7.9 16 230 M M 1 24 230
13 100 72 86 3 0 21 T 0.0 M 3.5 24 20 M M 2 13 42 190
14 87 72 80 -3 0 15 1.58 0.0 M 1.8 8 10 M M 3 13 11 30
15 87 72 80 -2 0 15 T 0.0 M 2.6 13 350 M M 3 3 17 60
16 87 70 79 -3 0 14 0.00 0.0 M 2.7 10 160 M M 2 3 20 170
17 79 72 76 -6 0 11 T 0.0 M 2.9 13 220 M M 5 17 210
18 87 72 80 -2 0 15 T 0.0 M 4.1 13 220 M M 5 8 20 210
19 83 73 78 -4 0 13 0.33 0.0 M 3.4 9 210 M M 7 1 16 150
20 93 77 85 3 0 20 0.00 0.0 M 7.3 17 210 M M 4 26 210
21 94 77 86 4 0 21 T 0.0 M 5.2 16 230 M M 2 24 210
22 97 71 84 3 0 19 0.00 0.0 M 4.6 16 220 M M 1 22 230
23 97 73 85 4 0 20 0.00 0.0 M 4.9 14 230 M M 0 19 210
24 97 73 85 4 0 20 0.00 0.0 M 6.3 16 210 M M 1 24 210
25 98 73 86 5 0 21 0.00 0.0 M 3.5 13 230 M M 1 17 230
26 98 72 85 5 0 20 0.00 0.0 M 2.2 10 180 M M 1 3 20 150
27 92 71 82 2 0 17 0.00 0.0 M 3.8 12 220 M M 1 1 20 170
28 90 71 81 1 0 16 0.00 0.0 M 4.2 13 130 M M 1 21 140
29 88 70 79 -1 0 14 0.24 0.0 M 1.8 15 310 M M 4 13 20 230
30 94 71 83 3 0 18 0.00 0.0 M 3.2 13 10 M M 1 1 18 20
31 95 69 82 3 0 17 0.06 0.0 M 2.4 15 270 M M 1 3 20 270
================================================================================
SM 2856 2247 0 546 4.76 0.0 149.0 M 76
================================================================================
AV 92.1 72.5 4.8 FASTST M M 2 MAX(MPH)
MISC ----> 26 320 43 320
================================================================================
NOTES:
# LAST OF SEVERAL OCCURRENCES
COLUMN 17 PEAK WIND IN M.P.H.
PRELIMINARY LOCAL CLIMATOLOGICAL DATA (WS FORM: F-6) , PAGE 2
STATION: MCALESTER OKLAHOMA
MONTH: AUGUST
YEAR: 2021
LATITUDE: 34 52 N
LONGITUDE: 95 47 W
[TEMPERATURE DATA] [PRECIPITATION DATA] SYMBOLS USED IN COLUMN 16
AVERAGE MONTHLY: 82.3 TOTAL FOR MONTH: 4.76 1 = FOG OR MIST
DPTR FM NORMAL: 0.4 DPTR FM NORMAL: 1.80 2 = FOG REDUCING VISIBILITY
HIGHEST: 100 ON 13 GRTST 24HR 2.55 ON 5- 5 TO 1/4 MILE OR LESS
LOWEST: 66 ON 4 3 = THUNDER
SNOW, ICE PELLETS, HAIL 4 = ICE PELLETS
TOTAL MONTH: 0.0 INCH 5 = HAIL
GRTST 24HR 0.0 6 = FREEZING RAIN OR DRIZZLE
GRTST DEPTH: M ON M 7 = DUSTSTORM OR SANDSTORM:
VSBY 1/2 MILE OR LESS
8 = SMOKE OR HAZE
[NO. OF DAYS WITH] [WEATHER - DAYS WITH] 9 = BLOWING SNOW
X = TORNADO
MAX 32 OR BELOW: 0 0.01 INCH OR MORE: 5
MAX 90 OR ABOVE: 22 0.10 INCH OR MORE: 4
MIN 32 OR BELOW: 0 0.50 INCH OR MORE: 2
MIN 0 OR BELOW: 0 1.00 INCH OR MORE: 2
[HDD (BASE 65) ]
TOTAL THIS MO. 0 CLEAR (SCALE 0-3) 21
DPTR FM NORMAL 0 PTCLDY (SCALE 4-7) 10
TOTAL FM JUL 1 0 CLOUDY (SCALE 8-10) 0
DPTR FM NORMAL 0
[CDD (BASE 65) ]
TOTAL THIS MO. 546
DPTR FM NORMAL 21 [PRESSURE DATA]
TOTAL FM JAN 1 1629 HIGHEST SLP 30.21 ON 14
DPTR FM NORMAL -106 LOWEST SLP 29.68 ON 31
[REMARKS]
#FINAL-08-21#