000
CXUS53 KDVN 011000
CF6MLI
PRELIMINARY LOCAL CLIMATOLOGICAL DATA (WS FORM: F-6)
STATION: MOLINE IL
MONTH: MARCH
YEAR: 2023
LATITUDE: 41 27 N
LONGITUDE: 90 31 W
TEMPERATURE IN F: :PCPN: SNOW: WIND :SUNSHINE: SKY :PK WND
================================================================================
1 2 3 4 5 6A 6B 7 8 9 10 11 12 13 14 15 16 17 18
12Z AVG MX 2MIN
DY MAX MIN AVG DEP HDD CDD WTR SNW DPTH SPD SPD DIR MIN PSBL S-S WX SPD DR
================================================================================
1 60 30 45 12 20 0 0.00 0.0 0 9.2 28 270 M M 2 128 34 280
2 47 33 40 6 25 0 0.00 0.0 0 7.6 18 340 M M 6 29 340
3 45 26 36 2 29 0 0.00 0.0 0 9.2 20 30 M M 0 29 20
4 50 24 37 2 28 0 0.02 0.0 0 1.8 10 270 M M 3 18 12 280
5 56 24 40 5 25 0 T 0.0 0 11.1 28 100 M M 5 123 35 100
6 59 36 48 12 17 0 0.00 0.0 0 9.9 24 300 M M 7 31 310
7 52 34 43 7 22 0 0.00 0.0 0 14.5 24 70 M M 4 32 100
8 49 39 44 8 21 0 0.00 0.0 0 15.0 22 120 M M 9 28 110
9 42 34 38 1 27 0 0.42 2.5 0 10.9 23 100 M M 10 148 29 110
10 37 32 35 -2 30 0 T T 3 9.2 18 320 M M 10 25 300
11 41 34 38 0 27 0 0.19 0.3 T 10.1 20 100 M M 10 1 24 120
12 41 30 36 -2 29 0 T T T 11.4 25 260 M M 10 18 32 260
13 36 30 33 -6 32 0 0.00 0.0 0 13.3 22 280 M M 10 8 32 280
14 45 25 35 -4 30 0 0.00 0.0 0 4.8 13 330 M M 3 16 330
15 58 28 43 3 22 0 0.00 0.0 0 12.0 22 170 M M 2 31 160
16 50 34 42 2 23 0 0.32 0.4 0 12.2 30 300 M M 10 1 44 310
17 34 19 27 -13 38 0 T T T 20.3 31 310 M M 6 45 310
18 25 13 19 -22 46 0 T T 0 18.6 29 280 M M 7 8 40 310
19 41 16 29 -12 36 0 0.00 0.0 0 12.0 20 250 M M 0 25 250
20 61 30 46 4 19 0 0.00 0.0 0 13.8 25 210 M M 0 37 240
21 59 41 50 8 15 0 0.00 0.0 0 10.9 21 170 M M 5 31 160
22 51 43 47 5 18 0 0.03 0.0 0 5.4 14 170 M M 10 18 20 180
23 48 34 41 -2 24 0 0.12 0.0 0 5.8 17 340 M M 7 1 26 350
24 55 33 44 1 21 0 0.12 0.0 0 11.0 23 60 M M 4 8 31 60
25 49 33 41 -3 24 0 0.83 7.3 5 7.6 18 230 M M 5 1 25 310
26 55 32 44 0 21 0 0.04 0.0 1 6.9 21 330 M M 7 27 330
27 53 30 42 -2 23 0 0.00 0.0 0 4.4 13 70 M M 0 17 50
28 53 29 41 -4 24 0 0.00 0.0 0 6.2 17 270 M M 2 23 260
29 47 30 39 -6 26 0 0.00 0.0 0 8.8 21 300 M M 1 8 29 310
30 68 28 48 3 17 0 T 0.0 0 13.9 23 180 M M 5 37 160
31 70 42 56 10 9 0 0.53 0.0 0 13.0 37 270 M M 7 138 53 250
================================================================================
SM 1537 946 768 0 2.62 10.5 320.8 M 167
================================================================================
AV 49.6 30.5 10.3 FASTST M M 5 MAX(MPH)
MISC ----> 37 270 53 250
================================================================================
NOTES:
# LAST OF SEVERAL OCCURRENCES
COLUMN 17 PEAK WIND IN M.P.H.
PRELIMINARY LOCAL CLIMATOLOGICAL DATA (WS FORM: F-6) , PAGE 2
STATION: MOLINE IL
MONTH: MARCH
YEAR: 2023
LATITUDE: 41 27 N
LONGITUDE: 90 31 W
[TEMPERATURE DATA] [PRECIPITATION DATA] SYMBOLS USED IN COLUMN 16
AVERAGE MONTHLY: 40.0 TOTAL FOR MONTH: 2.62 1 = FOG OR MIST
DPTR FM NORMAL: 0.3 DPTR FM NORMAL: 0.00 2 = FOG REDUCING VISIBILITY
HIGHEST: 70 ON 31 GRTST 24HR 0.95 ON 24-25 TO 1/4 MILE OR LESS
LOWEST: 13 ON 18 3 = THUNDER
SNOW, ICE PELLETS, HAIL 4 = ICE PELLETS
TOTAL MONTH: 10.5 INCHES 5 = HAIL
GRTST 24HR 7.3 ON 25-25 6 = FREEZING RAIN OR DRIZZLE
GRTST DEPTH: 5 ON 25 7 = DUSTSTORM OR SANDSTORM:
VSBY 1/2 MILE OR LESS
8 = SMOKE OR HAZE
[NO. OF DAYS WITH] [WEATHER - DAYS WITH] 9 = BLOWING SNOW
X = TORNADO
MAX 32 OR BELOW: 1 0.01 INCH OR MORE: 10
MAX 90 OR ABOVE: 0 0.10 INCH OR MORE: 7
MIN 32 OR BELOW: 18 0.50 INCH OR MORE: 2
MIN 0 OR BELOW: 0 1.00 INCH OR MORE: 0
[HDD (BASE 65) ]
TOTAL THIS MO. 768 CLEAR (SCALE 0-3) 10
DPTR FM NORMAL -17 PTCLDY (SCALE 4-7) 13
TOTAL FM JUL 1 4930 CLOUDY (SCALE 8-10) 8
DPTR FM NORMAL -507
[CDD (BASE 65) ]
TOTAL THIS MO. 0
DPTR FM NORMAL -2 [PRESSURE DATA]
TOTAL FM JAN 1 0 HIGHEST SLP 30.48 ON 8
DPTR FM NORMAL -2 LOWEST SLP 29.16 ON 31
[REMARKS]
#FINAL-03-23#