000
CXUS53 KDVN 012138
CF6MLI
PRELIMINARY LOCAL CLIMATOLOGICAL DATA (WS FORM: F-6)
STATION: MOLINE IL
MONTH: JULY
YEAR: 2023
LATITUDE: 41 27 N
LONGITUDE: 90 31 W
TEMPERATURE IN F: :PCPN: SNOW: WIND :SUNSHINE: SKY :PK WND
================================================================================
1 2 3 4 5 6A 6B 7 8 9 10 11 12 13 14 15 16 17 18
12Z AVG MX 2MIN
DY MAX MIN AVG DEP HDD CDD WTR SNW DPTH SPD SPD DIR MIN PSBL S-S WX SPD DR
================================================================================
1 82 68 75 0 0 10 0.09 0.0 0 3.5 12 40 M M 5 1 15 220
2 85 71 78 3 0 13 0.34 0.0 0 4.8 15 30 M M 7 13 20 30
3 94 65 80 5 0 15 0.00 0.0 0 3.2 12 260 M M 0 18 18 270
4 93 70 82 7 0 17 0.00 0.0 0 4.0 12 150 M M 1 16 270
5 92 73 83 7 0 18 T 0.0 0 5.1 21 60 M M 3 3 26 160
6 83 60 72 -4 0 7 0.00 0.0 0 8.1 16 320 M M 1 22 300
7 81 55 68 -8 0 3 0.21 0.0 0 3.7 13 270 M M 4 13 15 50
8 84 61 73 -3 0 8 0.01 0.0 0 5.2 16 320 M M 5 3 22 320
9 85 59 72 -4 0 7 0.00 0.0 0 5.5 15 270 M M 0 24 310
10 91 58 75 -1 0 10 0.00 0.0 0 6.9 15 230 M M 0 23 250
11 93 69 81 5 0 16 0.01 0.0 0 5.6 15 280 M M 1 21 230
12 86 66 76 0 0 11 0.93 0.0 0 9.8 24 130 M M 5 13 36 140
13 88 64 76 0 0 11 0.00 0.0 0 4.6 15 200 M M 4 20 200
14 92 69 81 5 0 16 0.46 0.0 0 5.2 28 290 M M 2 13 41 280
15 87 68 78 2 0 13 0.01 0.0 0 8.0 18 300 M M 1 8 25 300
16 84 64 74 -2 0 9 0.00 0.0 0 4.8 15 280 M M 0 18 20 310
17 82 59 71 -5 0 6 0.00 0.0 0 5.5 17 310 M M 2 18 23 280
18 83 56 70 -6 0 5 0.00 0.0 0 2.7 9 50 M M 0 14 90
19 87 57 72 -4 0 7 0.00 0.0 0 4.2 14 160 M M 0 20 170
20 88 69 79 3 0 14 0.00 0.0 0 9.2 22 320 M M 1 32 300
21 83 61 72 -4 0 7 0.00 0.0 0 4.2 12 330 M M 1 16 30
22 86 58 72 -4 0 7 T 0.0 0 4.5 18 250 M M 2 38 35 330
23 89 61 75 -1 0 10 0.00 0.0 0 2.4 9 60 M M 2 12 110
24 91 62 77 2 0 12 0.00 0.0 0 2.3 10 100 M M 1 1 12 200
25 92 68 80 5 0 15 0.00 0.0 0 6.4 15 150 M M 1 8 21 170
26 96 73 85 10 0 20 T 0.0 0 5.5 14 190 M M 1 3 19 200
27 95 69 82 7 0 17 0.00 0.0 0 4.0 12 140 M M 0 1 18 120
28 96 71 84 9 0 19 0.46 0.0 0 8.1 37 320 M M 3 138 53 330
29 87 67 77 2 0 12 0.00 0.0 0 4.3 12 30 M M 4 17 20
30 85 64 75 0 0 10 0.00 0.0 0 4.7 13 30 M M 1 20 40
31 84 61 73 -2 0 8 0.00 0.0 0 2.7 10 120 M M 2 13 100
================================================================================
SM 2724 1996 0 353 2.52 0.0 158.7 M 60
================================================================================
AV 87.9 64.4 5.1 FASTST M M 2 MAX(MPH)
MISC ----> 37 320 53 330
================================================================================
NOTES:
# LAST OF SEVERAL OCCURRENCES
COLUMN 17 PEAK WIND IN M.P.H.
PRELIMINARY LOCAL CLIMATOLOGICAL DATA (WS FORM: F-6) , PAGE 2
STATION: MOLINE IL
MONTH: JULY
YEAR: 2023
LATITUDE: 41 27 N
LONGITUDE: 90 31 W
[TEMPERATURE DATA] [PRECIPITATION DATA] SYMBOLS USED IN COLUMN 16
AVERAGE MONTHLY: 76.1 TOTAL FOR MONTH: 2.52 1 = FOG OR MIST
DPTR FM NORMAL: 0.6 DPTR FM NORMAL: -1.71 2 = FOG REDUCING VISIBILITY
HIGHEST: 96 ON 28,26 GRTST 24HR 0.94 ON 11-12 TO 1/4 MILE OR LESS
LOWEST: 55 ON 7 3 = THUNDER
SNOW, ICE PELLETS, HAIL 4 = ICE PELLETS
TOTAL MONTH: 0.0 INCH 5 = HAIL
GRTST 24HR 0.0 6 = FREEZING RAIN OR DRIZZLE
GRTST DEPTH: 0 7 = DUSTSTORM OR SANDSTORM:
VSBY 1/2 MILE OR LESS
8 = SMOKE OR HAZE
[NO. OF DAYS WITH] [WEATHER - DAYS WITH] 9 = BLOWING SNOW
X = TORNADO
MAX 32 OR BELOW: 0 0.01 INCH OR MORE: 9
MAX 90 OR ABOVE: 11 0.10 INCH OR MORE: 5
MIN 32 OR BELOW: 0 0.50 INCH OR MORE: 1
MIN 0 OR BELOW: 0 1.00 INCH OR MORE: 0
[HDD (BASE 65) ]
TOTAL THIS MO. 0 CLEAR (SCALE 0-3) 23
DPTR FM NORMAL -2 PTCLDY (SCALE 4-7) 8
TOTAL FM JUL 1 0 CLOUDY (SCALE 8-10) 0
DPTR FM NORMAL 0
[CDD (BASE 65) ]
TOTAL THIS MO. 353
DPTR FM NORMAL 26 [PRESSURE DATA]
TOTAL FM JAN 1 721 HIGHEST SLP 30.15 ON 31
DPTR FM NORMAL 77 LOWEST SLP 29.68 ON 12
[REMARKS]
#FINAL-07-23#