000
CXUS51 KCAR 010600
CF6MLT
PRELIMINARY LOCAL CLIMATOLOGICAL DATA (WS FORM: F-6)
STATION: MILLINOCKET ME
MONTH: FEBRUARY
YEAR: 2020
LATITUDE: 45 39 N
LONGITUDE: 68 41 W
TEMPERATURE IN F: :PCPN: SNOW: WIND :SUNSHINE: SKY :PK WND
================================================================================
1 2 3 4 5 6A 6B 7 8 9 10 11 12 13 14 15 16 17 18
12Z AVG MX 2MIN
DY MAX MIN AVG DEP HDD CDD WTR SNW DPTH SPD SPD DIR MIN PSBL S-S WX SPD DR
================================================================================
1 34 15 25 11 40 0 0.00 M M 0.6 5 350 M M 8 7 40
2 31 21 26 12 39 0 T M M 4.7 12 310 M M 9 14 320
3 40 19 30 15 35 0 T M M 7.2 17 290 M M 7 26 300
4 35 21 28 13 37 0 0.00 M M 2.9 13 280 M M 6 20 290
5 32 12 22 7 43 0 0.00 M M 8.9 22 310 M M 2 28 310
6 22 12 17 1 48 0 0.12 M M 2.0 8 20 M M 8 1 13 10
7 24 17 21 5 44 0 0.79 M M 10.5 25 350 M M 10 1268 38 360
8 18 3 11 -5 54 0 T M M 10.6 21 300 M M 5 33 290
9 21 1 11 -5 54 0 0.00 M M 4.4 13 260 M M 1 19 250
10 31 12 22 5 43 0 0.23 M M 0.9 6 300 M M 9 12 10 280
11 30 9 20 3 45 0 0.11 M M 0.9 9 150 M M 7 18 14 160
12 36 21 29 12 36 0 0.00 M M 7.2 21 310 M M 4 30 310
13 33 8 21 3 44 0 0.06 M M 4.7 16 40 M M 9 1 20 350
14 8 -6 1 -17 64 0 0.00 M M 8.7 16 300 M M 2 8 23 300
15 19 -11 4 -14 61 0 0.00 M M 4.6 12 180 M M 0 18 250
16 30 5 18 -1 47 0 T M M 2.7 10 220 M M 9 20 240
17 29 3 16 -3 49 0 0.00 M M 7.2 20 300 M M 2 27 320
18 25 -8 9 -10 56 0 0.33 M M 1.9 9 130 M M 5 1 16 150
19 34 8 21 1 44 0 0.01 M M 12.3 30 300 M M 7 1 40 300
20 13 -1 6 -14 59 0 0.00 M M 10.7 20 310 M M 0 27 310
21 25 -4 11 -9 54 0 0.00 M M 4.8 14 300 M M 0 8 19 280
22 37 1 19 -2 46 0 0.00 M M 4.3 16 270 M M 2 8 25 270
23 46 11 29 8 36 0 0.00 M M 2.2 9 180 M M 0 14 160
24 51 12 32 10 33 0 0.00 M M 2.1 12 190 M M 2 12 20 200
25 47 27 37 15 28 0 0.00 M M 1.0 6 290 M M 4 1 9 60
26 43 25 34 12 31 0 0.00 M M 3.8 14 10 M M 7 17 20
27 36 23 30 8 35 0 0.61 M M 13.8 26 80 M M 9 12 36 60
28 28 10 19 -4 46 0 0.04 M M 4.2 17 260 M M 6 1 27 270
29 27 -1 13 -10 52 0 T M M 3.8 14 310 M M 4 18 320
================================================================================
SM 885 265 1303 0 2.30 M 153.6 M 144
================================================================================
AV 30.5 9.1 5.3 FASTST M M 5 MAX(MPH)
MISC ----> # 30 300 # 40 300
================================================================================
NOTES:
# LAST OF SEVERAL OCCURRENCES
COLUMN 17 PEAK WIND IN M.P.H.
PRELIMINARY LOCAL CLIMATOLOGICAL DATA (WS FORM: F-6) , PAGE 2
STATION: MILLINOCKET ME
MONTH: FEBRUARY
YEAR: 2020
LATITUDE: 45 39 N
LONGITUDE: 68 41 W
[TEMPERATURE DATA] [PRECIPITATION DATA] SYMBOLS USED IN COLUMN 16
AVERAGE MONTHLY: 19.8 TOTAL FOR MONTH: 2.30 1 = FOG OR MIST
DPTR FM NORMAL: 1.5 DPTR FM NORMAL: 0.12 2 = FOG REDUCING VISIBILITY
HIGHEST: 51 ON 24 GRTST 24HR 0.79 ON 7- 7 TO 1/4 MILE OR LESS
LOWEST: -11 ON 15 3 = THUNDER
SNOW, ICE PELLETS, HAIL 4 = ICE PELLETS
TOTAL MONTH: M 5 = HAIL
GRTST 24HR M ON M 6 = FREEZING RAIN OR DRIZZLE
GRTST DEPTH: M ON M 7 = DUSTSTORM OR SANDSTORM:
VSBY 1/2 MILE OR LESS
8 = SMOKE OR HAZE
[NO. OF DAYS WITH] [WEATHER - DAYS WITH] 9 = BLOWING SNOW
X = TORNADO
MAX 32 OR BELOW: 17 0.01 INCH OR MORE: 9
MAX 90 OR ABOVE: 0 0.10 INCH OR MORE: 6
MIN 32 OR BELOW: 29 0.50 INCH OR MORE: 2
MIN 0 OR BELOW: 6 1.00 INCH OR MORE: 0
[HDD (BASE 65) ]
TOTAL THIS MO. 1303 CLEAR (SCALE 0-3) 10
DPTR FM NORMAL -3 PTCLDY (SCALE 4-7) 12
TOTAL FM JUL 1 5729 CLOUDY (SCALE 8-10) 7
DPTR FM NORMAL -365
[CDD (BASE 65) ]
TOTAL THIS MO. 0
DPTR FM NORMAL 0 [PRESSURE DATA]
TOTAL FM JAN 1 0 HIGHEST SLP 30.58 ON 18
DPTR FM NORMAL 0 LOWEST SLP 28.96 ON 7
[REMARKS]
#FINAL-02-20#