000
CXUS56 KPQR 011200
CF6MMV
PRELIMINARY LOCAL CLIMATOLOGICAL DATA (WS FORM: F-6)
STATION: MCMINNVILLE OR
MONTH: APRIL
YEAR: 2020
LATITUDE: 45 11 N
LONGITUDE: 123 8 W
TEMPERATURE IN F: :PCPN: SNOW: WIND :SUNSHINE: SKY :PK WND
================================================================================
1 2 3 4 5 6A 6B 7 8 9 10 11 12 13 14 15 16 17 18
12Z AVG MX 2MIN
DY MAX MIN AVG DEP HDD CDD WTR SNW DPTH SPD SPD DIR MIN PSBL S-S WX SPD DR
================================================================================
1 50 37 44 -4 21 0 0.39 M M 5.1 14 200 M M 8 1 19 190
2 51 33 42 -6 23 0 0.09 M M 4.5 18 210 M M 6 18 29 210
3 50 31 41 -8 24 0 0.03 M M 2.8 16 230 M M 9 20 230
4 50 35 43 -6 22 0 0.15 M M 4.2 9 350 M M 10 1 11 100
5 64 41 53 4 12 0 0.01 M M 7.6 14 10 M M 4 20 320
6 60 38 49 0 16 0 0.00 M M 3.2 10 220 M M 5 14 220
7 62 34 48 -1 17 0 0.00 M M 3.3 12 360 M M 0 15 10
8 73 34 54 5 11 0 0.00 M M 5.0 13 360 M M 0 12 16 360
9 77 45 61 12 4 0 0.00 M M 8.1 16 10 M M 0 20 360
10 70 38 54 5 11 0 0.00 M M 5.5 14 230 M M 0 17 240
11 62 38 50 1 15 0 0.00 M M 3.8 12 30 M M 1 14 30
12 66 34 50 0 15 0 0.00 M M 7.1 15 40 M M 0 1 19 10
13 67 32 50 0 15 0 0.00 M M 6.5 16 20 M M 0 20 340
14 68 32 50 0 15 0 0.00 M M 5.6 22 210 M M 0 28 200
15 63 43 53 3 12 0 0.00 M M 4.6 10 210 M M 6 14 100
16 70 37 54 4 11 0 0.00 M M 9.9 21 60 M M 0 25 20
17 75 39 57 7 8 0 0.00 M M 4.2 13 220 M M 0 16 230
18 55 43 49 -1 16 0 0.14 M M 7.4 16 220 M M 7 18 20 210
19 62 41 52 2 13 0 0.00 M M 2.0 9 260 M M 6 13 270
20 70 35 53 2 12 0 0.00 M M 5.0 17 220 M M 1 12 23 230
21 62 39 51 0 14 0 0.00 M M 4.2 12 210 M M 5 15 200
22 59 47 53 2 12 0 0.38 M M 7.0 20 190 M M 10 1 23 170
23 63 46 55 4 10 0 0.00 M M 4.9 14 240 M M 4 18 240
24 64 47 56 5 9 0 0.09 M M 4.8 13 160 M M 8 1 15 190
25 65 43 54 2 11 0 0.26 M M 8.2 21 250 M M 4 1 24 250
26 65 36 51 -1 14 0 0.07 M M 3.7 14 260 M M 3 12 18 260
27 67 44 56 4 9 0 0.04 M M 8.2 17 270 M M 5 1 24 240
28 70 41 56 4 9 0 0.00 M M 3.0 9 360 M M 2 1 12 230
29 70 48 59 7 6 0 T M M 6.2 18 260 M M 6 1 22 260
30 64 42 53 1 12 0 0.00 M M 7.7 16 250 M M 2 21 230
================================================================================
SM 1914 1173 399 0 1.65 M 163.3 M 112
================================================================================
AV 63.8 39.1 5.4 FASTST M M 4 MAX(MPH)
MISC ----> # 22 210 # 29 210
================================================================================
NOTES:
# LAST OF SEVERAL OCCURRENCES
COLUMN 17 PEAK WIND IN M.P.H.
PRELIMINARY LOCAL CLIMATOLOGICAL DATA (WS FORM: F-6) , PAGE 2
STATION: MCMINNVILLE OR
MONTH: APRIL
YEAR: 2020
LATITUDE: 45 11 N
LONGITUDE: 123 8 W
[TEMPERATURE DATA] [PRECIPITATION DATA] SYMBOLS USED IN COLUMN 16
AVERAGE MONTHLY: 51.5 TOTAL FOR MONTH: 1.65 1 = FOG OR MIST
DPTR FM NORMAL: 1.3 DPTR FM NORMAL: -1.26 2 = FOG REDUCING VISIBILITY
HIGHEST: 77 ON 9 GRTST 24HR 0.39 ON 1- 1 TO 1/4 MILE OR LESS
LOWEST: 31 ON 3 3 = THUNDER
SNOW, ICE PELLETS, HAIL 4 = ICE PELLETS
TOTAL MONTH: M 5 = HAIL
GRTST 24HR M ON M 6 = FREEZING RAIN OR DRIZZLE
GRTST DEPTH: M ON M 7 = DUSTSTORM OR SANDSTORM:
VSBY 1/2 MILE OR LESS
8 = SMOKE OR HAZE
[NO. OF DAYS WITH] [WEATHER - DAYS WITH] 9 = BLOWING SNOW
X = TORNADO
MAX 32 OR BELOW: 0 0.01 INCH OR MORE: 11
MAX 90 OR ABOVE: 0 0.10 INCH OR MORE: 5
MIN 32 OR BELOW: 3 0.50 INCH OR MORE: 0
MIN 0 OR BELOW: 0 1.00 INCH OR MORE: 0
[HDD (BASE 65) ]
TOTAL THIS MO. 399 CLEAR (SCALE 0-3) 13
DPTR FM NORMAL -48 PTCLDY (SCALE 4-7) 14
TOTAL FM JUL 1 4259 CLOUDY (SCALE 8-10) 3
DPTR FM NORMAL -139
[CDD (BASE 65) ]
TOTAL THIS MO. 0
DPTR FM NORMAL 0 [PRESSURE DATA]
TOTAL FM JAN 1 0 HIGHEST SLP 30.40 ON 14
DPTR FM NORMAL 0 LOWEST SLP 29.52 ON 5
[REMARKS]
#FINAL-04-20#