000
CXUS55 KBOU 190900
CF6MNH
PRELIMINARY LOCAL CLIMATOLOGICAL DATA (WS FORM: F-6)
STATION: ELBERT 6W CO
MONTH: APRIL
YEAR: 2024
LATITUDE: 39 13 N
LONGITUDE: 104 38 W
TEMPERATURE IN F: :PCPN: SNOW: WIND :SUNSHINE: SKY :PK WND
================================================================================
1 2 3 4 5 6A 6B 7 8 9 10 11 12 13 14 15 16 17 18
12Z AVG MX 2MIN
DY MAX MIN AVG DEP HDD CDD WTR SNW DPTH SPD SPD DIR MIN PSBL S-S WX SPD DR
================================================================================
1 M M M M M M M M M 7.9 22 350 M M 9 28 29 350
2 39 23 31 M 34 0 M M M 12.0 22 320 M M 2 8 29 330
3 M M M M M M M M M 9.4 22 310 M M 2 29 310
4 61 59 60 M 5 0 M M M 10.0 17 160 M M 0 23 160
5 64 45 55 M 10 0 M M M 15.5 32 170 M M 0 44 170
6 46 30 38 M 27 0 M M M 20.1 28 260 M M 4 46 220
7 52 27 40 M 25 0 M M M 11.8 20 290 M M 1 28 280
8 45 25 35 M 30 0 M M M 6.6 13 200 M M 4 21 160
9 54 23 39 M 26 0 M M M 9.4 18 180 M M 3 26 170
10 50 30 40 M 25 0 M M M 6.1 15 340 M M 6 24 340
11 54 28 41 M 24 0 M M M 6.0 15 180 M M 4 18 180
12 68 34 51 M 14 0 M M M 10.0 21 160 M M 1 39 170
13 68 43 56 M 9 0 M M M 8.0 15 290 M M 2 23 240
14 70 36 53 M 12 0 M M M 11.3 21 160 M M 0 30 160
15 64 32 48 M 17 0 M M M 13.0 23 250 M M 1 38 240
16 59 32 46 M 19 0 M M M 14.9 30 320 M M 4 40 320
17 70 32 51 M 14 0 M M M 11.0 20 220 M M 4 1 26 170
18 32 28 30 M 35 0 M M M 8.4 13 150 M M 10 12 18 350
================================================================================
SM 896 527 326 0 M M 191.4 M 57
================================================================================
AV 56.0 32.9 10.6 FASTST M M 3 MAX(MPH)
MISC ----> 32 170 46 220
================================================================================
NOTES:
# LAST OF SEVERAL OCCURRENCES
COLUMN 17 PEAK WIND IN M.P.H.
PRELIMINARY LOCAL CLIMATOLOGICAL DATA (WS FORM: F-6) , PAGE 2
STATION: ELBERT 6W CO
MONTH: APRIL
YEAR: 2024
LATITUDE: 39 13 N
LONGITUDE: 104 38 W
[TEMPERATURE DATA] [PRECIPITATION DATA] SYMBOLS USED IN COLUMN 16
AVERAGE MONTHLY: 44.5 TOTAL FOR MONTH: M 1 = FOG OR MIST
DPTR FM NORMAL: 0.0 DPTR FM NORMAL: M 2 = FOG REDUCING VISIBILITY
HIGHEST: 70 ON 14,17 GRTST 24HR M ON M TO 1/4 MILE OR LESS
LOWEST: 23 ON 9, 2 3 = THUNDER
SNOW, ICE PELLETS, HAIL 4 = ICE PELLETS
TOTAL MONTH: M 5 = HAIL
GRTST 24HR M ON M 6 = FREEZING RAIN OR DRIZZLE
GRTST DEPTH: M ON M 7 = DUSTSTORM OR SANDSTORM:
VSBY 1/2 MILE OR LESS
8 = SMOKE OR HAZE
[NO. OF DAYS WITH] [WEATHER - DAYS WITH] 9 = BLOWING SNOW
X = TORNADO
MAX 32 OR BELOW: 1 0.01 INCH OR MORE: 0
MAX 90 OR ABOVE: 0 0.10 INCH OR MORE: 0
MIN 32 OR BELOW: 11 0.50 INCH OR MORE: 0
MIN 0 OR BELOW: 0 1.00 INCH OR MORE: 0
[HDD (BASE 65) ]
TOTAL THIS MO. 326 CLEAR (SCALE 0-3) 10
DPTR FM NORMAL M PTCLDY (SCALE 4-7) 6
TOTAL FM JUL 1 6003 CLOUDY (SCALE 8-10) 2
DPTR FM NORMAL M
[CDD (BASE 65) ]
TOTAL THIS MO. 0
DPTR FM NORMAL M [PRESSURE DATA]
TOTAL FM JAN 1 0 HIGHEST SLP M ON M
DPTR FM NORMAL M LOWEST SLP M ON M
[REMARKS]