000
CXUS54 KMOB 010737
CF6MOB
PRELIMINARY LOCAL CLIMATOLOGICAL DATA (WS FORM: F-6)
STATION: MOBILE
MONTH: FEBRUARY
YEAR: 2023
LATITUDE: 30 40 N
LONGITUDE: 88 15 W
TEMPERATURE IN F: :PCPN: SNOW: WIND :SUNSHINE: SKY :PK WND
================================================================================
1 2 3 4 5 6A 6B 7 8 9 10 11 12 13 14 15 16 17 18
12Z AVG MX 2MIN
DY MAX MIN AVG DEP HDD CDD WTR SNW DPTH SPD SPD DIR MIN PSBL S-S WX SPD DR
================================================================================
1 65 56 61 9 4 0 0.01 0.0 0 6.8 14 350 M M 10 18 19 20
2 57 50 54 2 11 0 0.06 0.0 0 7.8 20 350 M M 10 18 28 340
3 61 42 52 -1 13 0 0.01 0.0 0 15.2 23 10 M M 3 18 32 360
4 63 34 49 -4 16 0 0.00 0.0 0 5.1 16 10 M M 2 22 360
5 72 43 58 5 7 0 0.00 0.0 0 3.8 12 310 M M 4 1 18 300
6 72 42 57 4 8 0 0.00 0.0 0 3.9 12 140 M M 1 1 17 120
7 75 52 64 11 1 0 0.09 0.0 0 10.0 21 130 M M 6 28 120
8 77 65 71 17 0 6 0.00 0.0 0 11.9 20 140 M M 10 18 26 150
9 70 59 65 11 0 0 1.70 0.0 0 6.9 18 260 M M 10 138 36 250
10 60 52 56 2 9 0 0.14 0.0 0 8.2 15 80 M M 9 138 21 80
11 53 41 47 -7 18 0 0.73 0.0 0 9.0 17 270 M M 9 18 29 300
12 64 38 51 -3 14 0 0.01 0.0 0 8.2 20 320 M M 4 1 32 330
13 71 33 52 -3 13 0 0.00 0.0 0 3.2 14 200 M M 2 18 180
14 75 45 60 5 5 0 0.00 0.0 0 10.0 28 190 M M 5 37 180
15 78 65 72 17 0 7 0.00 0.0 0 11.7 20 190 M M 10 29 170
16 78 69 74 19 0 9 T 0.0 0 14.9 26 200 M M 10 18 37 190
17 74 38 56 0 9 0 0.28 0.0 0 14.2 28 350 M M 8 18 39 340
18 61 33 47 -9 18 0 0.00 0.0 0 5.5 16 20 M M 1 23 30
19 72 42 57 1 8 0 0.00 0.0 0 4.9 15 200 M M 4 18 200
20 78 51 65 9 0 0 T 0.0 0 10.0 20 190 M M 5 28 210
21 80 66 73 17 0 8 0.00 0.0 0 10.5 21 220 M M 8 18 30 210
22 82 70 76 19 0 11 T 0.0 0 15.5 30 180 M M 9 18 45 180
23 78 71 75 18 0 10 T M M 10.7 20 200 M M 10 18 28 190
24 83 70 77 20 0 12 0.00 0.0 0 6.9 16 220 M M 9 12 22 210
25 84 65 75 18 0 10 0.00 0.0 0 6.0 15 200 M M 8 18 22 200
26 82 65 74 17 0 9 0.00 0.0 0 5.8 17 190 M M 6 18 22 190
27 82 67 75 17 0 10 T 0.0 0 14.5 29 200 M M 7 8 40 230
28 85 70 78 20 0 13 0.00 0.0 0 7.1 18 210 M M 7 25 210
================================================================================
SM 2032 1494 154 105 3.03 0.0 248.2 M 187
================================================================================
AV 72.6 53.4 8.9 FASTST M M 7 MAX(MPH)
MISC ----> 30 180 45 180
================================================================================
NOTES:
# LAST OF SEVERAL OCCURRENCES
COLUMN 17 PEAK WIND IN M.P.H.
PRELIMINARY LOCAL CLIMATOLOGICAL DATA (WS FORM: F-6) , PAGE 2
STATION: MOBILE
MONTH: FEBRUARY
YEAR: 2023
LATITUDE: 30 40 N
LONGITUDE: 88 15 W
[TEMPERATURE DATA] [PRECIPITATION DATA] SYMBOLS USED IN COLUMN 16
AVERAGE MONTHLY: 63.0 TOTAL FOR MONTH: 3.03 1 = FOG OR MIST
DPTR FM NORMAL: 8.0 DPTR FM NORMAL: -1.44 2 = FOG REDUCING VISIBILITY
HIGHEST: 85 ON 28 GRTST 24HR 1.70 ON 9- 9 TO 1/4 MILE OR LESS
LOWEST: 33 ON 18,13 3 = THUNDER
SNOW, ICE PELLETS, HAIL 4 = ICE PELLETS
TOTAL MONTH: 0.0 INCH 5 = HAIL
GRTST 24HR 0.0 6 = FREEZING RAIN OR DRIZZLE
GRTST DEPTH: 0 7 = DUSTSTORM OR SANDSTORM:
VSBY 1/2 MILE OR LESS
8 = SMOKE OR HAZE
[NO. OF DAYS WITH] [WEATHER - DAYS WITH] 9 = BLOWING SNOW
X = TORNADO
MAX 32 OR BELOW: 0 0.01 INCH OR MORE: 9
MAX 90 OR ABOVE: 0 0.10 INCH OR MORE: 4
MIN 32 OR BELOW: 0 0.50 INCH OR MORE: 2
MIN 0 OR BELOW: 0 1.00 INCH OR MORE: 1
[HDD (BASE 65) ]
TOTAL THIS MO. 154 CLEAR (SCALE 0-3) 4
DPTR FM NORMAL -142 PTCLDY (SCALE 4-7) 11
TOTAL FM JUL 1 928 CLOUDY (SCALE 8-10) 13
DPTR FM NORMAL -455
[CDD (BASE 65) ]
TOTAL THIS MO. 105
DPTR FM NORMAL 89 [PRESSURE DATA]
TOTAL FM JAN 1 145 HIGHEST SLP 30.49 ON 4
DPTR FM NORMAL 126 LOWEST SLP 29.81 ON 27
[REMARKS]
#FINAL-02-23#