000
CXUS54 KMOB 012215
CF6MOB
PRELIMINARY LOCAL CLIMATOLOGICAL DATA (WS FORM: F-6)
STATION: MOBILE
MONTH: DECEMBER
YEAR: 2020
LATITUDE: 30 40 N
LONGITUDE: 88 15 W
TEMPERATURE IN F: :PCPN: SNOW: WIND :SUNSHINE: SKY :PK WND
================================================================================
1 2 3 4 5 6A 6B 7 8 9 10 11 12 13 14 15 16 17 18
12Z AVG MX 2MIN
DY MAX MIN AVG DEP HDD CDD WTR SNW DPTH SPD SPD DIR MIN PSBL S-S WX SPD DR
================================================================================
1 55 26 41 -14 24 0 0.00 0.0 0 3.1 10 330 M M 0 15 340
2 59 26 43 -12 22 0 0.00 0.0 0 5.6 13 50 M M 2 18 80
3 66 43 55 0 10 0 0.00 0.0 0 8.5 15 100 M M 7 24 90
4 69 37 53 -2 12 0 1.27 0.0 0 7.2 16 350 M M 7 18 22 310
5 60 34 47 -7 18 0 0.00 0.0 0 4.2 13 360 M M 2 1 17 10
6 61 44 53 -1 12 0 0.13 0.0 0 2.3 9 200 M M 6 1 14 250
7 56 33 45 -9 20 0 0.00 0.0 0 8.4 24 330 M M 1 1 34 330
8 61 30 46 -8 19 0 0.00 0.0 0 2.7 9 260 M M 0 1 15 240
9 70 38 54 0 11 0 0.00 0.0 0 3.9 12 210 M M 1 1 17 220
10 71 39 55 2 10 0 0.00 0.0 0 2.7 10 200 M M 1 12 17 220
11 73 47 60 7 5 0 0.00 0.0 0 5.2 16 120 M M 5 1 23 110
12 72 59 66 13 0 1 0.14 0.0 0 8.4 23 190 M M 8 12 33 170
13 71 55 63 10 2 0 T 0.0 0 9.6 24 200 M M 8 12 36 210
14 70 41 56 4 9 0 0.19 0.0 0 13.1 25 200 M M 10 1 39 310
15 57 35 46 -6 19 0 0.05 0.0 0 5.4 14 350 M M 6 18 17 20
16 53 40 47 -5 18 0 0.07 0.0 0 9.9 18 360 M M 10 1 29 330
17 46 29 38 -14 27 0 0.00 0.0 0 8.3 20 340 M M 6 25 350
18 56 27 42 -10 23 0 0.00 0.0 0 3.5 13 30 M M 0 1 18 190
19 63 32 48 -4 17 0 0.27 0.0 0 7.8 20 100 M M 6 1 27 100
20 58 49 54 2 11 0 0.05 0.0 0 7.0 18 120 M M 10 1 25 100
21 64 41 53 1 12 0 0.00 0.0 0 4.2 10 290 M M 5 1 17 300
22 69 35 52 1 13 0 0.00 0.0 0 3.1 12 60 M M 2 1 15 20
23 71 42 57 6 8 0 T 0.0 0 8.0 22 170 M M 6 1 31 140
24 67 31 49 -2 16 0 2.07 0.0 0 11.8 28 340 M M 7 13 41 340
25 49 26 38 -13 27 0 0.00 0.0 0 5.5 21 340 M M 0 25 300
26 53 26 40 -11 25 0 0.00 0.0 0 1.2 7 320 M M 1 10 340
27 62 30 46 -5 19 0 0.00 0.0 0 3.9 15 150 M M 0 19 150
28 68 40 54 3 11 0 0.00 0.0 0 2.0 9 110 M M 2 1 13 140
29 69 42 56 5 9 0 0.00 0.0 0 6.0 14 140 M M 3 12 23 150
30 72 54 63 12 2 0 0.00 0.0 0 10.4 23 130 M M 7 1 33 120
31 76 60 68 18 0 3 0.37 0.0 0 13.3 29 130 M M 9 18 43 140
================================================================================
SM 1967 1191 431 4 4.61 0.0 196.2 M 138
================================================================================
AV 63.5 38.4 6.3 FASTST M M 4 MAX(MPH)
MISC ----> 29 130 43 140
================================================================================
NOTES:
# LAST OF SEVERAL OCCURRENCES
COLUMN 17 PEAK WIND IN M.P.H.
PRELIMINARY LOCAL CLIMATOLOGICAL DATA (WS FORM: F-6) , PAGE 2
STATION: MOBILE
MONTH: DECEMBER
YEAR: 2020
LATITUDE: 30 40 N
LONGITUDE: 88 15 W
[TEMPERATURE DATA] [PRECIPITATION DATA] SYMBOLS USED IN COLUMN 16
AVERAGE MONTHLY: 50.9 TOTAL FOR MONTH: 4.61 1 = FOG OR MIST
DPTR FM NORMAL: -1.5 DPTR FM NORMAL: -0.45 2 = FOG REDUCING VISIBILITY
HIGHEST: 76 ON 31 GRTST 24HR 2.07 ON 23-24 TO 1/4 MILE OR LESS
LOWEST: 26 ON 26,25 3 = THUNDER
SNOW, ICE PELLETS, HAIL 4 = ICE PELLETS
TOTAL MONTH: 0.0 INCH 5 = HAIL
GRTST 24HR 0.0 6 = FREEZING RAIN OR DRIZZLE
GRTST DEPTH: 0 7 = DUSTSTORM OR SANDSTORM:
VSBY 1/2 MILE OR LESS
8 = SMOKE OR HAZE
[NO. OF DAYS WITH] [WEATHER - DAYS WITH] 9 = BLOWING SNOW
X = TORNADO
MAX 32 OR BELOW: 0 0.01 INCH OR MORE: 10
MAX 90 OR ABOVE: 0 0.10 INCH OR MORE: 7
MIN 32 OR BELOW: 10 0.50 INCH OR MORE: 2
MIN 0 OR BELOW: 0 1.00 INCH OR MORE: 2
[HDD (BASE 65) ]
TOTAL THIS MO. 431 CLEAR (SCALE 0-3) 14
DPTR FM NORMAL 27 PTCLDY (SCALE 4-7) 12
TOTAL FM JUL 1 574 CLOUDY (SCALE 8-10) 5
DPTR FM NORMAL -89
[CDD (BASE 65) ]
TOTAL THIS MO. 4
DPTR FM NORMAL -11 [PRESSURE DATA]
TOTAL FM JAN 1 2637 HIGHEST SLP 30.45 ON 18
DPTR FM NORMAL 119 LOWEST SLP 29.75 ON 24
[REMARKS]
#FINAL-12-20#