000
CXUS51 KPHI 010915
CF6MPO
PRELIMINARY LOCAL CLIMATOLOGICAL DATA (WS FORM: F-6)
STATION: MOUNT POCONO PA
MONTH: NOVEMBER
YEAR: 2020
LATITUDE: 41 8 N
LONGITUDE: 75 24 W
TEMPERATURE IN F: :PCPN: SNOW: WIND :SUNSHINE: SKY :PK WND
================================================================================
1 2 3 4 5 6A 6B 7 8 9 10 11 12 13 14 15 16 17 18
12Z AVG MX 2MIN
DY MAX MIN AVG DEP HDD CDD WTR SNW DPTH SPD SPD DIR MIN PSBL S-S WX SPD DR
================================================================================
1 46 30 38 -6 27 0 0.28 M M 12.4 33 270 M M 9 12 44 270
2 36 29 33 -11 32 0 T M M 23.0 40 280 M M 5 1 53 270
3 48 29 39 -4 26 0 0.00 M M 13.9 31 270 M M 2 42 270
4 59 28 44 1 21 0 0.00 M M 6.4 17 210 M M 0 24 200
5 63 46 55 13 10 0 0.00 M M 8.7 21 230 M M 0 28 230
6 66 44 55 13 10 0 0.00 M M 8.6 17 260 M M 0 21 270
7 71 38 55 13 10 0 0.00 M M 7.4 14 280 M M 0 18 270
8 74 36 55 13 10 0 0.00 M M 3.7 8 270 M M 0 9 140
9 72 40 56 15 9 0 0.00 M M 4.6 10 250 M M 0 1 15 260
10 69 50 60 19 5 0 0.00 M M 8.4 18 210 M M 1 1 22 200
11 63 58 61 21 4 0 0.34 M M 10.2 21 210 M M 10 12 27 200
12 61 33 47 7 18 0 0.02 M M 12.1 24 330 M M 9 1 31 320
13 48 33 41 1 24 0 0.01 M M 6.9 17 330 M M 6 1 22 320
14 44 24 34 -5 31 0 0.00 M M 6.5 17 310 M M 2 24 320
15 54 24 39 0 26 0 0.48 M M 12.9 40 240 M M 7 1 56 250
16 43 29 36 -3 29 0 0.00 M M 15.3 32 270 M M 2 45 270
17 37 25 31 -7 34 0 0.01 M M 14.2 29 300 M M 7 1 43 290
18 27 15 21 -17 44 0 T M M 14.3 32 310 M M 5 40 310
19 41 14 28 -9 37 0 0.00 M M 8.5 22 220 M M 0 29 210
20 59 35 47 10 18 0 0.00 M M 10.3 16 270 M M 1 22 220
21 51 33 42 5 23 0 0.00 M M 10.0 16 320 M M 5 23 320
22 45 32 39 3 26 0 0.08 M M 8.1 14 110 M M 10 12 19 100
23 51 34 43 7 22 0 0.06 M M 16.2 35 310 M M 9 12 48 310
24 39 27 33 -2 32 0 0.00 M M 8.9 23 310 M M 6 34 290
25 44 32 38 3 27 0 0.02 M M 8.9 18 190 M M 5 28 180
26 56 43 50 15 15 0 0.20 M M 8.8 22 250 M M 9 12 31 270
27 50 40 45 11 20 0 0.00 M M 6.6 15 270 M M 10 20 270
28 47 32 40 6 25 0 T M M 9.4 22 270 M M 6 26 290
29 49 29 39 6 26 0 0.00 M M 7.5 15 270 M M 0 19 270
30 55 39 47 14 18 0 1.62 M M 7.0 16 260 M M 8 123 21 90
================================================================================
SM 1568 1001 659 0 3.12 M 299.7 M 134
================================================================================
AV 52.3 33.4 10.0 FASTST M M 4 MAX(MPH)
MISC ----> # 40 280 56 250
================================================================================
NOTES:
# LAST OF SEVERAL OCCURRENCES
COLUMN 17 PEAK WIND IN M.P.H.
PRELIMINARY LOCAL CLIMATOLOGICAL DATA (WS FORM: F-6) , PAGE 2
STATION: MOUNT POCONO PA
MONTH: NOVEMBER
YEAR: 2020
LATITUDE: 41 8 N
LONGITUDE: 75 24 W
[TEMPERATURE DATA] [PRECIPITATION DATA] SYMBOLS USED IN COLUMN 16
AVERAGE MONTHLY: 42.8 TOTAL FOR MONTH: 3.12 1 = FOG OR MIST
DPTR FM NORMAL: 4.2 DPTR FM NORMAL: -1.49 2 = FOG REDUCING VISIBILITY
HIGHEST: 74 ON 8 GRTST 24HR 1.62 ON 30-30 TO 1/4 MILE OR LESS
LOWEST: 14 ON 19 3 = THUNDER
SNOW, ICE PELLETS, HAIL 4 = ICE PELLETS
TOTAL MONTH: M 5 = HAIL
GRTST 24HR M ON M 6 = FREEZING RAIN OR DRIZZLE
GRTST DEPTH: M ON M 7 = DUSTSTORM OR SANDSTORM:
VSBY 1/2 MILE OR LESS
8 = SMOKE OR HAZE
[NO. OF DAYS WITH] [WEATHER - DAYS WITH] 9 = BLOWING SNOW
X = TORNADO
MAX 32 OR BELOW: 1 0.01 INCH OR MORE: 11
MAX 90 OR ABOVE: 0 0.10 INCH OR MORE: 5
MIN 32 OR BELOW: 15 0.50 INCH OR MORE: 1
MIN 0 OR BELOW: 0 1.00 INCH OR MORE: 1
[HDD (BASE 65) ]
TOTAL THIS MO. 659 CLEAR (SCALE 0-3) 13
DPTR FM NORMAL -132 PTCLDY (SCALE 4-7) 10
TOTAL FM JUL 1 1367 CLOUDY (SCALE 8-10) 7
DPTR FM NORMAL -212
[CDD (BASE 65) ]
TOTAL THIS MO. 0
DPTR FM NORMAL 0 [PRESSURE DATA]
TOTAL FM JAN 1 424 HIGHEST SLP 30.58 ON 18
DPTR FM NORMAL 110 LOWEST SLP 29.34 ON 30
[REMARKS]
#FINAL-11-20#