000
CXUS51 KLWX 010815
CF6MRB
PRELIMINARY LOCAL CLIMATOLOGICAL DATA (WS FORM: F-6)
STATION: MARTINSBURG WV
MONTH: MARCH
YEAR: 2023
LATITUDE: 39 24 N
LONGITUDE: 77 58 W
TEMPERATURE IN F: :PCPN: SNOW: WIND :SUNSHINE: SKY :PK WND
================================================================================
1 2 3 4 5 6A 6B 7 8 9 10 11 12 13 14 15 16 17 18
12Z AVG MX 2MIN
DY MAX MIN AVG DEP HDD CDD WTR SNW DPTH SPD SPD DIR MIN PSBL S-S WX SPD DR
================================================================================
1 60 27 44 6 21 0 0.00 M M 6.7 23 150 M M 1 30 180
2 60 43 52 14 13 0 0.03 M M 6.2 18 300 M M 3 26 290
3 48 34 41 2 24 0 0.78 M M 5.8 20 90 M M 6 1 24 90
4 51 31 41 2 24 0 0.00 M M 11.5 32 290 M M 6 1 43 300
5 59 26 43 4 22 0 0.00 M M 7.1 24 280 M M 0 32 280
6 56 27 42 2 23 0 T M M 3.4 10 360 M M 0 16 90
7 50 33 42 2 23 0 T M M 16.5 29 330 M M 4 39 300
8 51 30 41 1 24 0 0.00 M M 12.7 26 320 M M 0 37 320
9 54 30 42 2 23 0 0.00 M M 5.6 16 330 M M 0 21 340
10 43 31 37 -4 28 0 0.14 M M 5.8 21 280 M M 8 18 30 280
11 45 33 39 -2 26 0 0.00 M M 14.2 28 290 M M 8 38 290
12 35 25 30 -11 35 0 0.08 M M 3.0 10 150 M M 6 1 14 150
13 45 31 38 -4 27 0 0.02 T 0 6.2 28 290 M M 9 1 34 290
14 38 28 33 -9 32 0 0.00 0.0 0 19.9 33 300 M M 6 46 310
15 48 28 38 -4 27 0 0.00 0.0 0 16.2 26 310 M M 3 36 310
16 63 25 44 1 21 0 0.00 M M 4.4 12 200 M M 0 16 240
17 58 42 50 7 15 0 0.12 M M 7.1 26 310 M M 7 1 33 310
18 49 33 41 -2 24 0 0.00 M M 15.5 26 270 M M 4 35 260
19 39 21 30 -14 35 0 0.00 M M 14.2 26 280 M M 2 34 310
20 51 20 36 -8 29 0 0.00 M M 4.0 13 280 M M 0 18 260
21 60 22 41 -3 24 0 0.00 M M 2.5 13 210 M M 0 8 18 170
22 65 39 52 7 13 0 0.00 M M 5.4 16 190 M M 6 25 190
23 73 49 61 16 4 0 0.05 M M 6.5 20 250 M M 7 1 28 230
24 60 42 51 6 14 0 0.53 M M 5.3 14 30 M M 10 1 20 350
25 57 38 48 2 17 0 0.25 M M 5.6 28 270 M M 7 13 32 270
26 65 40 53 7 12 0 0.00 M M 12.4 30 280 M M 0 39 270
27 61 36 49 3 16 0 0.00 M M 5.8 18 310 M M 3 26 340
28 54 39 47 0 18 0 0.00 M M 6.9 18 330 M M 5 28 340
29 58 31 45 -2 20 0 0.01 M M 8.4 25 270 M M 3 30 250
30 53 29 41 -7 24 0 0.00 M M 5.1 18 340 M M 2 8 25 330
31 58 30 44 -4 21 0 T M M 5.0 22 200 M M 4 35 210
================================================================================
SM 1667 993 679 0 2.01 T 254.9 M 120
================================================================================
AV 53.8 32.0 8.2 FASTST M M 4 MAX(MPH)
MISC ----> 33 300 46 310
================================================================================
NOTES:
# LAST OF SEVERAL OCCURRENCES
COLUMN 17 PEAK WIND IN M.P.H.
PRELIMINARY LOCAL CLIMATOLOGICAL DATA (WS FORM: F-6) , PAGE 2
STATION: MARTINSBURG WV
MONTH: MARCH
YEAR: 2023
LATITUDE: 39 24 N
LONGITUDE: 77 58 W
[TEMPERATURE DATA] [PRECIPITATION DATA] SYMBOLS USED IN COLUMN 16
AVERAGE MONTHLY: 42.9 TOTAL FOR MONTH: 2.01 1 = FOG OR MIST
DPTR FM NORMAL: 0.1 DPTR FM NORMAL: -1.41 2 = FOG REDUCING VISIBILITY
HIGHEST: 73 ON 23 GRTST 24HR 0.78 ON 3- 3 TO 1/4 MILE OR LESS
LOWEST: 20 ON 20 3 = THUNDER
SNOW, ICE PELLETS, HAIL 4 = ICE PELLETS
TOTAL MONTH: T 5 = HAIL
GRTST 24HR T ON 13-13 6 = FREEZING RAIN OR DRIZZLE
GRTST DEPTH: 0 7 = DUSTSTORM OR SANDSTORM:
VSBY 1/2 MILE OR LESS
8 = SMOKE OR HAZE
[NO. OF DAYS WITH] [WEATHER - DAYS WITH] 9 = BLOWING SNOW
X = TORNADO
MAX 32 OR BELOW: 0 0.01 INCH OR MORE: 10
MAX 90 OR ABOVE: 0 0.10 INCH OR MORE: 5
MIN 32 OR BELOW: 18 0.50 INCH OR MORE: 2
MIN 0 OR BELOW: 0 1.00 INCH OR MORE: 0
[HDD (BASE 65) ]
TOTAL THIS MO. 679 CLEAR (SCALE 0-3) 15
DPTR FM NORMAL -9 PTCLDY (SCALE 4-7) 14
TOTAL FM JUL 1 3920 CLOUDY (SCALE 8-10) 2
DPTR FM NORMAL -514
[CDD (BASE 65) ]
TOTAL THIS MO. 0
DPTR FM NORMAL -1 [PRESSURE DATA]
TOTAL FM JAN 1 0 HIGHEST SLP 30.43 ON 21
DPTR FM NORMAL -1 LOWEST SLP 29.31 ON 4
[REMARKS]
#FINAL-03-23#