000
CXUS54 KMAF 011110
CF6MRF
PRELIMINARY LOCAL CLIMATOLOGICAL DATA (WS FORM: F-6)
STATION: MARFA
MONTH: SEPTEMBER
YEAR: 2022
LATITUDE: 30 22 N
LONGITUDE: 104 1 W
TEMPERATURE IN F: :PCPN: SNOW: WIND :SUNSHINE: SKY :PK WND
================================================================================
1 2 3 4 5 6A 6B 7 8 9 10 11 12 13 14 15 16 17 18
12Z AVG MX 2MIN
DY MAX MIN AVG DEP HDD CDD WTR SNW DPTH SPD SPD DIR MIN PSBL S-S WX SPD DR
================================================================================
1 72 63 68 M 0 3 0.10 M M 6.0 15 190 M M 9 1 20 190
2 76 64 70 M 0 5 0.29 M M 4.1 12 20 M M 7 13 20 300
3 78 62 70 M 0 5 0.01 M M 8.3 17 50 M M 4 23 50
4 78 58 68 M 0 3 M M M 9.5 17 70 M M 2 22 60
5 83 53 68 M 0 3 M M M 7.4 17 120 M M 0 26 120
6 83 52 68 M 0 3 M M M 6.6 15 80 M M 1 30 70
7 82 55 69 M 0 4 M M M 8.2 17 20 M M 0 22 350
8 81 52 67 M 0 2 M M M 5.0 10 360 M M 0 M M
9 85 55 70 M 0 5 M M M 5.1 12 150 M M 0 16 160
10 85 54 70 M 0 5 T M M 5.7 18 80 M M 1 22 80
11 75 55 65 M 0 0 M M M 11.4 22 10 M M 0 26 20
12 80 54 67 M 0 2 0.36 M M 5.7 16 250 M M 2 3 23 170
13 81 54 68 M 0 3 0.02 M M 5.5 23 350 M M 3 28 350
14 81 57 69 M 0 4 0.18 M M 7.5 21 20 M M 4 3 22 170
15 83 53 68 M 0 3 M M M 6.5 10 100 M M 0 M M
16 85 56 71 M 0 6 M M M 5.5 12 110 M M 1 M M
17 85 55 70 M 0 5 M M M 5.6 10 110 M M 1 16 170
18 84 56 70 M 0 5 M M M 6.9 13 130 M M 0 18 120
19 84 58 71 M 0 6 M M M 6.7 12 120 M M 2 16 150
20 84 57 71 M 0 6 M M M 6.8 13 170 M M 1 17 190
21 86 53 70 M 0 5 M M M 5.3 10 100 M M 2 M M
22 85 54 70 M 0 5 M M M 5.4 15 50 M M 1 16 80
23 84 50 67 M 0 2 M M M 6.1 10 140 M M 0 M M
24 88 49 69 M 0 4 M M M 5.4 12 30 M M 0 17 270
25 86 54 70 M 0 5 M M M 9.1 21 40 M M 4 30 60
26 80 55 68 M 0 3 M M M 11.1 17 70 M M 2 28 70
27 81 49 65 M 0 0 M M M 8.2 16 80 M M 1 18 150
28 78 41 60 M 5 0 M M M 8.8 15 90 M M 0 24 90
29 77 43 60 M 5 0 M M M 8.5 15 140 M M 0 20 110
30 79 45 62 M 3 0 M M M 6.7 12 120 M M 0 M M
================================================================================
SM 2449 1616 13 102 0.96 M 208.4 M 48
================================================================================
AV 81.6 53.9 6.9 FASTST M M 2 MAX(MPH)
MISC ----> 23 350 # 30 70
================================================================================
NOTES:
# LAST OF SEVERAL OCCURRENCES
COLUMN 17 PEAK WIND IN M.P.H.
PRELIMINARY LOCAL CLIMATOLOGICAL DATA (WS FORM: F-6) , PAGE 2
STATION: MARFA
MONTH: SEPTEMBER
YEAR: 2022
LATITUDE: 30 22 N
LONGITUDE: 104 1 W
[TEMPERATURE DATA] [PRECIPITATION DATA] SYMBOLS USED IN COLUMN 16
AVERAGE MONTHLY: 67.8 TOTAL FOR MONTH: 0.96 1 = FOG OR MIST
DPTR FM NORMAL: 0.0 DPTR FM NORMAL: M 2 = FOG REDUCING VISIBILITY
HIGHEST: 88 ON 24 GRTST 24HR 0.36 ON 12-12 TO 1/4 MILE OR LESS
LOWEST: 41 ON 28 3 = THUNDER
SNOW, ICE PELLETS, HAIL 4 = ICE PELLETS
TOTAL MONTH: M 5 = HAIL
GRTST 24HR M ON M 6 = FREEZING RAIN OR DRIZZLE
GRTST DEPTH: M ON M 7 = DUSTSTORM OR SANDSTORM:
VSBY 1/2 MILE OR LESS
8 = SMOKE OR HAZE
[NO. OF DAYS WITH] [WEATHER - DAYS WITH] 9 = BLOWING SNOW
X = TORNADO
MAX 32 OR BELOW: 0 0.01 INCH OR MORE: 6
MAX 90 OR ABOVE: 0 0.10 INCH OR MORE: 4
MIN 32 OR BELOW: 0 0.50 INCH OR MORE: 0
MIN 0 OR BELOW: 0 1.00 INCH OR MORE: 0
[HDD (BASE 65) ]
TOTAL THIS MO. 13 CLEAR (SCALE 0-3) 24
DPTR FM NORMAL M PTCLDY (SCALE 4-7) 5
TOTAL FM JUL 1 13 CLOUDY (SCALE 8-10) 1
DPTR FM NORMAL M
[CDD (BASE 65) ]
TOTAL THIS MO. 102
DPTR FM NORMAL M [PRESSURE DATA]
TOTAL FM JAN 1 1350 HIGHEST SLP M ON M
DPTR FM NORMAL M LOWEST SLP M ON M
[REMARKS]
#FINAL-09-22#