000
CXUS52 KMHX 010600
CF6MRH
PRELIMINARY LOCAL CLIMATOLOGICAL DATA (WS FORM: F-6)
STATION: BEAUFORT/SMITH FIELD NC
MONTH: OCTOBER
YEAR: 2022
LATITUDE: 34 43 N
LONGITUDE: 76 39 W
TEMPERATURE IN F: :PCPN: SNOW: WIND :SUNSHINE: SKY :PK WND
================================================================================
1 2 3 4 5 6A 6B 7 8 9 10 11 12 13 14 15 16 17 18
12Z AVG MX 2MIN
DY MAX MIN AVG DEP HDD CDD WTR SNW DPTH SPD SPD DIR MIN PSBL S-S WX SPD DR
================================================================================
1 75 65 70 -1 0 5 T 0.0 0 12.9 23 210 M M 5 29 210
2 74 63 69 -2 0 4 0.00 0.0 0 7.7 14 310 M M 7 16 310
3 65 53 59 -11 6 0 T 0.0 0 15.0 23 340 M M 10 1 29 340
4 66 51 59 -11 6 0 0.00 0.0 0 10.2 18 330 M M 8 23 360
5 73 53 63 -7 2 0 0.00 0.0 0 8.7 17 290 M M 1 21 290
6 76 54 65 -4 0 0 0.00 0.0 0 5.3 13 220 M M 0 15 220
7 79 63 71 2 0 6 0.00 0.0 0 7.1 14 200 M M 0 17 200
8 72 55 64 -5 1 0 0.00 0.0 0 8.2 17 20 M M 1 24 50
9 69 53 61 -7 4 0 0.00 0.0 0 4.8 14 80 M M 0 17 70
10 73 53 63 -5 2 0 0.00 0.0 0 5.2 13 60 M M 6 17 50
11 73 57 65 -3 0 0 0.00 0.0 0 5.9 13 60 M M 0 18 70
12 78 58 68 1 0 3 0.00 0.0 0 5.1 9 100 M M 0 1 12 120
13 77 65 71 4 0 6 0.73 0.0 0 6.1 28 210 M M 4 13 38 220
14 72 60 66 -1 0 1 0.00 0.0 0 6.3 16 30 M M 7 20 30
15 73 52 63 -3 2 0 0.00 0.0 0 6.2 14 220 M M 1 12 17 230
16 78 59 69 3 0 4 0.00 0.0 0 8.2 14 230 M M 0 18 250
17 78 71 75 9 0 10 0.00 0.0 0 15.0 24 210 M M 0 30 210
18 73 50 62 -3 3 0 0.00 0.0 0 10.3 17 350 M M 6 3 23 350
19 61 43 52 -13 13 0 0.00 0.0 0 10.6 21 330 M M 0 26 330
20 64 39 52 -12 13 0 0.00 0.0 0 2.2 10 160 M M 0 13 150
21 69 48 59 -5 6 0 0.00 0.0 0 6.5 15 10 M M 7 18 10
22 75 57 66 2 0 1 0.00 0.0 0 11.8 21 20 M M 1 26 50
23 63 59 61 -3 4 0 0.39 0.0 0 12.7 21 330 M M 9 1 24 320
24 64 59 62 -1 3 0 0.00 0.0 0 6.7 14 320 M M 10 17 350
25 66 59 63 0 2 0 0.00 0.0 0 7.3 13 350 M M 10 1 15 350
26 73 61 67 5 0 2 0.00 0.0 0 4.1 12 200 M M 7 12 14 220
27 72 61 67 5 0 2 T 0.0 0 12.7 22 20 M M 5 28 10
28 69 61 65 3 0 0 0.03 0.0 0 13.7 20 20 M M 10 1 27 10
29 72 58 65 3 0 0 0.05 0.0 0 14.3 22 20 M M 8 1 29 10
30 71 54 63 2 2 0 0.00 0.0 0 7.6 15 20 M M 6 1 19 20
31 75 60 68 7 0 3 0.01 0.0 0 5.6 10 60 M M 6 13 40
================================================================================
SM 2218 1754 69 47 1.21 0.0 264.0 M 135
================================================================================
AV 71.5 56.6 8.5 FASTST M M 4 MAX(MPH)
MISC ----> 28 210 38 220
================================================================================
NOTES:
# LAST OF SEVERAL OCCURRENCES
COLUMN 17 PEAK WIND IN M.P.H.
PRELIMINARY LOCAL CLIMATOLOGICAL DATA (WS FORM: F-6) , PAGE 2
STATION: BEAUFORT/SMITH FIELD NC
MONTH: OCTOBER
YEAR: 2022
LATITUDE: 34 43 N
LONGITUDE: 76 39 W
[TEMPERATURE DATA] [PRECIPITATION DATA] SYMBOLS USED IN COLUMN 16
AVERAGE MONTHLY: 64.1 TOTAL FOR MONTH: 1.21 1 = FOG OR MIST
DPTR FM NORMAL: -1.9 DPTR FM NORMAL: -2.93 2 = FOG REDUCING VISIBILITY
HIGHEST: 79 ON 7 GRTST 24HR 0.96 ON 30- 1 TO 1/4 MILE OR LESS
LOWEST: 39 ON 20 3 = THUNDER
SNOW, ICE PELLETS, HAIL 4 = ICE PELLETS
TOTAL MONTH: 0.0 INCH 5 = HAIL
GRTST 24HR 0.0 6 = FREEZING RAIN OR DRIZZLE
GRTST DEPTH: 0 7 = DUSTSTORM OR SANDSTORM:
VSBY 1/2 MILE OR LESS
8 = SMOKE OR HAZE
[NO. OF DAYS WITH] [WEATHER - DAYS WITH] 9 = BLOWING SNOW
X = TORNADO
MAX 32 OR BELOW: 0 0.01 INCH OR MORE: 5
MAX 90 OR ABOVE: 0 0.10 INCH OR MORE: 2
MIN 32 OR BELOW: 0 0.50 INCH OR MORE: 1
MIN 0 OR BELOW: 0 1.00 INCH OR MORE: 0
[HDD (BASE 65) ]
TOTAL THIS MO. 69 CLEAR (SCALE 0-3) 13
DPTR FM NORMAL -9 PTCLDY (SCALE 4-7) 12
TOTAL FM JUL 1 71 CLOUDY (SCALE 8-10) 6
DPTR FM NORMAL -9
[CDD (BASE 65) ]
TOTAL THIS MO. 47
DPTR FM NORMAL -61 [PRESSURE DATA]
TOTAL FM JAN 1 2137 HIGHEST SLP M ON M
DPTR FM NORMAL 179 LOWEST SLP 29.61 ON 18
[REMARKS]
#FINAL-10-22#