640
CXUS56 KMTR 110851
CF6MRY
PRELIMINARY LOCAL CLIMATOLOGICAL DATA (WS FORM: F-6)
STATION: MONTEREY AIRPORT
MONTH: FEBRUARY
YEAR: 2021
LATITUDE: 36 34 N
LONGITUDE: 121 51 W
TEMPERATURE IN F: :PCPN: SNOW: WIND :SUNSHINE: SKY :PK WND
================================================================================
1 2 3 4 5 6A 6B 7 8 9 10 11 12 13 14 15 16 17 18
12Z AVG MX 2MIN
DY MAX MIN AVG DEP HDD CDD WTR SNW DPTH SPD SPD DIR MIN PSBL S-S WX SPD DR
================================================================================
1 67 48 58 6 7 0 0.00 M M 4.6 10 120 M M 4 15 200
2 60 49 55 3 10 0 0.19 M M 2.9 10 270 M M 7 1 14 260
3 56 41 49 -3 16 0 0.00 M M 5.3 13 310 M M 2 16 300
4 58 41 50 -2 15 0 0.00 M M 6.7 10 310 M M 0 15 60
5 66 40 53 1 12 0 0.00 M M 4.5 12 310 M M 0 15 330
6 62 41 52 0 13 0 0.00 M M 3.9 12 120 M M 0 14 120
7 58 40 49 -3 16 0 0.00 M M 4.7 10 340 M M 1 12 13 350
8 56 44 50 -2 15 0 0.00 M M 4.3 17 260 M M 6 128 22 270
9 57 49 53 1 12 0 0.00 M M 3.9 12 270 M M 5 16 260
10 59 47 53 1 12 0 0.00 M M 4.3 14 330 M M 3 17 320
11 58 45 52 -1 13 0 0.21 M M 4.2 26 300 M M 6 1 35 300
12 57 51 54 1 11 0 0.01 M M 7.7 16 290 M M 7 1 21 300
13 58 50 54 1 11 0 0.01 M M 10.9 22 300 M M 5 1 32 290
14 56 44 50 -3 15 0 0.00 M M 6.0 17 310 M M 7 24 310
15 59 52 56 3 9 0 0.01 M M 7.7 16 300 M M 9 1 24 310
16 58 45 52 -1 13 0 0.00 M M 8.2 17 300 M M 5 1 24 310
17 62 41 52 -1 13 0 0.00 M M 4.2 12 290 M M 0 14 280
18 68 41 55 2 10 0 0.00 M M 4.8 13 250 M M 0 19 240
19 66 46 56 3 9 0 T M M 5.0 13 330 M M 9 18 16 340
20 58 50 54 1 11 0 0.04 M M 9.5 21 310 M M 5 1 27 310
21 62 41 52 -1 13 0 0.00 M M 5.4 13 310 M M 0 17 320
22 73 44 59 6 6 0 0.00 M M 4.1 13 120 M M 0 14 120
23 79 45 62 9 3 0 0.00 M M 5.6 13 70 M M 0 17 90
24 65 41 53 0 12 0 0.00 M M 4.4 8 330 M M 0 8 M M
25 67 44 56 3 9 0 0.00 M M 7.6 17 120 M M 0 21 120
26 59 43 51 -2 14 0 0.00 M M 7.6 17 290 M M 5 18 25 310
27 59 41 50 -3 15 0 0.00 M M 6.6 15 280 M M 2 22 290
28 68 41 55 2 10 0 0.00 M M 5.2 12 130 M M 0 16 30
================================================================================
SM 1731 1245 325 0 0.47 M 159.8 M 88
================================================================================
AV 61.8 44.5 5.7 FASTST M M 3 MAX(MPH)
MISC ----> 26 300 35 300
================================================================================
NOTES:
# LAST OF SEVERAL OCCURRENCES
COLUMN 17 PEAK WIND IN M.P.H.
PRELIMINARY LOCAL CLIMATOLOGICAL DATA (WS FORM: F-6) , PAGE 2
STATION: MONTEREY AIRPORT
MONTH: FEBRUARY
YEAR: 2021
LATITUDE: 36 34 N
LONGITUDE: 121 51 W
[TEMPERATURE DATA] [PRECIPITATION DATA] SYMBOLS USED IN COLUMN 16
AVERAGE MONTHLY: 53.1 TOTAL FOR MONTH: 0.47 1 = FOG OR MIST
DPTR FM NORMAL: 0.4 DPTR FM NORMAL: -2.60 2 = FOG REDUCING VISIBILITY
HIGHEST: 79 ON 23 GRTST 24HR 0.22 ON 11-12 TO 1/4 MILE OR LESS
LOWEST: 40 ON 7, 5 3 = THUNDER
SNOW, ICE PELLETS, HAIL 4 = ICE PELLETS
TOTAL MONTH: M 5 = HAIL
GRTST 24HR M ON M 6 = FREEZING RAIN OR DRIZZLE
GRTST DEPTH: M ON M 7 = DUSTSTORM OR SANDSTORM:
VSBY 1/2 MILE OR LESS
8 = SMOKE OR HAZE
[NO. OF DAYS WITH] [WEATHER - DAYS WITH] 9 = BLOWING SNOW
X = TORNADO
MAX 32 OR BELOW: 0 0.01 INCH OR MORE: 6
MAX 90 OR ABOVE: 0 0.10 INCH OR MORE: 2
MIN 32 OR BELOW: 0 0.50 INCH OR MORE: 0
MIN 0 OR BELOW: 0 1.00 INCH OR MORE: 0
[HDD (BASE 65) ]
TOTAL THIS MO. 325 CLEAR (SCALE 0-3) 14
DPTR FM NORMAL -19 PTCLDY (SCALE 4-7) 12
TOTAL FM JUL 1 1531 CLOUDY (SCALE 8-10) 2
DPTR FM NORMAL -570
[CDD (BASE 65) ]
TOTAL THIS MO. 0
DPTR FM NORMAL 0 [PRESSURE DATA]
TOTAL FM JAN 1 0 HIGHEST SLP 30.51 ON 21
DPTR FM NORMAL 0 LOWEST SLP 29.95 ON 8
[REMARKS]
#FINAL-02-21#