000
CXUS55 KMSO 011802
CF6MSO
PRELIMINARY LOCAL CLIMATOLOGICAL DATA (WS FORM: F-6)
STATION: MISSOULA MT
MONTH: NOVEMBER
YEAR: 2021
LATITUDE: 46 55 N
LONGITUDE: 114 5 W
TEMPERATURE IN F: :PCPN: SNOW: WIND :SUNSHINE: SKY :PK WND
================================================================================
1 2 3 4 5 6A 6B 7 8 9 10 11 12 13 14 15 16 17 18
12Z AVG MX 2MIN
DY MAX MIN AVG DEP HDD CDD WTR SNW DPTH SPD SPD DIR MIN PSBL S-S WX SPD DR
================================================================================
1 50 27 39 2 26 0 0.00 0.0 0 8.3 21 110 M M 0 25 100
2 45 27 36 -1 29 0 0.02 T 0 0.8 6 240 M M 6 16 9 280
3 54 28 41 5 24 0 0.00 0.0 0 1.3 6 90 M M 5 8 290
4 53 28 41 5 24 0 0.01 0.0 0 5.1 17 150 M M 6 12 22 150
5 59 33 46 10 19 0 T 0.0 0 4.1 14 300 M M 4 16 300
6 46 35 41 6 24 0 0.26 0.0 0 4.5 21 320 M M 9 1 29 330
7 46 26 36 1 29 0 T T 0 3.0 10 240 M M 6 1 16 240
8 47 24 36 1 29 0 0.00 0.0 0 3.3 13 120 M M 2 16 110
9 40 23 32 -2 33 0 0.02 0.0 0 6.5 26 130 M M 7 34 130
10 45 26 36 2 29 0 0.01 T 0 4.3 17 310 M M 9 18 25 270
11 34 24 29 -5 36 0 0.09 0.9 0 1.0 7 180 M M 8 12 8 160
12 41 33 37 4 28 0 0.15 0.0 0 1.7 9 100 M M 10 1 12 90
13 50 38 44 11 21 0 0.10 0.0 0 5.7 18 280 M M 7 1 25 300
14 61 37 49 16 16 0 0.04 0.0 0 2.8 21 250 M M 8 1 26 240
15 65 37 51 19 14 0 0.09 0.0 0 10.9 51 220 M M 2 68 240
16 46 24 35 3 30 0 0.01 0.2 0 13.4 35 280 M M 8 18 50 270
17 37 21 29 -3 36 0 0.00 0.0 0 2.0 8 130 M M 4 11 130
18 33 21 27 -4 38 0 0.00 0.0 0 1.2 7 280 M M 7 8 280
19 37 30 34 3 31 0 0.15 T 0 2.1 7 340 M M 10 16 10 340
20 40 28 34 3 31 0 0.00 0.0 0 3.2 12 270 M M 9 14 270
21 44 25 35 5 30 0 0.00 0.0 0 0.6 8 110 M M 3 9 110
22 46 22 34 4 31 0 0.00 0.0 0 1.4 7 140 M M 0 1 8 330
23 32 18 25 -5 40 0 0.03 0.3 0 1.8 7 230 M M 6 1 9 110
24 42 24 33 4 32 0 0.00 0.0 T 3.8 14 240 M M 4 1 18 220
25 42 28 35 6 30 0 0.00 0.0 0 1.5 12 250 M M 10 13 250
26 53 34 44 15 21 0 0.00 0.0 0 5.4 17 230 M M 8 24 240
27 49 34 42 14 23 0 T 0.0 0 2.2 10 350 M M 6 13 350
28 62 38 50 22 15 0 T 0.0 0 6.0 22 260 M M 6 32 250
29 57 35 46 18 19 0 T 0.0 0 6.2 22 270 M M 8 30 270
30 49 32 41 13 24 0 0.04 0.0 0 4.2 10 360 M M 7 1 14 120
================================================================================
SM 1405 860 812 0 1.02 1.4 118.3 M 185
================================================================================
AV 46.8 28.7 3.9 FASTST M M 6 MAX(MPH)
MISC ----> 51 220 68 240
================================================================================
NOTES:
# LAST OF SEVERAL OCCURRENCES
COLUMN 17 PEAK WIND IN M.P.H.
PRELIMINARY LOCAL CLIMATOLOGICAL DATA (WS FORM: F-6) , PAGE 2
STATION: MISSOULA MT
MONTH: NOVEMBER
YEAR: 2021
LATITUDE: 46 55 N
LONGITUDE: 114 5 W
[TEMPERATURE DATA] [PRECIPITATION DATA] SYMBOLS USED IN COLUMN 16
AVERAGE MONTHLY: 37.8 TOTAL FOR MONTH: 1.02 1 = FOG OR MIST
DPTR FM NORMAL: 5.5 DPTR FM NORMAL: -0.16 2 = FOG REDUCING VISIBILITY
HIGHEST: 65 ON 15 GRTST 24HR 0.26 ON 5- 6 TO 1/4 MILE OR LESS
LOWEST: 18 ON 23 3 = THUNDER
SNOW, ICE PELLETS, HAIL 4 = ICE PELLETS
TOTAL MONTH: 1.4 INCHES 5 = HAIL
GRTST 24HR 0.9 ON 11-11 6 = FREEZING RAIN OR DRIZZLE
GRTST DEPTH: T 7 = DUSTSTORM OR SANDSTORM:
VSBY 1/2 MILE OR LESS
8 = SMOKE OR HAZE
[NO. OF DAYS WITH] [WEATHER - DAYS WITH] 9 = BLOWING SNOW
X = TORNADO
MAX 32 OR BELOW: 1 0.01 INCH OR MORE: 14
MAX 90 OR ABOVE: 0 0.10 INCH OR MORE: 4
MIN 32 OR BELOW: 20 0.50 INCH OR MORE: 0
MIN 0 OR BELOW: 0 1.00 INCH OR MORE: 0
[HDD (BASE 65) ]
TOTAL THIS MO. 812 CLEAR (SCALE 0-3) 5
DPTR FM NORMAL -170 PTCLDY (SCALE 4-7) 18
TOTAL FM JUL 1 1605 CLOUDY (SCALE 8-10) 7
DPTR FM NORMAL -353
[CDD (BASE 65) ]
TOTAL THIS MO. 0
DPTR FM NORMAL 0 [PRESSURE DATA]
TOTAL FM JAN 1 587 HIGHEST SLP 30.60 ON 21
DPTR FM NORMAL 280 LOWEST SLP 29.51 ON 15
[REMARKS]
#FINAL-11-21#