000
CXUS55 KMSO 180900
CF6MSO
PRELIMINARY LOCAL CLIMATOLOGICAL DATA (WS FORM: F-6)
STATION: MISSOULA MT
MONTH: APRIL
YEAR: 2024
LATITUDE: 46 55 N
LONGITUDE: 114 5 W
TEMPERATURE IN F: :PCPN: SNOW: WIND :SUNSHINE: SKY :PK WND
================================================================================
1 2 3 4 5 6A 6B 7 8 9 10 11 12 13 14 15 16 17 18
12Z AVG MX 2MIN
DY MAX MIN AVG DEP HDD CDD WTR SNW DPTH SPD SPD DIR MIN PSBL S-S WX SPD DR
================================================================================
1 63 26 45 4 20 0 0.00 0.0 M 4.2 20 260 M M 2 23 270
2 70 32 51 10 14 0 0.00 0.0 0 2.9 9 210 M M 0 13 250
3 54 38 46 4 19 0 0.13 0.0 0 5.7 21 310 M M 8 1 32 320
4 53 39 46 4 19 0 0.38 0.0 0 6.2 16 340 M M 10 13 23 330
5 52 36 44 2 21 0 0.30 0.0 0 8.8 21 310 M M 7 1 28 320
6 44 33 39 -3 26 0 0.07 T 0 8.4 22 250 M M 10 1 27 250
7 50 35 43 1 22 0 T 0.0 0 4.9 22 10 M M 9 28 10
8 49 29 39 -3 26 0 T 0.0 0 4.8 18 270 M M 9 1 26 250
9 56 35 46 3 19 0 0.01 0.0 0 8.2 24 280 M M 9 37 280
10 58 29 44 1 21 0 0.00 0.0 0 3.1 13 320 M M 1 17 310
11 66 28 47 4 18 0 0.00 0.0 0 2.5 14 160 M M 2 18 160
12 70 42 56 13 9 0 0.01 0.0 0 5.9 18 10 M M 5 24 20
13 74 42 58 15 7 0 0.04 0.0 0 3.9 22 100 M M 1 1 29 90
14 77 38 58 14 7 0 T 0.0 0 5.8 18 20 M M 2 24 20
15 65 44 55 11 10 0 0.00 0.0 M 8.7 26 280 M M 4 39 310
16 52 35 44 0 21 0 T T M 11.2 24 260 M M 5 32 300
17 44 31 38 -6 27 0 0.20 3.0 0 7.0 17 360 M M 7 12 22 10
================================================================================
SM 997 592 306 0 1.14 3.0 102.2 M 91
================================================================================
AV 58.6 34.8 6.0 FASTST M M 5 MAX(MPH)
MISC ----> 26 280 39 310
================================================================================
NOTES:
# LAST OF SEVERAL OCCURRENCES
COLUMN 17 PEAK WIND IN M.P.H.
PRELIMINARY LOCAL CLIMATOLOGICAL DATA (WS FORM: F-6) , PAGE 2
STATION: MISSOULA MT
MONTH: APRIL
YEAR: 2024
LATITUDE: 46 55 N
LONGITUDE: 114 5 W
[TEMPERATURE DATA] [PRECIPITATION DATA] SYMBOLS USED IN COLUMN 16
AVERAGE MONTHLY: 46.7 TOTAL FOR MONTH: 1.14 1 = FOG OR MIST
DPTR FM NORMAL: 4.1 DPTR FM NORMAL: 0.36 2 = FOG REDUCING VISIBILITY
HIGHEST: 77 ON 14 GRTST 24HR 0.43 ON 3- 4 TO 1/4 MILE OR LESS
LOWEST: 26 ON 1 3 = THUNDER
SNOW, ICE PELLETS, HAIL 4 = ICE PELLETS
TOTAL MONTH: 3.0 INCHES 5 = HAIL
GRTST 24HR 3.0 ON 17-17 6 = FREEZING RAIN OR DRIZZLE
GRTST DEPTH: 0 7 = DUSTSTORM OR SANDSTORM:
VSBY 1/2 MILE OR LESS
8 = SMOKE OR HAZE
[NO. OF DAYS WITH] [WEATHER - DAYS WITH] 9 = BLOWING SNOW
X = TORNADO
MAX 32 OR BELOW: 0 0.01 INCH OR MORE: 8
MAX 90 OR ABOVE: 0 0.10 INCH OR MORE: 4
MIN 32 OR BELOW: 6 0.50 INCH OR MORE: 0
MIN 0 OR BELOW: 0 1.00 INCH OR MORE: 0
[HDD (BASE 65) ]
TOTAL THIS MO. 306 CLEAR (SCALE 0-3) 6
DPTR FM NORMAL -73 PTCLDY (SCALE 4-7) 6
TOTAL FM JUL 1 6092 CLOUDY (SCALE 8-10) 5
DPTR FM NORMAL -616
[CDD (BASE 65) ]
TOTAL THIS MO. 0
DPTR FM NORMAL 0 [PRESSURE DATA]
TOTAL FM JAN 1 0 HIGHEST SLP M ON M
DPTR FM NORMAL 0 LOWEST SLP 29.47 ON 5
[REMARKS]