000
CXUS53 KMPX 171000
CF6MSP
PRELIMINARY LOCAL CLIMATOLOGICAL DATA (WS FORM: F-6)

                                          STATION:   TWIN CITIES MN
                                          MONTH:     FEBRUARY
                                          YEAR:      2019
                                          LATITUDE:   44 52 N
                                          LONGITUDE:  93 13 W

  TEMPERATURE IN F:       :PCPN:    SNOW:  WIND      :SUNSHINE: SKY     :PK WND
================================================================================
1   2   3   4   5  6A  6B    7    8   9   10  11  12  13   14  15   16   17  18
                                     12Z  AVG MX 2MIN
DY MAX MIN AVG DEP HDD CDD  WTR  SNW DPTH SPD SPD DIR MIN PSBL S-S WX    SPD DR
================================================================================

 1  17  -3   7 -10  58   0    T    T    4  9.6 18 170   M    M   8        26 160
 2  39  12  26   9  39   0 0.00  0.0    4  6.3 12 180   M    M   7 18     17 200
 3  39  32  36  19  29   0 0.01  0.0    2  4.5 12  30   M    M  10 126    20  20
 4  33   2  18   0  47   0 0.06    T    1 13.6 23 300   M    M   8 16     30 310
 5  13   2   8 -10  57   0 0.31  4.1    T  6.9 13  30   M    M   9 16     23  20
 6  21  12  17  -1  48   0 0.03  0.4    4  6.1 10  30   M    M  10 16     23  20
 7  20  -5   8 -10  57   0 0.37  5.9    4 11.5 25 310   M    M  10 12689  33 300
 8   1 -11  -5 -23  70   0 0.00  0.0    9 11.1 20 290   M    M   0        27 300
 9   8 -12  -2 -21  67   0 0.00  0.0    8  7.1 18 110   M    M   7 1      22 120
10  18   6  12  -7  53   0 0.25  5.9    8  6.3 10  30   M    M  10 128    20  50
11  25  17  21   2  44   0 0.03  0.1   11 10.2 20 110   M    M  10 1      27 120
12  24  11  18  -2  47   0 0.32  5.5   14 13.4 25 320   M    M  10 1      36 320
13  20   4  12  -8  53   0    T    T   14  7.5 15 300   M    M   8 1      22 300
14  24   0  12  -8  53   0 0.02  0.3   13 12.8 25 320   M    M   7 1      35 320
15  15  -3   6 -15  59   0 0.00  0.0   12  9.4 20 310   M    M   1        26 300
16  21  -2  10 -11  55   0 0.00  0.0   12  4.4 13  80   M    M   9        21  70
================================================================================
SM  338   62       836   0  1.40    22.2 140.7          M      124
================================================================================
AV 21.1  3.9                               8.8 FASTST   M    M   8    MAX(MPH)
                                 MISC ---->  # 25 310               # 36  320
================================================================================
NOTES:
# LAST OF SEVERAL OCCURRENCES

COLUMN 17 PEAK WIND IN M.P.H.

PRELIMINARY LOCAL CLIMATOLOGICAL DATA (WS FORM: F-6) , PAGE 2

                                          STATION:  TWIN CITIES MN
                                          MONTH:    FEBRUARY
                                          YEAR:     2019
                                          LATITUDE:   44 52 N
                                          LONGITUDE:  93 13 W

[TEMPERATURE DATA]      [PRECIPITATION DATA]       SYMBOLS USED IN COLUMN 16

AVERAGE MONTHLY: 12.5   TOTAL FOR MONTH:   1.40    1 = FOG OR MIST
DPTR FM NORMAL:  -6.2   DPTR FM NORMAL:    1.02    2 = FOG REDUCING VISIBILITY
HIGHEST:    39 ON  3, 2 GRTST 24HR  0.37 ON  7- 7      TO 1/4 MILE OR LESS
LOWEST:    -12 ON  9                               3 = THUNDER
                        SNOW, ICE PELLETS, HAIL    4 = ICE PELLETS
                        TOTAL MONTH:  22.2 INCHES  5 = HAIL
                        GRTST 24HR   5.9 ON 10-10  6 = FREEZING RAIN OR DRIZZLE
                        GRTST DEPTH:  14 ON 13,12  7 = DUSTSTORM OR SANDSTORM:
                                                       VSBY 1/2 MILE OR LESS
                                                   8 = SMOKE OR HAZE
[NO. OF DAYS WITH]      [WEATHER - DAYS WITH]      9 = BLOWING SNOW
                                                   X = TORNADO
MAX 32 OR BELOW:  13    0.01 INCH OR MORE:   9
MAX 90 OR ABOVE:   0    0.10 INCH OR MORE:   4
MIN 32 OR BELOW:  16    0.50 INCH OR MORE:   0
MIN  0 OR BELOW:   7    1.00 INCH OR MORE:   0

[HDD (BASE 65) ]
TOTAL THIS MO.   836    CLEAR  (SCALE 0-3)   2
DPTR FM NORMAL    96    PTCLDY (SCALE 4-7)   6
TOTAL FM JUL 1  5412    CLOUDY (SCALE 8-10)  8
DPTR FM NORMAL   118

[CDD (BASE 65) ]
TOTAL THIS MO.     0
DPTR FM NORMAL     0    [PRESSURE DATA]
TOTAL FM JAN 1     0    HIGHEST SLP M ON M
DPTR FM NORMAL     0    LOWEST  SLP 29.55 ON 14

[REMARKS]
