000
CXUS53 KMPX 161000
CF6MSP
PRELIMINARY LOCAL CLIMATOLOGICAL DATA (WS FORM: F-6)

                                          STATION:   TWIN CITIES MN
                                          MONTH:     JULY
                                          YEAR:      2019
                                          LATITUDE:   44 52 N
                                          LONGITUDE:  93 13 W

  TEMPERATURE IN F:       :PCPN:    SNOW:  WIND      :SUNSHINE: SKY     :PK WND
================================================================================
1   2   3   4   5  6A  6B    7    8   9   10  11  12  13   14  15   16   17  18
                                     12Z  AVG MX 2MIN
DY MAX MIN AVG DEP HDD CDD  WTR  SNW DPTH SPD SPD DIR MIN PSBL S-S WX    SPD DR
================================================================================

 1  78  68  73   0   0   8 2.02  0.0    0  6.1 21 280   M    M   9 13     32 280
 2  87  69  78   5   0  13 0.08  0.0    0  3.9 12  30   M    M   6 1      18  40
 3  87  67  77   4   0  12 0.25  0.0    0  6.5 18 190   M    M   6 13     28 210
 4  85  71  78   4   0  13 0.15  0.0    0  7.7 20 300   M    M   7 18     25 280
 5  83  68  76   2   0  11 0.03  0.0    0  6.1 17 100   M    M   7 18     27  80
 6  83  69  76   2   0  11 0.00  0.0    0  6.7 14 350   M    M   8        24  30
 7  85  65  75   1   0  10 0.00  0.0    0  5.3 15  90   M    M   4        24  70
 8  85  68  77   3   0  12 0.00  0.0    0  9.6 17 180   M    M   3 8      25 190
 9  80  70  75   1   0  10 0.47  0.0    0  9.5 16 110   M    M   7 18     23 160
10  79  69  74   0   0   9 0.22  0.0    0 10.9 21 250   M    M   5 18     30 230
11  83  65  74   0   0   9 0.00  0.0    0  6.5 16 340   M    M   1 8      22 350
12  86  68  77   3   0  12 0.00  0.0    0  8.4 14 240   M    M   4 3      52 250
13  87  68  78   4   0  13 0.00  0.0    0  5.4 10  80   M    M   7        21  80
14  92  72  82   8   0  17 0.01  0.0    0  8.4 23  40   M    M   8        30  30
15  92  71  82   8   0  17 1.75  0.0    0  9.8 24 330   M    M   7 13     32 340
================================================================================
SM 1272 1028         0 177  4.98     0.0 110.8          M       89
================================================================================
AV 84.8 68.5                               7.4 FASTST   M    M   6    MAX(MPH)
                                 MISC ---->  # 24 330               # 52  250
================================================================================
NOTES:
# LAST OF SEVERAL OCCURRENCES

COLUMN 17 PEAK WIND IN M.P.H.

PRELIMINARY LOCAL CLIMATOLOGICAL DATA (WS FORM: F-6) , PAGE 2

                                          STATION:  TWIN CITIES MN
                                          MONTH:    JULY
                                          YEAR:     2019
                                          LATITUDE:   44 52 N
                                          LONGITUDE:  93 13 W

[TEMPERATURE DATA]      [PRECIPITATION DATA]       SYMBOLS USED IN COLUMN 16

AVERAGE MONTHLY: 76.7   TOTAL FOR MONTH:   4.98    1 = FOG OR MIST
DPTR FM NORMAL:   2.9   DPTR FM NORMAL:    3.05    2 = FOG REDUCING VISIBILITY
HIGHEST:    92 ON 15,14 GRTST 24HR  2.02 ON  1- 1      TO 1/4 MILE OR LESS
LOWEST:     65 ON 11, 7                            3 = THUNDER
                        SNOW, ICE PELLETS, HAIL    4 = ICE PELLETS
                        TOTAL MONTH:   0.0 INCH    5 = HAIL
                        GRTST 24HR     0.0         6 = FREEZING RAIN OR DRIZZLE
                        GRTST DEPTH:   0           7 = DUSTSTORM OR SANDSTORM:
                                                       VSBY 1/2 MILE OR LESS
                                                   8 = SMOKE OR HAZE
[NO. OF DAYS WITH]      [WEATHER - DAYS WITH]      9 = BLOWING SNOW
                                                   X = TORNADO
MAX 32 OR BELOW:   0    0.01 INCH OR MORE:   9
MAX 90 OR ABOVE:   2    0.10 INCH OR MORE:   6
MIN 32 OR BELOW:   0    0.50 INCH OR MORE:   2
MIN  0 OR BELOW:   0    1.00 INCH OR MORE:   2

[HDD (BASE 65) ]
TOTAL THIS MO.     0    CLEAR  (SCALE 0-3)   1
DPTR FM NORMAL     0    PTCLDY (SCALE 4-7)  13
TOTAL FM JUL 1     0    CLOUDY (SCALE 8-10)  1
DPTR FM NORMAL     0

[CDD (BASE 65) ]
TOTAL THIS MO.   177
DPTR FM NORMAL    44    [PRESSURE DATA]
TOTAL FM JAN 1   358    HIGHEST SLP M ON M
DPTR FM NORMAL    25    LOWEST  SLP 29.73 ON 15

[REMARKS]
