000
CXUS51 KBTV 010800
CF6MSS
PRELIMINARY LOCAL CLIMATOLOGICAL DATA (WS FORM: F-6)
STATION: MASSENA NY
MONTH: DECEMBER
YEAR: 2022
LATITUDE: 44 55 N
LONGITUDE: 74 51 W
TEMPERATURE IN F: :PCPN: SNOW: WIND :SUNSHINE: SKY :PK WND
================================================================================
1 2 3 4 5 6A 6B 7 8 9 10 11 12 13 14 15 16 17 18
12Z AVG MX 2MIN
DY MAX MIN AVG DEP HDD CDD WTR SNW DPTH SPD SPD DIR MIN PSBL S-S WX SPD DR
================================================================================
1 37 20 29 0 36 0 T M M 12.5 29 220 M M 5 18 38 230
2 42 19 31 2 34 0 T M M 3.7 16 200 M M 7 21 200
3 52 32 42 13 23 0 0.03 M M 14.3 31 260 M M 10 42 260
4 35 25 30 2 35 0 0.00 M M 8.7 21 280 M M 9 27 290
5 43 33 38 10 27 0 0.00 M M 11.9 23 220 M M 2 30 220
6 44 34 39 12 26 0 0.24 M M 4.3 14 270 M M 8 1 20 280
7 43 39 41 14 24 0 0.06 M M 3.8 10 280 M M 10 1 14 290
8 41 26 34 7 31 0 T M M 5.1 12 340 M M 6 16 10
9 31 19 25 -1 40 0 0.00 M M 5.4 16 40 M M 4 19 60
10 23 14 19 -7 46 0 0.00 M M 14.0 22 60 M M 1 29 60
11 22 17 20 -6 45 0 0.05 M M 12.8 20 60 M M 7 12 25 50
12 25 2 14 -11 51 0 T M M 5.7 15 40 M M 3 1 19 40
13 26 3 15 -10 50 0 0.00 M M 7.2 13 300 M M 1 17 310
14 26 9 18 -6 47 0 0.00 M M 3.9 15 350 M M 2 20 330
15 38 24 31 7 34 0 0.01 M M 12.2 23 70 M M 4 1 30 60
16 35 32 34 10 31 0 0.40 M M 16.3 25 60 M M 10 12 34 50
17 34 26 30 7 35 0 0.09 M M 5.1 12 70 M M 9 1 15 60
18 32 14 23 0 42 0 0.00 M M 6.9 15 220 M M 5 12 19 220
19 30 15 23 0 42 0 T M M 7.4 15 290 M M 9 1 21 300
20 25 19 22 0 43 0 T M M 7.7 14 220 M M 10 18 18 230
21 35 10 23 1 42 0 0.00 M M 5.0 22 220 M M 6 26 220
22 32 8 20 -2 45 0 0.19 M M 11.1 25 60 M M 4 16 34 60
23 39 12 26 5 39 0 0.68 M M 24.2 37 220 M M 10 126 50 230
24 14 9 12 -9 53 0 0.03 M M 28.1 37 200 M M 10 12 50 210
25 25 13 19 -2 46 0 T M M 17.6 29 200 M M 9 128 39 200
26 26 19 23 3 42 0 T M M 13.0 21 200 M M 10 18 27 190
27 25 18 22 2 43 0 T M M 8.4 16 300 M M 9 1 21 290
28 33 25 29 9 36 0 T M M 4.9 13 190 M M 8 18 16 190
29 49 16 33 14 32 0 0.00 M M 5.1 18 220 M M 4 12 26 220
30 53 39 46 27 19 0 0.01 M M 8.5 17 210 M M 10 1 21 220
31 48 37 43 24 22 0 0.48 M M 2.8 13 210 M M 10 12 17 210
================================================================================
SM 1063 628 1161 0 2.27 M 297.6 M 212
================================================================================
AV 34.3 20.3 9.6 FASTST M M 7 MAX(MPH)
MISC ----> # 37 220 # 50 230
================================================================================
NOTES:
# LAST OF SEVERAL OCCURRENCES
COLUMN 17 PEAK WIND IN M.P.H.
PRELIMINARY LOCAL CLIMATOLOGICAL DATA (WS FORM: F-6) , PAGE 2
STATION: MASSENA NY
MONTH: DECEMBER
YEAR: 2022
LATITUDE: 44 55 N
LONGITUDE: 74 51 W
[TEMPERATURE DATA] [PRECIPITATION DATA] SYMBOLS USED IN COLUMN 16
AVERAGE MONTHLY: 27.3 TOTAL FOR MONTH: 2.27 1 = FOG OR MIST
DPTR FM NORMAL: 3.5 DPTR FM NORMAL: 0.18 2 = FOG REDUCING VISIBILITY
HIGHEST: 53 ON 30 GRTST 24HR 0.87 ON 22-23 TO 1/4 MILE OR LESS
LOWEST: 2 ON 12 3 = THUNDER
SNOW, ICE PELLETS, HAIL 4 = ICE PELLETS
TOTAL MONTH: M 5 = HAIL
GRTST 24HR M ON M 6 = FREEZING RAIN OR DRIZZLE
GRTST DEPTH: M ON M 7 = DUSTSTORM OR SANDSTORM:
VSBY 1/2 MILE OR LESS
8 = SMOKE OR HAZE
[NO. OF DAYS WITH] [WEATHER - DAYS WITH] 9 = BLOWING SNOW
X = TORNADO
MAX 32 OR BELOW: 14 0.01 INCH OR MORE: 12
MAX 90 OR ABOVE: 0 0.10 INCH OR MORE: 5
MIN 32 OR BELOW: 26 0.50 INCH OR MORE: 1
MIN 0 OR BELOW: 0 1.00 INCH OR MORE: 0
[HDD (BASE 65) ]
TOTAL THIS MO. 1161 CLEAR (SCALE 0-3) 4
DPTR FM NORMAL -116 PTCLDY (SCALE 4-7) 12
TOTAL FM JUL 1 2670 CLOUDY (SCALE 8-10) 15
DPTR FM NORMAL -285
[CDD (BASE 65) ]
TOTAL THIS MO. 0
DPTR FM NORMAL 0 [PRESSURE DATA]
TOTAL FM JAN 1 380 HIGHEST SLP 30.61 ON 10
DPTR FM NORMAL -26 LOWEST SLP 28.81 ON 23
[REMARKS]
#FINAL-12-22#