000
CXUS51 KBTV 110240
CF6MSS
PRELIMINARY LOCAL CLIMATOLOGICAL DATA (WS FORM: F-6)
STATION: MASSENA NY
MONTH: JANUARY
YEAR: 2021
LATITUDE: 44 55 N
LONGITUDE: 74 51 W
TEMPERATURE IN F: :PCPN: SNOW: WIND :SUNSHINE: SKY :PK WND
================================================================================
1 2 3 4 5 6A 6B 7 8 9 10 11 12 13 14 15 16 17 18
12Z AVG MX 2MIN
DY MAX MIN AVG DEP HDD CDD WTR SNW DPTH SPD SPD DIR MIN PSBL S-S WX SPD DR
================================================================================
1 34 25 30 12 35 0 0.04 M M 5.2 12 60 M M 8 1 15 90
2 31 25 28 10 37 0 0.26 M M 7.9 17 60 M M 9 18 20 50
3 32 24 28 10 37 0 T M M 4.2 12 60 M M 8 1 14 90
4 32 27 30 12 35 0 T M M 4.6 9 30 M M 10 18 10 30
5 30 26 28 11 37 0 T M M 7.6 14 40 M M 10 1 16 40
6 29 18 24 7 41 0 0.00 M M 5.6 13 280 M M 7 1 16 290
7 28 11 20 3 45 0 0.00 M M 6.6 13 260 M M 10 16 280
8 21 -1 10 -7 55 0 T M M 6.0 13 280 M M 5 16 300
9 29 -1 14 -2 51 0 0.00 M M 4.6 12 270 M M 1 14 320
10 22 3 13 -3 52 0 0.00 M M 4.2 14 220 M M 8 18 220
11 34 13 24 8 41 0 0.02 M M 6.3 15 210 M M 10 18 18 210
12 34 24 29 13 36 0 T M M 7.6 13 230 M M 10 18 19 240
13 34 17 26 10 39 0 T M M 7.1 17 190 M M 9 18 24 190
14 37 26 32 16 33 0 0.00 M M 2.9 8 150 M M 10 18 10 150
15 35 18 27 12 38 0 0.00 M M 6.2 17 50 M M 4 128 20 40
16 35 32 34 19 31 0 0.98 M M 7.0 15 70 M M 10 12 18 70
17 33 24 29 14 36 0 0.01 M M 12.3 22 260 M M 10 1 27 290
18 24 2 13 -2 52 0 T M M 7.9 16 290 M M 5 22 290
19 23 -1 11 -4 54 0 0.03 M M 0.4 6 40 M M 7 1 6 40
20 23 -5 9 -6 56 0 T M M 5.7 18 260 M M 6 1 22 270
21 34 -1 17 2 48 0 0.06 M M 7.5 21 210 M M 9 1 24 210
22 33 16 25 11 40 0 T M M 9.2 17 290 M M 10 1 22 280
23 16 4 10 -4 55 0 0.00 M M 11.9 20 260 M M 4 25 270
24 15 -3 6 -8 59 0 0.00 M M 9.1 18 260 M M 0 24 240
25 27 -5 11 -3 54 0 T M M 0.5 6 190 M M 8 M M
26 28 21 25 11 40 0 0.04 M M 8.4 17 60 M M 9 1 22 60
27 25 19 22 8 43 0 T M M 6.7 13 260 M M 10 1 17 280
28 20 3 12 -2 53 0 T M M 11.5 20 280 M M 9 27 270
29 9 -4 3 -11 62 0 T M M 9.1 17 290 M M 6 8 23 300
30 11 -11 0 -15 65 0 T M M 5.5 14 270 M M 5 18 17 270
31 11 -17 -3 -18 68 0 0.00 M M 4.1 13 30 M M 0 128 15 20
================================================================================
SM 829 329 1428 0 1.44 M 203.4 M 227
================================================================================
AV 26.7 10.6 6.6 FASTST M M 7 MAX(MPH)
MISC ----> 22 260 # 27 290
================================================================================
NOTES:
# LAST OF SEVERAL OCCURRENCES
COLUMN 17 PEAK WIND IN M.P.H.
PRELIMINARY LOCAL CLIMATOLOGICAL DATA (WS FORM: F-6) , PAGE 2
STATION: MASSENA NY
MONTH: JANUARY
YEAR: 2021
LATITUDE: 44 55 N
LONGITUDE: 74 51 W
[TEMPERATURE DATA] [PRECIPITATION DATA] SYMBOLS USED IN COLUMN 16
AVERAGE MONTHLY: 18.7 TOTAL FOR MONTH: 1.44 1 = FOG OR MIST
DPTR FM NORMAL: 3.1 DPTR FM NORMAL: -0.67 2 = FOG REDUCING VISIBILITY
HIGHEST: 37 ON 14 GRTST 24HR 1.13 ON 16-17 TO 1/4 MILE OR LESS
LOWEST: -17 ON 31 3 = THUNDER
SNOW, ICE PELLETS, HAIL 4 = ICE PELLETS
TOTAL MONTH: M 5 = HAIL
GRTST 24HR M ON M 6 = FREEZING RAIN OR DRIZZLE
GRTST DEPTH: M ON M 7 = DUSTSTORM OR SANDSTORM:
VSBY 1/2 MILE OR LESS
8 = SMOKE OR HAZE
[NO. OF DAYS WITH] [WEATHER - DAYS WITH] 9 = BLOWING SNOW
X = TORNADO
MAX 32 OR BELOW: 21 0.01 INCH OR MORE: 8
MAX 90 OR ABOVE: 0 0.10 INCH OR MORE: 2
MIN 32 OR BELOW: 31 0.50 INCH OR MORE: 1
MIN 0 OR BELOW: 10 1.00 INCH OR MORE: 0
[HDD (BASE 65) ]
TOTAL THIS MO. 1428 CLEAR (SCALE 0-3) 3
DPTR FM NORMAL -102 PTCLDY (SCALE 4-7) 11
TOTAL FM JUL 1 3698 CLOUDY (SCALE 8-10) 17
DPTR FM NORMAL -783
[CDD (BASE 65) ]
TOTAL THIS MO. 0
DPTR FM NORMAL 0 [PRESSURE DATA]
TOTAL FM JAN 1 0 HIGHEST SLP 30.55 ON 1
DPTR FM NORMAL 0 LOWEST SLP 29.25 ON 17
[REMARKS]
#FINAL-01-21#