000
CXUS54 KLIX 010810
CF6MSY
PRELIMINARY LOCAL CLIMATOLOGICAL DATA (WS FORM: F-6)
STATION: NEW ORLEANS
MONTH: JUNE
YEAR: 2021
LATITUDE: 29 58 N
LONGITUDE: 90 15 W
TEMPERATURE IN F: :PCPN: SNOW: WIND :SUNSHINE: SKY :PK WND
================================================================================
1 2 3 4 5 6A 6B 7 8 9 10 11 12 13 14 15 16 17 18
12Z AVG MX 2MIN
DY MAX MIN AVG DEP HDD CDD WTR SNW DPTH SPD SPD DIR MIN PSBL S-S WX SPD DR
================================================================================
1 89 73 81 1 0 16 0.00 0.0 M 9.8 21 150 M M 7 27 160
2 88 75 82 1 0 17 0.15 0.0 M 6.7 21 190 M M 7 13 28 220
3 88 75 82 1 0 17 0.10 0.0 M 3.5 16 180 M M 7 13 21 180
4 87 75 81 0 0 16 0.01 0.0 M 3.8 21 130 M M 9 25 150
5 80 74 77 -4 0 12 0.27 0.0 M 10.2 22 120 M M 9 1 28 130
6 84 75 80 -1 0 15 0.43 0.0 M 10.3 28 150 M M 9 138 34 160
7 90 76 83 1 0 18 T 0.0 M 10.6 22 150 M M 7 8 28 150
8 91 80 86 4 0 21 0.00 0.0 M 10.0 17 160 M M 7 22 140
9 90 79 85 3 0 20 T 0.0 M 6.8 16 170 M M 6 138 22 160
10 91 77 84 2 0 19 T 0.0 M 6.9 13 180 M M 4 18 200
11 92 77 85 3 0 20 0.00 0.0 M 5.6 14 190 M M 4 19 190
12 95 75 85 3 0 20 0.00 0.0 M 5.2 13 290 M M 5 17 340
13 97 73 85 3 0 20 0.49 0.0 M 7.9 33 50 M M 7 13 49 70
14 93 75 84 2 0 19 0.00 0.0 M 4.7 10 340 M M 7 15 340
15 95 77 86 4 0 21 0.00 0.0 M 4.4 17 140 M M 7 13 21 140
16 94 77 86 3 0 21 0.00 0.0 M 6.0 15 50 M M 6 22 60
17 92 80 86 3 0 21 0.00 0.0 M 10.4 20 110 M M 5 8 23 50
18 83 72 78 -5 0 13 1.54 0.0 M 13.0 31 90 M M 9 18 43 80
19 90 76 83 0 0 18 0.03 0.0 M 9.5 22 270 M M 7 18 27 270
20 89 78 84 1 0 19 T 0.0 M 8.1 22 190 M M 6 29 190
21 91 74 83 0 0 18 0.69 0.0 M 7.3 23 250 M M 9 13 29 230
22 87 76 82 -1 0 17 0.10 0.0 M 5.4 12 190 M M 8 3 14 190
23 88 78 83 0 0 18 1.48 0.0 M 4.0 16 130 M M 6 138 21 140
24 93 77 85 2 0 20 0.94 0.0 M 5.3 22 260 M M 6 3 28 260
25 87 78 83 0 0 18 0.01 0.0 M 6.3 20 120 M M 7 3 24 120
26 90 77 84 1 0 19 0.02 0.0 M 9.5 17 140 M M 4 3 22 110
27 87 78 83 0 0 18 0.04 0.0 M 7.5 24 140 M M 5 13X 28 140
28 89 78 84 1 0 19 0.04 0.0 M 9.9 26 130 M M 7 3 33 150
29 89 76 83 -1 0 18 0.21 0.0 M 6.3 30 170 M M 6 13 39 150
30 89 76 83 -1 0 18 1.60 0.0 M 5.1 18 120 M M 5 13 23 120
================================================================================
SM 2688 2287 0 546 8.15 0.0 220.0 M 198
================================================================================
AV 89.6 76.2 7.3 FASTST M M 7 MAX(MPH)
MISC ----> 33 50 49 70
================================================================================
NOTES:
# LAST OF SEVERAL OCCURRENCES
COLUMN 17 PEAK WIND IN M.P.H.
PRELIMINARY LOCAL CLIMATOLOGICAL DATA (WS FORM: F-6) , PAGE 2
STATION: NEW ORLEANS
MONTH: JUNE
YEAR: 2021
LATITUDE: 29 58 N
LONGITUDE: 90 15 W
[TEMPERATURE DATA] [PRECIPITATION DATA] SYMBOLS USED IN COLUMN 16
AVERAGE MONTHLY: 82.9 TOTAL FOR MONTH: 8.15 1 = FOG OR MIST
DPTR FM NORMAL: 0.5 DPTR FM NORMAL: 0.53 2 = FOG REDUCING VISIBILITY
HIGHEST: 97 ON 13 GRTST 24HR 1.71 ON 29-30 TO 1/4 MILE OR LESS
LOWEST: 72 ON 18 3 = THUNDER
SNOW, ICE PELLETS, HAIL 4 = ICE PELLETS
TOTAL MONTH: 0.0 INCH 5 = HAIL
GRTST 24HR 0.0 6 = FREEZING RAIN OR DRIZZLE
GRTST DEPTH: M ON M 7 = DUSTSTORM OR SANDSTORM:
VSBY 1/2 MILE OR LESS
8 = SMOKE OR HAZE
[NO. OF DAYS WITH] [WEATHER - DAYS WITH] 9 = BLOWING SNOW
X = TORNADO
MAX 32 OR BELOW: 0 0.01 INCH OR MORE: 18
MAX 90 OR ABOVE: 15 0.10 INCH OR MORE: 12
MIN 32 OR BELOW: 0 0.50 INCH OR MORE: 5
MIN 0 OR BELOW: 0 1.00 INCH OR MORE: 3
[HDD (BASE 65) ]
TOTAL THIS MO. 0 CLEAR (SCALE 0-3) 0
DPTR FM NORMAL 0 PTCLDY (SCALE 4-7) 25
TOTAL FM JUL 1 1050 CLOUDY (SCALE 8-10) 5
DPTR FM NORMAL -126
[CDD (BASE 65) ]
TOTAL THIS MO. 546
DPTR FM NORMAL 26 [PRESSURE DATA]
TOTAL FM JAN 1 1292 HIGHEST SLP M ON M
DPTR FM NORMAL 83 LOWEST SLP 29.71 ON 19
[REMARKS]
#FINAL-06-21#