000
CXUS54 KLIX 010910
CF6MSY
PRELIMINARY LOCAL CLIMATOLOGICAL DATA (WS FORM: F-6)
STATION: NEW ORLEANS
MONTH: NOVEMBER
YEAR: 2023
LATITUDE: 29 58 N
LONGITUDE: 90 15 W
TEMPERATURE IN F: :PCPN: SNOW: WIND :SUNSHINE: SKY :PK WND
================================================================================
1 2 3 4 5 6A 6B 7 8 9 10 11 12 13 14 15 16 17 18
12Z AVG MX 2MIN
DY MAX MIN AVG DEP HDD CDD WTR SNW DPTH SPD SPD DIR MIN PSBL S-S WX SPD DR
================================================================================
1 60 46 53 -14 12 0 0.00 0.0 M 12.5 23 10 M M 1 35 10
2 67 45 56 -10 9 0 0.00 0.0 M 7.9 13 50 M M 1 19 60
3 73 47 60 -6 5 0 0.00 0.0 M 3.8 12 30 M M 1 17 30
4 77 55 66 0 0 1 0.00 0.0 M 4.2 10 30 M M 1 1 14 20
5 80 54 67 2 0 2 0.00 0.0 M 3.1 10 180 M M 3 12 14 180
6 81 55 68 3 0 3 0.00 0.0 M 4.9 14 140 M M 7 18 22 140
7 84 61 73 8 0 8 0.00 0.0 M 5.3 14 150 M M 5 18 22 160
8 82 60 71 7 0 6 0.00 0.0 M 6.4 16 140 M M 5 1 22 140
9 81 65 73 9 0 8 0.18 0.0 M 6.1 13 130 M M 8 1 17 120
10 76 68 72 8 0 7 0.06 0.0 M 6.7 10 60 M M 10 1 15 30
11 69 64 67 4 0 2 0.13 0.0 M 8.1 14 20 M M 10 22 10
12 70 63 67 4 0 2 0.00 0.0 M 7.6 15 30 M M 10 18 21 30
13 66 61 64 1 1 0 0.45 0.0 M 9.6 18 50 M M 10 1 27 50
14 63 59 61 -2 4 0 0.37 0.0 M 10.9 17 50 M M 10 1 26 40
15 64 60 62 0 3 0 0.03 0.0 M 10.3 15 40 M M 10 1 23 50
16 68 63 66 4 0 1 T 0.0 M 8.0 14 50 M M 10 1 20 50
17 75 62 69 7 0 4 0.00 0.0 M 2.3 7 340 M M 8 1 10 340
18 72 58 65 3 0 0 0.00 0.0 M 6.9 16 330 M M 6 1 23 330
19 71 51 61 0 4 0 0.00 0.0 M 4.6 9 60 M M 2 16 350
20 83 60 72 11 0 7 T 0.0 M 8.4 20 140 M M 6 27 140
21 75 57 66 5 0 1 0.73 0.0 M 10.4 20 310 M M 9 13 30 310
22 62 52 57 -4 8 0 T 0.0 M 9.9 17 330 M M 7 27 330
23 56 50 53 -7 12 0 0.01 M M 4.8 10 260 M M 9 14 70
24 59 54 57 -3 8 0 T 0.0 M 5.7 13 70 M M 8 8 17 70
25 67 56 62 2 3 0 0.16 0.0 M 7.6 13 100 M M 8 1 18 60
26 67 54 61 1 4 0 0.98 0.0 M 8.8 17 320 M M 8 1 25 330
27 57 46 52 -8 13 0 0.00 0.0 M 9.9 17 20 M M 6 27 20
28 60 42 51 -8 14 0 0.00 0.0 M 6.3 14 10 M M 4 22 360
29 62 40 51 -8 14 0 0.00 0.0 M 5.7 12 90 M M 6 18 360
30 68 48 58 -1 7 0 0.05 M M 9.8 20 130 M M 8 28 110
================================================================================
SM 2095 1656 121 52 3.15 0.0 216.5 M 197
================================================================================
AV 69.8 55.2 7.2 FASTST M M 7 MAX(MPH)
MISC ----> 23 10 35 10
================================================================================
NOTES:
# LAST OF SEVERAL OCCURRENCES
COLUMN 17 PEAK WIND IN M.P.H.
PRELIMINARY LOCAL CLIMATOLOGICAL DATA (WS FORM: F-6) , PAGE 2
STATION: NEW ORLEANS
MONTH: NOVEMBER
YEAR: 2023
LATITUDE: 29 58 N
LONGITUDE: 90 15 W
[TEMPERATURE DATA] [PRECIPITATION DATA] SYMBOLS USED IN COLUMN 16
AVERAGE MONTHLY: 62.5 TOTAL FOR MONTH: 3.15 1 = FOG OR MIST
DPTR FM NORMAL: 0.1 DPTR FM NORMAL: -0.72 2 = FOG REDUCING VISIBILITY
HIGHEST: 84 ON 7 GRTST 24HR 1.14 ON 25-26 TO 1/4 MILE OR LESS
LOWEST: 40 ON 29 3 = THUNDER
SNOW, ICE PELLETS, HAIL 4 = ICE PELLETS
TOTAL MONTH: 0.0 INCH 5 = HAIL
GRTST 24HR 0.0 6 = FREEZING RAIN OR DRIZZLE
GRTST DEPTH: M ON M 7 = DUSTSTORM OR SANDSTORM:
VSBY 1/2 MILE OR LESS
8 = SMOKE OR HAZE
[NO. OF DAYS WITH] [WEATHER - DAYS WITH] 9 = BLOWING SNOW
X = TORNADO
MAX 32 OR BELOW: 0 0.01 INCH OR MORE: 11
MAX 90 OR ABOVE: 0 0.10 INCH OR MORE: 7
MIN 32 OR BELOW: 0 0.50 INCH OR MORE: 2
MIN 0 OR BELOW: 0 1.00 INCH OR MORE: 0
[HDD (BASE 65) ]
TOTAL THIS MO. 121 CLEAR (SCALE 0-3) 6
DPTR FM NORMAL -22 PTCLDY (SCALE 4-7) 13
TOTAL FM JUL 1 136 CLOUDY (SCALE 8-10) 11
DPTR FM NORMAL -28
[CDD (BASE 65) ]
TOTAL THIS MO. 52
DPTR FM NORMAL -14 [PRESSURE DATA]
TOTAL FM JAN 1 3856 HIGHEST SLP 30.43 ON 28
DPTR FM NORMAL 681 LOWEST SLP 29.81 ON 21
[REMARKS]
#FINAL-11-23#