000
CXUS53 KILX 010900
CF6MTO
PRELIMINARY LOCAL CLIMATOLOGICAL DATA (WS FORM: F-6)
STATION: MATTOON IL AIRPORT
MONTH: MARCH
YEAR: 2023
LATITUDE: 39 28 N
LONGITUDE: 88 17 W
TEMPERATURE IN F: :PCPN: SNOW: WIND :SUNSHINE: SKY :PK WND
================================================================================
1 2 3 4 5 6A 6B 7 8 9 10 11 12 13 14 15 16 17 18
12Z AVG MX 2MIN
DY MAX MIN AVG DEP HDD CDD WTR SNW DPTH SPD SPD DIR MIN PSBL S-S WX SPD DR
================================================================================
1 66 43 55 18 10 0 0.00 M M 8.1 20 140 M M 0 29 170
2 53 32 43 6 22 0 0.00 M M 12.3 20 60 M M 2 33 10
3 43 34 39 1 26 0 1.48 M M 22.6 51 30 M M 8 1 73 30
4 53 29 41 3 24 0 0.00 M M 5.8 14 200 M M 1 18 20 190
5 60 35 48 10 17 0 0.00 M M 10.1 17 130 M M 2 1 25 140
6 71 43 57 18 8 0 0.00 M M 14.4 32 350 M M 2 44 350
7 51 39 45 6 20 0 0.00 M M 15.6 28 360 M M 6 41 10
8 49 36 43 3 22 0 T M M 11.6 22 110 M M 8 34 90
9 49 33 41 1 24 0 0.28 M M 9.6 21 280 M M 8 1 35 270
10 40 30 35 -5 30 0 0.00 M M 16.4 28 290 M M 9 1 42 270
11 47 30 39 -2 26 0 0.08 M M 7.8 17 130 M M 8 1 24 120
12 42 29 36 -5 29 0 0.02 M M 10.6 25 320 M M 10 1 32 290
13 34 29 32 -10 33 0 T M M 15.3 25 300 M M 10 37 270
14 41 26 34 -8 31 0 T M M 6.6 17 340 M M 5 27 360
15 49 22 36 -6 29 0 0.00 M M 8.3 17 180 M M 0 23 140
16 53 40 47 4 18 0 0.42 M M 14.3 20 180 M M 7 1 39 180
17 51 28 40 -3 25 0 0.05 M M 20.4 31 290 M M 6 1 42 270
18 32 17 25 -18 40 0 T M M 18.2 29 300 M M 8 1 43 320
19 36 16 26 -18 39 0 0.00 M M 7.3 16 290 M M 2 19 290
20 50 26 38 -6 27 0 0.00 M M 12.6 21 170 M M 0 40 190
21 49 33 41 -3 24 0 0.08 M M 10.9 18 170 M M 7 1 36 160
22 56 39 48 3 17 0 0.49 M M 11.5 20 160 M M 10 13 32 180
23 62 39 51 6 14 0 1.28 M M 14.0 26 10 M M 10 13 36 10
24 47 37 42 -4 23 0 0.83 M M 10.1 20 100 M M 10 1 37 90
25 54 35 45 -1 20 0 0.10 M M 12.3 30 270 M M 6 1 51 270
26 63 34 49 3 16 0 0.02 M M 9.6 20 160 M M 3 3 33 160
27 49 33 41 -6 24 0 0.08 M M 8.6 16 330 M M 7 1 20 330
28 53 29 41 -6 24 0 0.00 M M 6.0 17 320 M M 4 26 320
29 56 35 46 -1 19 0 0.00 M M 8.1 18 290 M M 1 32 270
30 63 33 48 0 17 0 0.12 M M 13.9 21 150 M M 2 3 36 150
31 71 51 61 13 4 0 0.31 M M 15.7 33 250 M M 8 13 66 250
================================================================================
SM 1593 1015 702 0 5.64 M 368.6 M 170
================================================================================
AV 51.4 32.7 11.9 FASTST M M 5 MAX(MPH)
MISC ----> 51 30 73 30
================================================================================
NOTES:
# LAST OF SEVERAL OCCURRENCES
COLUMN 17 PEAK WIND IN M.P.H.
PRELIMINARY LOCAL CLIMATOLOGICAL DATA (WS FORM: F-6) , PAGE 2
STATION: MATTOON IL AIRPORT
MONTH: MARCH
YEAR: 2023
LATITUDE: 39 28 N
LONGITUDE: 88 17 W
[TEMPERATURE DATA] [PRECIPITATION DATA] SYMBOLS USED IN COLUMN 16
AVERAGE MONTHLY: 42.1 TOTAL FOR MONTH: 5.64 1 = FOG OR MIST
DPTR FM NORMAL: -0.5 DPTR FM NORMAL: 3.42 2 = FOG REDUCING VISIBILITY
HIGHEST: 71 ON 31, 6 GRTST 24HR 1.63 ON 23-24 TO 1/4 MILE OR LESS
LOWEST: 16 ON 19 3 = THUNDER
SNOW, ICE PELLETS, HAIL 4 = ICE PELLETS
TOTAL MONTH: M 5 = HAIL
GRTST 24HR M ON M 6 = FREEZING RAIN OR DRIZZLE
GRTST DEPTH: M ON M 7 = DUSTSTORM OR SANDSTORM:
VSBY 1/2 MILE OR LESS
8 = SMOKE OR HAZE
[NO. OF DAYS WITH] [WEATHER - DAYS WITH] 9 = BLOWING SNOW
X = TORNADO
MAX 32 OR BELOW: 1 0.01 INCH OR MORE: 15
MAX 90 OR ABOVE: 0 0.10 INCH OR MORE: 9
MIN 32 OR BELOW: 13 0.50 INCH OR MORE: 3
MIN 0 OR BELOW: 0 1.00 INCH OR MORE: 2
[HDD (BASE 65) ]
TOTAL THIS MO. 702 CLEAR (SCALE 0-3) 11
DPTR FM NORMAL 5 PTCLDY (SCALE 4-7) 11
TOTAL FM JUL 1 4310 CLOUDY (SCALE 8-10) 9
DPTR FM NORMAL -496
[CDD (BASE 65) ]
TOTAL THIS MO. 0
DPTR FM NORMAL -3 [PRESSURE DATA]
TOTAL FM JAN 1 0 HIGHEST SLP 30.45 ON 8
DPTR FM NORMAL -3 LOWEST SLP 28.94 ON 3
[REMARKS]
#FINAL-03-23#