312
CXUS53 KILX 020219
CF6MTO
PRELIMINARY LOCAL CLIMATOLOGICAL DATA (WS FORM: F-6)
STATION: MATTOON IL AIRPORT
MONTH: NOVEMBER
YEAR: 2020
LATITUDE: 39 28 N
LONGITUDE: 88 17 W
TEMPERATURE IN F: :PCPN: SNOW: WIND :SUNSHINE: SKY :PK WND
================================================================================
1 2 3 4 5 6A 6B 7 8 9 10 11 12 13 14 15 16 17 18
12Z AVG MX 2MIN
DY MAX MIN AVG DEP HDD CDD WTR SNW DPTH SPD SPD DIR MIN PSBL S-S WX SPD DR
================================================================================
1 54 25 40 -9 25 0 0.00 M M 17.2 32 310 M M 1 43 320
2 52 23 38 -11 27 0 0.00 M M 7.7 14 210 M M 0 20 200
3 68 38 53 4 12 0 0.00 M M 9.3 16 200 M M 0 22 190
4 73 48 61 13 4 0 0.00 M M 10.4 16 200 M M 0 25 200
5 69 52 61 13 4 0 0.00 M M 8.0 14 200 M M 0 20 190
6 72 50 61 14 4 0 0.00 M M 8.5 14 170 M M 0 21 210
7 72 50 61 14 4 0 0.00 M M 6.7 14 180 M M 0 21 190
8 78 59 69 22 0 4 0.00 M M 9.3 18 160 M M 4 32 150
9 76 61 69 23 0 4 0.00 M M 10.9 22 180 M M 4 34 190
10 76 47 62 16 3 0 0.10 M M 14.2 26 270 M M 6 1 41 190
11 49 32 41 -4 24 0 0.00 M M 7.9 20 310 M M 4 1 27 300
12 54 28 41 -4 24 0 0.00 M M 5.1 13 160 M M 2 12 18 140
13 46 27 37 -7 28 0 0.00 M M 8.0 25 300 M M 1 32 300
14 56 25 41 -3 24 0 0.65 M M 13.2 24 150 M M 7 13 36 140
15 57 40 49 5 16 0 0.22 M M 16.0 33 280 M M 5 13 50 270
16 58 36 47 4 18 0 0.00 M M 10.4 22 300 M M 0 35 200
17 46 29 38 -5 27 0 0.00 M M 9.7 23 320 M M 1 29 320
18 51 25 38 -4 27 0 0.00 M M 13.3 24 170 M M 0 35 170
19 66 46 56 14 9 0 0.00 M M 16.2 26 190 M M 0 43 200
20 67 50 59 18 6 0 T M M 9.2 17 200 M M 7 27 200
21 50 41 46 5 19 0 0.50 M M 10.9 22 50 M M 10 1 28 40
22 44 38 41 1 24 0 0.72 M M 12.8 36 70 M M 8 1 47 60
23 48 32 40 0 25 0 0.04 M M 3.3 9 220 M M 3 1 16 270
24 50 41 46 7 19 0 0.43 M M 11.2 21 160 M M 7 1 28 170
25 58 44 51 12 14 0 0.97 M M 12.0 23 150 M M 10 1 31 150
26 48 43 46 8 19 0 0.00 M M 7.8 15 270 M M 10 1 21 270
27 50 31 41 3 24 0 0.00 M M 7.5 14 330 M M 5 1 18 290
28 48 27 38 0 27 0 0.00 M M 5.2 10 200 M M 0 14 190
29 51 31 41 4 24 0 0.04 M M 8.5 26 320 M M 2 1 36 340
30 35 26 31 -6 34 0 T M M 19.3 28 330 M M 10 1 37 340
================================================================================
SM 1722 1145 515 8 3.67 M 309.7 M 107
================================================================================
AV 57.4 38.2 10.3 FASTST M M 4 MAX(MPH)
MISC ----> 36 70 50 270
================================================================================
NOTES:
# LAST OF SEVERAL OCCURRENCES
COLUMN 17 PEAK WIND IN M.P.H.
PRELIMINARY LOCAL CLIMATOLOGICAL DATA (WS FORM: F-6) , PAGE 2
STATION: MATTOON IL AIRPORT
MONTH: NOVEMBER
YEAR: 2020
LATITUDE: 39 28 N
LONGITUDE: 88 17 W
[TEMPERATURE DATA] [PRECIPITATION DATA] SYMBOLS USED IN COLUMN 16
AVERAGE MONTHLY: 47.8 TOTAL FOR MONTH: 3.67 1 = FOG OR MIST
DPTR FM NORMAL: 4.6 DPTR FM NORMAL: 0.19 2 = FOG REDUCING VISIBILITY
HIGHEST: 78 ON 8 GRTST 24HR 1.35 ON 24-25 TO 1/4 MILE OR LESS
LOWEST: 23 ON 2 3 = THUNDER
SNOW, ICE PELLETS, HAIL 4 = ICE PELLETS
TOTAL MONTH: M 5 = HAIL
GRTST 24HR M ON M 6 = FREEZING RAIN OR DRIZZLE
GRTST DEPTH: M ON M 7 = DUSTSTORM OR SANDSTORM:
VSBY 1/2 MILE OR LESS
8 = SMOKE OR HAZE
[NO. OF DAYS WITH] [WEATHER - DAYS WITH] 9 = BLOWING SNOW
X = TORNADO
MAX 32 OR BELOW: 0 0.01 INCH OR MORE: 9
MAX 90 OR ABOVE: 0 0.10 INCH OR MORE: 7
MIN 32 OR BELOW: 13 0.50 INCH OR MORE: 4
MIN 0 OR BELOW: 0 1.00 INCH OR MORE: 0
[HDD (BASE 65) ]
TOTAL THIS MO. 515 CLEAR (SCALE 0-3) 16
DPTR FM NORMAL -140 PTCLDY (SCALE 4-7) 9
TOTAL FM JUL 1 925 CLOUDY (SCALE 8-10) 5
DPTR FM NORMAL -133
[CDD (BASE 65) ]
TOTAL THIS MO. 8
DPTR FM NORMAL 8 [PRESSURE DATA]
TOTAL FM JAN 1 1191 HIGHEST SLP 30.57 ON 17
DPTR FM NORMAL 134 LOWEST SLP 29.45 ON 15
[REMARKS]
#FINAL-11-20#