000
CXUS55 KBOI 011002
CF6MUO
PRELIMINARY LOCAL CLIMATOLOGICAL DATA (WS FORM: F-6)
STATION: MOUNTAIN HOME AFB
MONTH: APRIL
YEAR: 2022
LATITUDE: 43 2 N
LONGITUDE: 115 52 W
TEMPERATURE IN F: :PCPN: SNOW: WIND :SUNSHINE: SKY :PK WND
================================================================================
1 2 3 4 5 6A 6B 7 8 9 10 11 12 13 14 15 16 17 18
12Z AVG MX 2MIN
DY MAX MIN AVG DEP HDD CDD WTR SNW DPTH SPD SPD DIR MIN PSBL S-S WX SPD DR
================================================================================
1 57 24 41 -5 24 0 0.00 M M 4.8 13 310 M M 0 M M
2 58 32 45 -2 20 0 0.00 M M 13.8 29 350 M M 1 38 340
3 64 24 44 -3 21 0 0.00 M M 8.4 20 130 M M 0 M M
4 59 36 48 1 17 0 0.05 M M 14.1 36 330 M M 7 1 55 300
5 49 25 37 -10 28 0 T M M 16.2 25 360 M M 4 36 340
6 56 21 39 -8 26 0 0.00 M M 5.7 10 350 M M 0 M M
7 67 24 46 -1 19 0 0.00 M M 7.0 12 120 M M 0 M M
8 75 39 57 9 8 0 T M M 17.8 30 120 M M 1 44 320
9 50 32 41 -7 24 0 0.00 M M 19.1 27 310 M M 0 38 330
10 47 20 34 -14 31 0 0.02 M M 10.1 21 340 M M 5 1 31 330
11 43 31 37 -11 28 0 0.09 M M 16.2 31 320 M M 7 38 330
12 43 29 36 -13 29 0 T M M 16.5 30 300 M M 8 40 290
13 44 25 35 -14 30 0 T M M 7.7 17 20 M M 6 22 270
14 50 32 41 -8 24 0 0.01 M M 12.9 22 110 M M 7 28 330
15 51 33 42 -7 23 0 T M M 6.3 12 290 M M 8 16 350
16 56 36 46 -3 19 0 0.01 M M 16.3 30 340 M M 8 40 340
17 56 27 42 -8 23 0 0.00 M M 4.6 14 340 M M 6 M M
18 72 31 52 2 13 0 0.00 M M 11.1 25 130 M M 4 33 120
19 60 35 48 -2 17 0 0.02 M M 11.0 33 320 M M 6 46 330
20 65 34 50 0 15 0 0.00 M M 10.8 18 120 M M 5 25 90
21 55 43 49 -2 16 0 0.07 M M 7.7 27 290 M M 5 32 280
22 60 37 49 -2 16 0 0.00 M M 17.2 30 320 M M 2 43 320
23 59 37 48 -3 17 0 0.00 M M 18.5 26 330 M M 2 35 330
24 62 30 46 -6 19 0 0.00 M M 5.0 12 330 M M 0 M M
25 70 34 52 0 13 0 0.00 M M 16.0 25 110 M M 2 31 120
26 66 38 52 0 13 0 T M M 10.8 18 360 M M 5 25 360
27 65 33 49 -3 16 0 0.00 M M 9.3 21 330 M M 3 27 350
28 61 34 48 -5 17 0 T M M 11.1 31 330 M M 5 39 330
29 58 30 44 -9 21 0 0.00 M M 11.3 21 330 M M 1 25 320
30 60 31 46 -7 19 0 0.38 M M 12.9 22 110 M M 6 3 37 250
================================================================================
SM 1738 937 606 0 0.65 M 350.3 M 114
================================================================================
AV 57.9 31.2 11.7 FASTST M M 4 MAX(MPH)
MISC ----> 36 330 55 300
================================================================================
NOTES:
# LAST OF SEVERAL OCCURRENCES
COLUMN 17 PEAK WIND IN M.P.H.
PRELIMINARY LOCAL CLIMATOLOGICAL DATA (WS FORM: F-6) , PAGE 2
STATION: MOUNTAIN HOME AFB
MONTH: APRIL
YEAR: 2022
LATITUDE: 43 2 N
LONGITUDE: 115 52 W
[TEMPERATURE DATA] [PRECIPITATION DATA] SYMBOLS USED IN COLUMN 16
AVERAGE MONTHLY: 44.6 TOTAL FOR MONTH: 0.65 1 = FOG OR MIST
DPTR FM NORMAL: -4.8 DPTR FM NORMAL: -0.38 2 = FOG REDUCING VISIBILITY
HIGHEST: 75 ON 8 GRTST 24HR 0.38 ON 30-30 TO 1/4 MILE OR LESS
LOWEST: 20 ON 10 3 = THUNDER
SNOW, ICE PELLETS, HAIL 4 = ICE PELLETS
TOTAL MONTH: M 5 = HAIL
GRTST 24HR M ON M 6 = FREEZING RAIN OR DRIZZLE
GRTST DEPTH: M ON M 7 = DUSTSTORM OR SANDSTORM:
VSBY 1/2 MILE OR LESS
8 = SMOKE OR HAZE
[NO. OF DAYS WITH] [WEATHER - DAYS WITH] 9 = BLOWING SNOW
X = TORNADO
MAX 32 OR BELOW: 0 0.01 INCH OR MORE: 8
MAX 90 OR ABOVE: 0 0.10 INCH OR MORE: 1
MIN 32 OR BELOW: 17 0.50 INCH OR MORE: 0
MIN 0 OR BELOW: 0 1.00 INCH OR MORE: 0
[HDD (BASE 65) ]
TOTAL THIS MO. 606 CLEAR (SCALE 0-3) 13
DPTR FM NORMAL 129 PTCLDY (SCALE 4-7) 17
TOTAL FM JUL 1 5616 CLOUDY (SCALE 8-10) 0
DPTR FM NORMAL 106
[CDD (BASE 65) ]
TOTAL THIS MO. 0
DPTR FM NORMAL 0 [PRESSURE DATA]
TOTAL FM JAN 1 0 HIGHEST SLP M ON M
DPTR FM NORMAL 0 LOWEST SLP M ON M
[REMARKS]
#FINAL-04-22#