000
CXUS51 KBTV 010800
CF6MVL
PRELIMINARY LOCAL CLIMATOLOGICAL DATA (WS FORM: F-6)
STATION: MORRISVILLE VT
MONTH: DECEMBER
YEAR: 2020
LATITUDE: 44 31 N
LONGITUDE: 72 37 W
TEMPERATURE IN F: :PCPN: SNOW: WIND :SUNSHINE: SKY :PK WND
================================================================================
1 2 3 4 5 6A 6B 7 8 9 10 11 12 13 14 15 16 17 18
12Z AVG MX 2MIN
DY MAX MIN AVG DEP HDD CDD WTR SNW DPTH SPD SPD DIR MIN PSBL S-S WX SPD DR
================================================================================
1 63 38 51 22 14 0 0.19 M M 10.2 26 170 M M 7 1 38 180
2 41 30 36 8 29 0 T M M 8.3 16 200 M M 10 1 24 220
3 45 28 37 9 28 0 0.00 M M 6.1 14 220 M M 4 20 210
4 44 30 37 10 28 0 0.11 M M 4.9 20 210 M M 9 1 25 210
5 37 27 32 5 33 0 0.05 M M 10.3 24 340 M M 10 1 35 360
6 27 25 26 0 39 0 T M M 11.9 22 340 M M 10 31 350
7 26 22 24 -2 41 0 T M M 7.4 16 330 M M 10 23 320
8 26 19 23 -3 42 0 T M M 7.0 16 330 M M 10 1 22 330
9 32 18 25 0 40 0 0.04 M M 2.3 8 160 M M 9 1 10 180
10 35 28 32 7 33 0 0.07 M M 5.1 16 320 M M 10 1 24 350
11 46 26 36 12 29 0 0.00 M M 1.5 9 180 M M 6 1 10 160
12 42 33 38 14 27 0 0.07 M M 2.3 9 200 M M 8 1 13 240
13 48 31 40 16 25 0 T M M 6.6 17 310 M M 9 27 320
14 34 28 31 8 34 0 T M M 4.7 18 320 M M 9 30 320
15 29 7 18 -5 47 0 T M M 9.5 21 310 M M 6 36 300
16 14 2 8 -14 57 0 0.00 M M 4.2 14 10 M M 3 16 10
17 18 1 10 -12 55 0 T M M 3.8 12 20 M M 8 1 15 10
18 22 -9 7 -15 58 0 0.03 M M 1.0 6 30 M M 0 7 40
19 18 -8 5 -16 60 0 T M M 0.7 6 220 M M 0 6 210
20 M M M M M M 0.00 M M M M M M M 0 M M
21 36 30 33 12 32 0 0.00 M M 0.3 6 180 M M 4 18 6 180
22 37 26 32 12 33 0 0.07 M M 4.9 16 310 M M 10 1 29 340
23 32 15 24 4 41 0 T M M 4.7 18 320 M M 4 1 26 300
24 54 30 42 22 23 0 0.04 M M 9.9 25 180 M M 7 1 37 160
25 60 38 49 29 16 0 0.73 M M 18.5 35 160 M M 10 18 51 190
26 38 22 30 11 35 0 T M M 7.2 17 210 M M 10 12 23 200
27 30 14 22 3 43 0 0.02 M M 1.3 10 240 M M 8 18 14 230
28 41 19 30 11 35 0 0.07 M M 8.1 25 180 M M 7 37 170
29 36 4 20 2 45 0 T M M 5.9 17 320 M M 6 1 27 300
30 36 3 20 2 45 0 T M M 3.1 10 210 M M 5 14 200
31 40 24 32 14 33 0 T M M 6.9 16 310 M M 8 24 310
================================================================================
SM 1087 601 1100 0 1.49 M 178.6 M 217
================================================================================
AV 36.2 20.0 6.0 FASTST M M 7 MAX(MPH)
MISC ----> 35 160 51 190
================================================================================
NOTES:
# LAST OF SEVERAL OCCURRENCES
COLUMN 17 PEAK WIND IN M.P.H.
PRELIMINARY LOCAL CLIMATOLOGICAL DATA (WS FORM: F-6) , PAGE 2
STATION: MORRISVILLE VT
MONTH: DECEMBER
YEAR: 2020
LATITUDE: 44 31 N
LONGITUDE: 72 37 W
[TEMPERATURE DATA] [PRECIPITATION DATA] SYMBOLS USED IN COLUMN 16
AVERAGE MONTHLY: 28.1 TOTAL FOR MONTH: 1.49 1 = FOG OR MIST
DPTR FM NORMAL: 5.3 DPTR FM NORMAL: -1.15 2 = FOG REDUCING VISIBILITY
HIGHEST: 63 ON 1 GRTST 24HR 1.17 ON 30- 1 TO 1/4 MILE OR LESS
LOWEST: -9 ON 18 3 = THUNDER
SNOW, ICE PELLETS, HAIL 4 = ICE PELLETS
TOTAL MONTH: M 5 = HAIL
GRTST 24HR M ON M 6 = FREEZING RAIN OR DRIZZLE
GRTST DEPTH: M ON M 7 = DUSTSTORM OR SANDSTORM:
VSBY 1/2 MILE OR LESS
8 = SMOKE OR HAZE
[NO. OF DAYS WITH] [WEATHER - DAYS WITH] 9 = BLOWING SNOW
X = TORNADO
MAX 32 OR BELOW: 11 0.01 INCH OR MORE: 12
MAX 90 OR ABOVE: 0 0.10 INCH OR MORE: 3
MIN 32 OR BELOW: 27 0.50 INCH OR MORE: 1
MIN 0 OR BELOW: 2 1.00 INCH OR MORE: 0
[HDD (BASE 65) ]
TOTAL THIS MO. 1100 CLEAR (SCALE 0-3) 3
DPTR FM NORMAL -210 PTCLDY (SCALE 4-7) 13
TOTAL FM JUL 1 2750 CLOUDY (SCALE 8-10) 15
DPTR FM NORMAL -388
[CDD (BASE 65) ]
TOTAL THIS MO. 0
DPTR FM NORMAL 0 [PRESSURE DATA]
TOTAL FM JAN 1 455 HIGHEST SLP 30.59 ON 16
DPTR FM NORMAL 190 LOWEST SLP 29.35 ON 1
[REMARKS]
#FINAL-12-20#