000
CXUS54 KFWD 072133
CF6MWL
PRELIMINARY LOCAL CLIMATOLOGICAL DATA (WS FORM: F-6)
STATION: MINERAL WELLS
MONTH: MARCH
YEAR: 2022
LATITUDE: 32 46 N
LONGITUDE: 98 4 W
TEMPERATURE IN F: :PCPN: SNOW: WIND :SUNSHINE: SKY :PK WND
================================================================================
1 2 3 4 5 6A 6B 7 8 9 10 11 12 13 14 15 16 17 18
12Z AVG MX 2MIN
DY MAX MIN AVG DEP HDD CDD WTR SNW DPTH SPD SPD DIR MIN PSBL S-S WX SPD DR
================================================================================
1 75 35 55 2 10 0 0.00 M M 4.6 12 140 M M 0 14 140
2 80 41 61 7 4 0 0.00 M M 5.8 14 160 M M 0 20 140
3 82 37 60 6 5 0 0.00 M M 5.7 14 130 M M 0 20 140
4 75 50 63 9 2 0 0.00 M M 12.4 23 170 M M 5 34 170
5 85 60 73 19 0 8 0.00 M M 12.7 23 190 M M 4 32 200
6 76 37 57 2 8 0 0.20 M M 12.0 23 310 M M 8 13 31 330
7 51 34 43 -12 22 0 T M M 12.1 22 350 M M 5 31 340
8 50 32 41 -14 24 0 T M M 5.1 10 60 M M 4 16 40
9 62 25 44 -12 21 0 0.00 M M 5.3 14 130 M M 0 19 110
10 70 35 53 -3 12 0 0.00 M M 10.4 24 350 M M 0 33 350
11 40 25 33 -23 32 0 T M M 16.3 28 350 M M 7 35 340
12 60 19 40 -17 25 0 0.00 M M 5.8 15 210 M M 0 19 200
13 69 29 49 -8 16 0 0.00 M M 12.9 24 160 M M 0 34 150
14 81 47 64 7 1 0 0.00 M M 13.8 26 310 M M 3 37 320
15 74 46 60 2 5 0 0.00 M M 9.5 23 330 M M 0 30 310
16 84 38 61 3 4 0 0.00 M M 9.8 20 180 M M 0 26 200
17 83 52 68 10 0 3 T M M 16.8 30 310 M M 1 43 320
18 68 45 57 -1 8 0 0.00 M M 15.9 33 320 M M 3 42 330
19 78 32 55 -4 10 0 0.00 M M 5.1 14 150 M M 0 23 190
20 82 42 62 3 3 0 0.00 M M 14.9 29 150 M M 1 40 140
21 75 54 65 6 0 0 0.39 M M 14.1 44 230 M M 8 138 58 230
22 55 44 50 -10 15 0 0.00 M M 16.1 30 320 M M 7 39 320
23 65 40 53 -7 12 0 0.00 M M 12.5 29 310 M M 2 37 310
24 70 32 51 -9 14 0 0.00 M M 8.3 22 300 M M 0 31 290
25 85 35 60 0 5 0 0.00 M M 3.8 13 120 M M 0 8 18 130
26 89 46 68 7 0 3 0.00 M M 5.2 15 230 M M 0 22 230
27 96 48 72 11 0 7 0.00 M M 8.5 20 200 M M 0 30 160
28 90 55 73 12 0 8 0.00 M M 14.0 23 150 M M 0 8 37 130
29 79 65 72 11 0 7 0.01 M M 18.0 30 160 M M 2 43 170
30 70 42 56 -6 9 0 0.38 M M 12.4 28 330 M M 4 13 39 330
31 71 41 56 -6 9 0 T M M 8.6 21 320 M M 3 31 310
================================================================================
SM 2270 1263 276 36 0.98 M 328.4 M 67
================================================================================
AV 73.2 40.7 10.6 FASTST M M 2 MAX(MPH)
MISC ----> 44 230 58 230
================================================================================
NOTES:
# LAST OF SEVERAL OCCURRENCES
COLUMN 17 PEAK WIND IN M.P.H.
PRELIMINARY LOCAL CLIMATOLOGICAL DATA (WS FORM: F-6) , PAGE 2
STATION: MINERAL WELLS
MONTH: MARCH
YEAR: 2022
LATITUDE: 32 46 N
LONGITUDE: 98 4 W
[TEMPERATURE DATA] [PRECIPITATION DATA] SYMBOLS USED IN COLUMN 16
AVERAGE MONTHLY: 57.0 TOTAL FOR MONTH: 0.98 1 = FOG OR MIST
DPTR FM NORMAL: -0.7 DPTR FM NORMAL: -2.00 2 = FOG REDUCING VISIBILITY
HIGHEST: 96 ON 27 GRTST 24HR 0.39 ON 21-21 TO 1/4 MILE OR LESS
LOWEST: 19 ON 12 3 = THUNDER
SNOW, ICE PELLETS, HAIL 4 = ICE PELLETS
TOTAL MONTH: M 5 = HAIL
GRTST 24HR M ON M 6 = FREEZING RAIN OR DRIZZLE
GRTST DEPTH: M ON M 7 = DUSTSTORM OR SANDSTORM:
VSBY 1/2 MILE OR LESS
8 = SMOKE OR HAZE
[NO. OF DAYS WITH] [WEATHER - DAYS WITH] 9 = BLOWING SNOW
X = TORNADO
MAX 32 OR BELOW: 0 0.01 INCH OR MORE: 4
MAX 90 OR ABOVE: 2 0.10 INCH OR MORE: 3
MIN 32 OR BELOW: 7 0.50 INCH OR MORE: 0
MIN 0 OR BELOW: 0 1.00 INCH OR MORE: 0
[HDD (BASE 65) ]
TOTAL THIS MO. 276 CLEAR (SCALE 0-3) 21
DPTR FM NORMAL 16 PTCLDY (SCALE 4-7) 10
TOTAL FM JUL 1 2033 CLOUDY (SCALE 8-10) 0
DPTR FM NORMAL -262
[CDD (BASE 65) ]
TOTAL THIS MO. 36
DPTR FM NORMAL 1 [PRESSURE DATA]
TOTAL FM JAN 1 40 HIGHEST SLP 30.50 ON 12
DPTR FM NORMAL -3 LOWEST SLP 29.40 ON 29
[REMARKS]
#FINAL-03-22#