000
CXUS54 KLZK 011130
CF6MWT
PRELIMINARY LOCAL CLIMATOLOGICAL DATA (WS FORM: F-6)
STATION: MOUNT IDA
MONTH: APRIL
YEAR: 2021
LATITUDE: 34 32 N
LONGITUDE: 93 35 W
TEMPERATURE IN F: :PCPN: SNOW: WIND :SUNSHINE: SKY :PK WND
================================================================================
1 2 3 4 5 6A 6B 7 8 9 10 11 12 13 14 15 16 17 18
12Z AVG MX 2MIN
DY MAX MIN AVG DEP HDD CDD WTR SNW DPTH SPD SPD DIR MIN PSBL S-S WX SPD DR
================================================================================
1 62 30 46 -10 19 0 M M M 2.6 9 320 M M 0 8 21 99
2 62 29 46 -11 19 0 M M M 2.7 9 120 M M 0 M M
3 65 39 52 -5 13 0 M M M 2.9 8 180 M M 5 8 M M
4 74 37 56 -1 9 0 M M M 1.8 7 240 M M 3 18 M M
5 78 56 67 10 0 2 0.00 0.0 M 2.6 13 210 M M 6 19 200
6 75 64 70 12 0 5 M 0.0 M 5.9 8 210 M M 9 17 99
7 76 53 65 7 0 0 0.43 0.0 0 5.5 12 310 M M 6 18 21 310
8 79 40 60 2 5 0 0.00 0.0 0 5.0 9 300 M M 0 20 99
9 78 52 65 7 0 0 0.51 0.0 M 2.5 14 320 M M 3 1 25 310
10 65 45 55 -4 10 0 0.09 M M 4.7 16 320 M M 2 1 28 310
11 80 40 60 1 5 0 0.00 0.0 0 2.5 8 220 M M 0 M M
12 84 45 65 6 0 0 0.00 0.0 0 1.2 8 170 M M 1 M M
13 76 55 66 6 0 1 0.00 0.0 M 2.8 6 130 M M 1 M M
14 63 51 57 -3 8 0 0.60 M M 1.0 5 99 M M 9 1 M M
15 68 50 59 -1 6 0 0.10 M M 1.7 8 140 M M 5 1 14 40
16 56 50 53 -7 12 0 0.67 M M 2.2 10 130 M M 9 18 15 130
17 62 44 53 -8 12 0 M M M 2.7 9 340 M M 8 M M
18 66 38 52 -9 13 0 T M M 2.8 12 320 M M 3 1 20 290
19 74 34 54 -7 11 0 0.00 0.0 M 1.2 9 290 M M 0 14 10
20 70 42 56 -6 9 0 M M M 1.4 10 330 M M 0 23 330
21 63 29 46 -16 19 0 M M M 0.7 5 99 M M 0 M M
22 61 36 49 -13 16 0 T M M 1.8 9 140 M M 8 13 150
23 59 50 55 -7 10 0 1.76 M M 3.2 14 140 M M 10 1 18 140
24 70 48 59 -4 6 0 0.40 M M 3.3 15 320 M M 8 1 28 310
25 77 41 59 -4 6 0 0.00 0.0 0 3.5 15 140 M M 0 12 21 140
26 79 61 70 7 0 5 0.00 0.0 0 4.7 12 160 M M 0 22 210
27 76 68 72 8 0 7 T 0.0 0 2.8 8 200 M M 7 M M
28 78 70 74 10 0 9 0.01 0.0 M 4.8 15 140 M M 8 1 23 180
29 75 60 68 4 0 3 2.66 0.0 M 2.2 12 310 M M 6 1 23 260
30 78 53 66 2 0 1 0.00 0.0 M 1.1 8 130 M M 1 128 13 60
================================================================================
SM 2129 1410 208 33 7.23 0.0 83.9 M 118
================================================================================
AV 71.0 47.0 2.8 FASTST M M 4 MAX(MPH)
MISC ----> 16 320 28 310
================================================================================
NOTES:
# LAST OF SEVERAL OCCURRENCES
COLUMN 17 PEAK WIND IN M.P.H.
PRELIMINARY LOCAL CLIMATOLOGICAL DATA (WS FORM: F-6) , PAGE 2
STATION: MOUNT IDA
MONTH: APRIL
YEAR: 2021
LATITUDE: 34 32 N
LONGITUDE: 93 35 W
[TEMPERATURE DATA] [PRECIPITATION DATA] SYMBOLS USED IN COLUMN 16
AVERAGE MONTHLY: 59.0 TOTAL FOR MONTH: 7.23 1 = FOG OR MIST
DPTR FM NORMAL: -1.3 DPTR FM NORMAL: 1.80 2 = FOG REDUCING VISIBILITY
HIGHEST: 84 ON 12 GRTST 24HR 2.66 ON 29-30 TO 1/4 MILE OR LESS
LOWEST: 29 ON 21, 2 3 = THUNDER
SNOW, ICE PELLETS, HAIL 4 = ICE PELLETS
TOTAL MONTH: 0.0 INCH 5 = HAIL
GRTST 24HR 0.0 6 = FREEZING RAIN OR DRIZZLE
GRTST DEPTH: 0 7 = DUSTSTORM OR SANDSTORM:
VSBY 1/2 MILE OR LESS
8 = SMOKE OR HAZE
[NO. OF DAYS WITH] [WEATHER - DAYS WITH] 9 = BLOWING SNOW
X = TORNADO
MAX 32 OR BELOW: 0 0.01 INCH OR MORE: 10
MAX 90 OR ABOVE: 0 0.10 INCH OR MORE: 8
MIN 32 OR BELOW: 3 0.50 INCH OR MORE: 5
MIN 0 OR BELOW: 0 1.00 INCH OR MORE: 2
[HDD (BASE 65) ]
TOTAL THIS MO. 208 CLEAR (SCALE 0-3) 15
DPTR FM NORMAL 29 PTCLDY (SCALE 4-7) 9
TOTAL FM JUL 1 3109 CLOUDY (SCALE 8-10) 6
DPTR FM NORMAL -144
[CDD (BASE 65) ]
TOTAL THIS MO. 33
DPTR FM NORMAL -4 [PRESSURE DATA]
TOTAL FM JAN 1 45 HIGHEST SLP 30.56 ON 1
DPTR FM NORMAL -6 LOWEST SLP 29.50 ON 10
[REMARKS]
#FINAL-04-21#