000
CXUS56 KSGX 011045
CF6MYF
PRELIMINARY LOCAL CLIMATOLOGICAL DATA (WS FORM: F-6)
STATION: SAN DIEGO/MONTGOMERY FLD CA
MONTH: APRIL
YEAR: 2023
LATITUDE: 32 49 N
LONGITUDE: 117 9 W
TEMPERATURE IN F: :PCPN: SNOW: WIND :SUNSHINE: SKY :PK WND
================================================================================
1 2 3 4 5 6A 6B 7 8 9 10 11 12 13 14 15 16 17 18
12Z AVG MX 2MIN
DY MAX MIN AVG DEP HDD CDD WTR SNW DPTH SPD SPD DIR MIN PSBL S-S WX SPD DR
================================================================================
1 68 44 56 -4 9 0 0.00 M M 4.6 14 300 M M 0 17 300
2 63 47 55 -5 10 0 0.00 M M 4.9 13 220 M M 5 18 17 220
3 59 51 55 -5 10 0 T M M 12.4 22 320 M M 7 1 28 320
4 59 41 50 -10 15 0 0.00 M M 7.2 21 290 M M 0 26 300
5 64 40 52 -8 13 0 0.00 M M 5.0 15 300 M M 0 20 300
6 71 44 58 -2 7 0 0.00 M M 4.3 15 320 M M 0 19 300
7 69 47 58 -3 7 0 0.00 M M 4.4 15 300 M M 0 18 290
8 70 49 60 -1 5 0 0.00 M M 5.5 15 290 M M 2 1 19 290
9 67 52 60 -1 5 0 0.00 M M 4.6 12 290 M M 6 128 15 300
10 72 51 62 1 3 0 0.00 M M 4.1 12 230 M M 6 128 15 220
11 69 52 61 0 4 0 0.00 M M 4.8 13 240 M M 7 18 15 250
12 57 52 55 -6 10 0 0.06 M M 7.3 14 180 M M 10 18 18 170
13 56 50 53 -8 12 0 0.07 M M 7.7 16 190 M M 10 18 22 170
14 62 48 55 -6 10 0 0.00 M M 5.3 13 250 M M 8 17 240
15 66 51 59 -2 6 0 0.00 M M 4.8 13 300 M M 5 18 300
16 58 53 56 -6 9 0 0.00 M M 4.7 10 300 M M 10 18 12 310
17 64 52 58 -4 7 0 T M M 4.2 10 310 M M 10 1 13 310
18 63 52 58 -4 7 0 T M M 5.9 15 230 M M 7 1 20 340
19 67 49 58 -4 7 0 0.00 M M 5.7 15 290 M M 2 20 300
20 78 49 64 2 1 0 0.00 M M 4.7 17 310 M M 0 22 310
21 87 54 71 9 0 6 0.00 M M 4.6 20 330 M M 0 24 330
22 82 53 68 6 0 3 0.00 M M 3.9 12 240 M M 0 18 14 240
23 66 56 61 -1 4 0 0.00 M M 6.0 14 260 M M 5 18 17 250
24 67 56 62 0 3 0 0.00 M M 5.4 12 240 M M 6 18 18 240
25 67 56 62 -1 3 0 0.00 M M 5.1 14 260 M M 9 18 240
26 72 58 65 2 0 0 0.00 M M 6.0 14 270 M M 7 18 19 280
27 73 55 64 1 1 0 0.00 M M 4.1 12 300 M M 5 18 16 270
28 68 54 61 -2 4 0 0.00 M M 3.8 12 280 M M 7 18 17 290
29 69 55 62 -1 3 0 0.00 M M 4.2 12 280 M M 6 18 16 300
30 64 54 59 -4 6 0 0.00 M M 5.4 12 170 M M 10 1 15 240
================================================================================
SM 2017 1525 181 9 0.13 M 160.6 M 150
================================================================================
AV 67.2 50.8 5.4 FASTST M M 5 MAX(MPH)
MISC ----> 22 320 28 320
================================================================================
NOTES:
# LAST OF SEVERAL OCCURRENCES
COLUMN 17 PEAK WIND IN M.P.H.
PRELIMINARY LOCAL CLIMATOLOGICAL DATA (WS FORM: F-6) , PAGE 2
STATION: SAN DIEGO/MONTGOMERY FLD CA
MONTH: APRIL
YEAR: 2023
LATITUDE: 32 49 N
LONGITUDE: 117 9 W
[TEMPERATURE DATA] [PRECIPITATION DATA] SYMBOLS USED IN COLUMN 16
AVERAGE MONTHLY: 59.0 TOTAL FOR MONTH: 0.13 1 = FOG OR MIST
DPTR FM NORMAL: -2.5 DPTR FM NORMAL: -0.64 2 = FOG REDUCING VISIBILITY
HIGHEST: 87 ON 21 GRTST 24HR 0.13 ON 12-13 TO 1/4 MILE OR LESS
LOWEST: 40 ON 5 3 = THUNDER
SNOW, ICE PELLETS, HAIL 4 = ICE PELLETS
TOTAL MONTH: M 5 = HAIL
GRTST 24HR M ON M 6 = FREEZING RAIN OR DRIZZLE
GRTST DEPTH: M ON M 7 = DUSTSTORM OR SANDSTORM:
VSBY 1/2 MILE OR LESS
8 = SMOKE OR HAZE
[NO. OF DAYS WITH] [WEATHER - DAYS WITH] 9 = BLOWING SNOW
X = TORNADO
MAX 32 OR BELOW: 0 0.01 INCH OR MORE: 2
MAX 90 OR ABOVE: 0 0.10 INCH OR MORE: 0
MIN 32 OR BELOW: 0 0.50 INCH OR MORE: 0
MIN 0 OR BELOW: 0 1.00 INCH OR MORE: 0
[HDD (BASE 65) ]
TOTAL THIS MO. 181 CLEAR (SCALE 0-3) 10
DPTR FM NORMAL 55 PTCLDY (SCALE 4-7) 14
TOTAL FM JUL 1 1678 CLOUDY (SCALE 8-10) 6
DPTR FM NORMAL 430
[CDD (BASE 65) ]
TOTAL THIS MO. 9
DPTR FM NORMAL -14 [PRESSURE DATA]
TOTAL FM JAN 1 9 HIGHEST SLP 30.15 ON 4
DPTR FM NORMAL -32 LOWEST SLP 29.78 ON 23
[REMARKS]
#FINAL-04-23#