000
CXUS56 KSTO 191300
CF6MYV
PRELIMINARY LOCAL CLIMATOLOGICAL DATA (WS FORM: F-6)
STATION: MARYSVILLE
MONTH: APRIL
YEAR: 2024
LATITUDE: 39 6 N
LONGITUDE: 121-34 E
TEMPERATURE IN F: :PCPN: SNOW: WIND :SUNSHINE: SKY :PK WND
================================================================================
1 2 3 4 5 6A 6B 7 8 9 10 11 12 13 14 15 16 17 18
12Z AVG MX 2MIN
DY MAX MIN AVG DEP HDD CDD WTR SNW DPTH SPD SPD DIR MIN PSBL S-S WX SPD DR
================================================================================
1 76 47 62 6 3 0 0.00 M M 6.8 14 300 M M 0 20 340
2 75 46 61 5 4 0 0.00 M M 6.3 15 160 M M 0 21 160
3 71 46 59 2 6 0 0.00 M M 12.2 23 170 M M 2 31 190
4 51 38 45 -12 20 0 0.18 M M 9.3 18 210 M M 4 25 210
5 57 38 48 -9 17 0 0.01 M M 5.7 14 160 M M 6 19 170
6 62 37 50 -7 15 0 0.00 M M 6.7 15 180 M M 1 21 120
7 67 35 51 -6 14 0 0.00 0.0 M 4.3 14 320 M M 0 20 330
8 75 43 59 1 6 0 0.00 0.0 M 8.7 18 330 M M 0 24 310
9 79 42 61 3 4 0 0.00 0.0 M 4.7 12 130 M M 0 15 180
10 82 48 65 7 0 0 0.00 M M 2.5 7 80 M M 0 11 330
11 83 51 67 9 0 2 0.00 M M 4.6 10 140 M M 0 14 160
12 74 54 64 6 1 0 0.00 0.0 M 12.0 23 180 M M 4 31 170
13 58 47 53 -6 12 0 0.56 0.0 M 6.6 20 220 M M 10 1 25 220
14 60 45 53 -6 12 0 0.01 M M 3.4 10 220 M M 8 14 210
15 70 50 60 1 5 0 0.00 M M 5.4 14 330 M M 3 20 330
16 76 46 61 2 4 0 0.00 M M 3.3 9 150 M M 0 13 140
17 80 50 65 5 0 0 0.00 M M 3.2 9 300 M M 0 13 50
18 81 54 68 8 0 3 0.00 M M 3.5 8 220 M M 0 11 230
================================================================================
SM 1277 817 123 5 0.76 0.0 109.2 M 38
================================================================================
AV 70.9 45.4 6.1 FASTST M M 2 MAX(MPH)
MISC ----> # 23 170 # 31 190
================================================================================
NOTES:
# LAST OF SEVERAL OCCURRENCES
COLUMN 17 PEAK WIND IN M.P.H.
PRELIMINARY LOCAL CLIMATOLOGICAL DATA (WS FORM: F-6) , PAGE 2
STATION: MARYSVILLE
MONTH: APRIL
YEAR: 2024
LATITUDE: 39 6 N
LONGITUDE: 121-34 E
[TEMPERATURE DATA] [PRECIPITATION DATA] SYMBOLS USED IN COLUMN 16
AVERAGE MONTHLY: 58.2 TOTAL FOR MONTH: 0.76 1 = FOG OR MIST
DPTR FM NORMAL: 0.2 DPTR FM NORMAL: -0.24 2 = FOG REDUCING VISIBILITY
HIGHEST: 83 ON 11 GRTST 24HR 0.56 ON 13-13 TO 1/4 MILE OR LESS
LOWEST: 35 ON 7 3 = THUNDER
SNOW, ICE PELLETS, HAIL 4 = ICE PELLETS
TOTAL MONTH: 0.0 INCH 5 = HAIL
GRTST 24HR 0.0 6 = FREEZING RAIN OR DRIZZLE
GRTST DEPTH: M ON M 7 = DUSTSTORM OR SANDSTORM:
VSBY 1/2 MILE OR LESS
8 = SMOKE OR HAZE
[NO. OF DAYS WITH] [WEATHER - DAYS WITH] 9 = BLOWING SNOW
X = TORNADO
MAX 32 OR BELOW: 0 0.01 INCH OR MORE: 4
MAX 90 OR ABOVE: 0 0.10 INCH OR MORE: 2
MIN 32 OR BELOW: 0 0.50 INCH OR MORE: 1
MIN 0 OR BELOW: 0 1.00 INCH OR MORE: 0
[HDD (BASE 65) ]
TOTAL THIS MO. 123 CLEAR (SCALE 0-3) 13
DPTR FM NORMAL -7 PTCLDY (SCALE 4-7) 3
TOTAL FM JUL 1 1927 CLOUDY (SCALE 8-10) 2
DPTR FM NORMAL -514
[CDD (BASE 65) ]
TOTAL THIS MO. 5
DPTR FM NORMAL 3 [PRESSURE DATA]
TOTAL FM JAN 1 5 HIGHEST SLP M ON M
DPTR FM NORMAL 2 LOWEST SLP 29.65 ON 12
[REMARKS]