000
CXUS53 KBIS 010830
CF6N60
PRELIMINARY LOCAL CLIMATOLOGICAL DATA (WS FORM: F-6)
STATION: GARRISON (AMOS) ND
MONTH: MAY
YEAR: 2022
LATITUDE: 47 39 N
LONGITUDE: 101 23 W
TEMPERATURE IN F: :PCPN: SNOW: WIND :SUNSHINE: SKY :PK WND
================================================================================
1 2 3 4 5 6A 6B 7 8 9 10 11 12 13 14 15 16 17 18
12Z AVG MX 2MIN
DY MAX MIN AVG DEP HDD CDD WTR SNW DPTH SPD SPD DIR MIN PSBL S-S WX SPD DR
================================================================================
1 57 33 45 -3 20 0 0.00 M M 15.7 32 330 M M 0 47 340
2 56 29 43 -5 22 0 0.00 M M 8.2 18 100 M M 0 23 100
3 56 28 42 -6 23 0 0.00 M M 10.6 18 170 M M 0 26 160
4 67 35 51 2 14 0 0.00 M M 9.0 18 160 M M 0 24 170
5 73 36 55 6 10 0 0.00 M M 10.5 18 160 M M 0 25 150
6 73 43 58 8 7 0 0.01 M M 11.4 23 150 M M 0 29 150
7 73 48 61 11 4 0 0.19 M M 14.2 36 200 M M 0 53 210
8 67 39 53 3 12 0 0.02 M M 6.5 17 180 M M 0 26 210
9 55 42 49 -2 16 0 0.51 M M 12.8 28 270 M M 0 36 270
10 67 38 53 2 12 0 0.00 M M 11.5 24 220 M M 0 32 230
11 67 50 59 7 6 0 0.03 M M 11.6 23 20 M M 0 36 20
12 59 47 53 1 12 0 0.89 M M 14.1 24 50 M M 0 45 60
13 56 45 51 -2 14 0 0.07 M M 23.7 39 250 M M 0 56 270
14 63 42 53 0 12 0 0.00 M M 17.6 32 280 M M 0 45 270
15 70 42 56 3 9 0 0.00 M M 15.5 30 300 M M 0 42 300
16 72 38 55 1 10 0 0.02 M M 8.1 28 120 M M 0 37 120
17 78 51 65 11 0 0 0.00 M M 12.8 20 150 M M 0 29 160
18 68 49 59 4 6 0 0.00 M M 16.4 36 300 M M 0 47 310
19 56 42 49 -6 16 0 0.21 M M 11.8 30 250 M M 0 47 240
20 46 36 41 -14 24 0 0.03 M M 16.9 29 330 M M 0 44 350
21 48 32 40 -16 25 0 0.01 M M 10.1 23 340 M M 0 27 340
22 61 39 50 -6 15 0 0.00 M M 8.1 16 310 M M 0 22 280
23 67 39 53 -3 12 0 0.00 M M 6.0 23 160 M M 0 30 160
24 69 39 54 -3 11 0 0.00 M M 9.0 17 160 M M 0 25 150
25 73 45 59 2 6 0 0.00 M M 8.8 16 160 M M 0 24 180
26 81 48 65 8 0 0 0.00 M M 9.8 24 300 M M 0 31 300
27 81 45 63 5 2 0 0.05 M M 8.2 23 180 M M 0 29 180
28 75 50 63 5 2 0 0.01 M M 7.4 17 90 M M 0 23 90
29 73 50 62 4 3 0 0.01 M M 12.0 26 330 M M 0 35 300
30 63 50 57 -2 8 0 0.00 M M 18.2 31 350 M M 0 43 340
31 65 46 56 -3 9 0 0.00 M M 27.7 41 330 M M 0 55 330
================================================================================
SM 2035 1296 342 0 2.06 M 384.2 M 0
================================================================================
AV 65.6 41.8 12.4 FASTST M M 0 MAX(MPH)
MISC ----> 41 330 56 270
================================================================================
NOTES:
# LAST OF SEVERAL OCCURRENCES
COLUMN 17 PEAK WIND IN M.P.H.
PRELIMINARY LOCAL CLIMATOLOGICAL DATA (WS FORM: F-6) , PAGE 2
STATION: GARRISON (AMOS) ND
MONTH: MAY
YEAR: 2022
LATITUDE: 47 39 N
LONGITUDE: 101 23 W
[TEMPERATURE DATA] [PRECIPITATION DATA] SYMBOLS USED IN COLUMN 16
AVERAGE MONTHLY: 53.7 TOTAL FOR MONTH: 2.06 1 = FOG OR MIST
DPTR FM NORMAL: 0.1 DPTR FM NORMAL: -0.56 2 = FOG REDUCING VISIBILITY
HIGHEST: 81 ON 27,26 GRTST 24HR 0.92 ON 12-13 TO 1/4 MILE OR LESS
LOWEST: 28 ON 3 3 = THUNDER
SNOW, ICE PELLETS, HAIL 4 = ICE PELLETS
TOTAL MONTH: M 5 = HAIL
GRTST 24HR M ON M 6 = FREEZING RAIN OR DRIZZLE
GRTST DEPTH: M ON M 7 = DUSTSTORM OR SANDSTORM:
VSBY 1/2 MILE OR LESS
8 = SMOKE OR HAZE
[NO. OF DAYS WITH] [WEATHER - DAYS WITH] 9 = BLOWING SNOW
X = TORNADO
MAX 32 OR BELOW: 0 0.01 INCH OR MORE: 14
MAX 90 OR ABOVE: 0 0.10 INCH OR MORE: 4
MIN 32 OR BELOW: 3 0.50 INCH OR MORE: 2
MIN 0 OR BELOW: 0 1.00 INCH OR MORE: 0
[HDD (BASE 65) ]
TOTAL THIS MO. 342 CLEAR (SCALE 0-3) 31
DPTR FM NORMAL -20 PTCLDY (SCALE 4-7) 0
TOTAL FM JUL 1 8716 CLOUDY (SCALE 8-10) 0
DPTR FM NORMAL -234
[CDD (BASE 65) ]
TOTAL THIS MO. 0
DPTR FM NORMAL -8 [PRESSURE DATA]
TOTAL FM JAN 1 0 HIGHEST SLP 30.32 ON 22
DPTR FM NORMAL -8 LOWEST SLP 29.11 ON 13
[REMARKS]
#FINAL-05-22#