000
CXUS53 KBIS 010930
CF6N60
PRELIMINARY LOCAL CLIMATOLOGICAL DATA (WS FORM: F-6)
STATION: GARRISON (AMOS) ND
MONTH: JANUARY
YEAR: 2024
LATITUDE: 47 39 N
LONGITUDE: 101 23 W
TEMPERATURE IN F: :PCPN: SNOW: WIND :SUNSHINE: SKY :PK WND
================================================================================
1 2 3 4 5 6A 6B 7 8 9 10 11 12 13 14 15 16 17 18
12Z AVG MX 2MIN
DY MAX MIN AVG DEP HDD CDD WTR SNW DPTH SPD SPD DIR MIN PSBL S-S WX SPD DR
================================================================================
1 42 16 29 17 36 0 0.00 M M 11.9 22 280 M M 0 31 280
2 35 19 27 15 38 0 0.00 M M 9.1 20 300 M M 0 26 300
3 22 15 19 7 46 0 T M M 5.8 13 330 M M 0 17 330
4 24 17 21 9 44 0 0.00 M M 12.4 21 190 M M 0 30 180
5 24 21 23 11 42 0 0.04 M M 2.9 8 80 M M 0 10 310
6 22 15 19 7 46 0 0.01 M M 8.1 18 330 M M 0 23 330
7 20 10 15 4 50 0 0.04 M M 11.9 18 90 M M 0 22 80
8 18 -4 7 -4 58 0 0.02 M M 5.2 12 300 M M 0 14 300
9 24 -8 8 -3 57 0 0.11 M M 7.0 14 160 M M 0 19 160
10 25 -4 11 0 54 0 0.00 M M 17.3 30 290 M M 0 45 290
11 -2 -15 -8 -19 73 0 0.00 M M 15.5 23 310 M M 0 29 310
12 -11 -20 -15 -26 80 0 0.01 M M 18.3 30 300 M M 0 38 290
13 -20 -29 -24 -35 89 0 0.01 M M 22.9 32 300 M M 0 39 300
14 -14 -26 -20 -31 85 0 0.00 M M 16.6 26 300 M M 0 35 300
15 -8 -19 -13 -24 78 0 0.00 M M 22.4 28 290 M M 0 42 280
16 5 -12 -3 -14 68 0 0.00 M M 17.4 23 290 M M 0 34 290
17 5 -7 -1 -12 66 0 0.00 M M 10.4 20 320 M M 0 28 300
18 8 -4 2 -9 63 0 0.04 M M 18.3 29 310 M M 0 43 300
19 M M M M M M 0.00 M M 12.0 24 300 M M 0 31 310
20 M M M M M M M M M 16.7 25 170 M M 0 34 170
21 M M M M M M 0.00 M M 4.9 17 190 M M 0 22 190
22 M M M M M M 0.05 M M 9.5 17 100 M M 0 22 100
23 25 15 20 9 45 0 0.00 M M 13.6 21 180 M M 0 26 170
24 34 13 24 13 41 0 0.00 M M 4.3 16 200 M M 0 19 200
25 25 6 16 5 49 0 0.00 M M 2.8 7 140 M M 0 9 150
26 39 9 24 13 41 0 0.00 M M 4.0 14 270 M M 0 18 300
27 41 15 28 17 37 0 0.00 M M 3.7 9 270 M M 0 10 280
28 45 20 33 22 32 0 0.00 M M 6.1 15 270 M M 0 19 270
29 46 26 36 25 29 0 0.00 M M 11.3 18 280 M M 0 25 290
30 52 24 38 27 27 0 0.00 M M 5.1 13 260 M M 0 16 270
31 53 26 40 29 25 0 0.00 M M 2.4 10 270 M M 0 14 280
================================================================================
SM 579 119 1399 0 0.33 M 329.8 M 0
================================================================================
AV 21.4 4.4 10.6 FASTST M M 0 MAX(MPH)
MISC ----> 32 300 45 290
================================================================================
NOTES:
# LAST OF SEVERAL OCCURRENCES
COLUMN 17 PEAK WIND IN M.P.H.
PRELIMINARY LOCAL CLIMATOLOGICAL DATA (WS FORM: F-6) , PAGE 2
STATION: GARRISON (AMOS) ND
MONTH: JANUARY
YEAR: 2024
LATITUDE: 47 39 N
LONGITUDE: 101 23 W
[TEMPERATURE DATA] [PRECIPITATION DATA] SYMBOLS USED IN COLUMN 16
AVERAGE MONTHLY: 12.9 TOTAL FOR MONTH: 0.33 1 = FOG OR MIST
DPTR FM NORMAL: 1.9 DPTR FM NORMAL: -0.27 2 = FOG REDUCING VISIBILITY
HIGHEST: 53 ON 31 GRTST 24HR 0.14 ON 9- 9 TO 1/4 MILE OR LESS
LOWEST: -29 ON 13 3 = THUNDER
SNOW, ICE PELLETS, HAIL 4 = ICE PELLETS
TOTAL MONTH: M 5 = HAIL
GRTST 24HR M ON M 6 = FREEZING RAIN OR DRIZZLE
GRTST DEPTH: M ON M 7 = DUSTSTORM OR SANDSTORM:
VSBY 1/2 MILE OR LESS
8 = SMOKE OR HAZE
[NO. OF DAYS WITH] [WEATHER - DAYS WITH] 9 = BLOWING SNOW
X = TORNADO
MAX 32 OR BELOW: 18 0.01 INCH OR MORE: 9
MAX 90 OR ABOVE: 0 0.10 INCH OR MORE: 1
MIN 32 OR BELOW: 27 0.50 INCH OR MORE: 0
MIN 0 OR BELOW: 11 1.00 INCH OR MORE: 0
[HDD (BASE 65) ]
TOTAL THIS MO. 1399 CLEAR (SCALE 0-3) 31
DPTR FM NORMAL -273 PTCLDY (SCALE 4-7) 0
TOTAL FM JUL 1 4366 CLOUDY (SCALE 8-10) 0
DPTR FM NORMAL -907
[CDD (BASE 65) ]
TOTAL THIS MO. 0
DPTR FM NORMAL 0 [PRESSURE DATA]
TOTAL FM JAN 1 0 HIGHEST SLP 30.66 ON 19
DPTR FM NORMAL 0 LOWEST SLP 28.14 ON 13
[REMARKS]
#FINAL-01-24#