000
CXUS53 KBIS 010830
CF6N60
PRELIMINARY LOCAL CLIMATOLOGICAL DATA (WS FORM: F-6)
STATION: GARRISON (AMOS) ND
MONTH: APRIL
YEAR: 2020
LATITUDE: 47 39 N
LONGITUDE: 101 23 W
TEMPERATURE IN F: :PCPN: SNOW: WIND :SUNSHINE: SKY :PK WND
================================================================================
1 2 3 4 5 6A 6B 7 8 9 10 11 12 13 14 15 16 17 18
12Z AVG MX 2MIN
DY MAX MIN AVG DEP HDD CDD WTR SNW DPTH SPD SPD DIR MIN PSBL S-S WX SPD DR
================================================================================
1 37 11 24 M 41 0 0.26 M M 19.6 29 330 M M 0 36 320
2 15 8 12 M 53 0 M M M 23.1 31 330 M M 0 37 320
3 24 8 16 M 49 0 0.00 M M 10.4 25 340 M M 0 33 340
4 37 10 24 M 41 0 0.00 M M 11.7 23 160 M M 0 29 160
5 41 22 32 M 33 0 0.00 M M 10.2 22 90 M M 0 28 100
6 56 28 42 M 23 0 0.00 M M 5.9 16 340 M M 0 21 330
7 61 27 44 M 21 0 0.00 M M 9.7 29 290 M M 0 46 290
8 43 27 35 M 30 0 0.00 M M 21.4 39 310 M M 0 55 320
9 40 17 29 M 36 0 0.00 M M 14.1 37 340 M M 0 46 330
10 54 27 41 M 24 0 0.00 M M 5.9 16 360 M M 0 25 10
11 40 24 32 M 33 0 0.00 M M 12.5 22 340 M M 0 31 340
12 32 15 24 M 41 0 0.03 M M 14.2 28 330 M M 0 36 350
13 24 8 16 M 49 0 0.01 M M 15.0 33 310 M M 0 41 310
14 33 5 19 M 46 0 0.00 M M 6.0 15 340 M M 0 18 340
15 38 13 26 M 39 0 0.00 M M 6.4 18 350 M M 0 26 330
16 42 17 30 M 35 0 0.00 M M 10.4 23 330 M M 0 30 340
17 59 21 40 M 25 0 0.00 M M 12.8 25 250 M M 0 35 210
18 54 24 39 M 26 0 0.00 M M 17.6 30 320 M M 0 40 350
19 55 16 36 M 29 0 0.00 M M 12.0 26 290 M M 0 37 290
20 56 22 39 M 26 0 0.00 M M 16.5 37 330 M M 0 50 320
21 75 22 49 M 16 0 0.00 M M 7.9 23 310 M M 0 33 290
22 74 40 57 M 8 0 0.02 M M 12.0 24 310 M M 0 35 330
23 63 35 49 M 16 0 0.00 M M 8.6 26 330 M M 0 36 340
24 65 31 48 M 17 0 0.02 M M 6.9 26 280 M M 0 36 280
25 62 38 50 M 15 0 0.02 M M 9.1 21 340 M M 0 28 320
26 71 35 53 M 12 0 0.00 M M 11.0 26 210 M M 0 36 220
27 70 29 50 M 15 0 0.00 M M 7.3 30 320 M M 0 38 310
28 64 41 53 M 12 0 0.00 M M 17.9 37 300 M M 0 50 310
29 65 30 48 M 17 0 0.00 M M 8.0 20 340 M M 0 26 350
30 79 37 58 M 7 0 0.00 M M 10.5 21 180 M M 0 27 200
================================================================================
SM 1529 688 835 0 0.36 M 354.6 M 0
================================================================================
AV 51.0 22.9 11.8 FASTST M M 0 MAX(MPH)
MISC ----> # 39 310 # 55 320
================================================================================
NOTES:
# LAST OF SEVERAL OCCURRENCES
COLUMN 17 PEAK WIND IN M.P.H.
PRELIMINARY LOCAL CLIMATOLOGICAL DATA (WS FORM: F-6) , PAGE 2
STATION: GARRISON (AMOS) ND
MONTH: APRIL
YEAR: 2020
LATITUDE: 47 39 N
LONGITUDE: 101 23 W
[TEMPERATURE DATA] [PRECIPITATION DATA] SYMBOLS USED IN COLUMN 16
AVERAGE MONTHLY: 37.0 TOTAL FOR MONTH: 0.36 1 = FOG OR MIST
DPTR FM NORMAL: M DPTR FM NORMAL: M 2 = FOG REDUCING VISIBILITY
HIGHEST: 79 ON 30 GRTST 24HR 0.26 ON 1- 1 TO 1/4 MILE OR LESS
LOWEST: 5 ON 14 3 = THUNDER
SNOW, ICE PELLETS, HAIL 4 = ICE PELLETS
TOTAL MONTH: M 5 = HAIL
GRTST 24HR M ON M 6 = FREEZING RAIN OR DRIZZLE
GRTST DEPTH: M ON M 7 = DUSTSTORM OR SANDSTORM:
VSBY 1/2 MILE OR LESS
8 = SMOKE OR HAZE
[NO. OF DAYS WITH] [WEATHER - DAYS WITH] 9 = BLOWING SNOW
X = TORNADO
MAX 32 OR BELOW: 4 0.01 INCH OR MORE: 6
MAX 90 OR ABOVE: 0 0.10 INCH OR MORE: 1
MIN 32 OR BELOW: 24 0.50 INCH OR MORE: 0
MIN 0 OR BELOW: 0 1.00 INCH OR MORE: 0
[HDD (BASE 65) ]
TOTAL THIS MO. 835 CLEAR (SCALE 0-3) 30
DPTR FM NORMAL M PTCLDY (SCALE 4-7) 0
TOTAL FM JUL 1 8611 CLOUDY (SCALE 8-10) 0
DPTR FM NORMAL M
[CDD (BASE 65) ]
TOTAL THIS MO. 0
DPTR FM NORMAL M [PRESSURE DATA]
TOTAL FM JAN 1 0 HIGHEST SLP 30.40 ON 3
DPTR FM NORMAL M LOWEST SLP 29.58 ON 17
[REMARKS]
#FINAL-04-20#