000
CXUS53 KBIS 010830
CF6N60
PRELIMINARY LOCAL CLIMATOLOGICAL DATA (WS FORM: F-6)
STATION: GARRISON (AMOS) ND
MONTH: OCTOBER
YEAR: 2023
LATITUDE: 47 39 N
LONGITUDE: 101 23 W
TEMPERATURE IN F: :PCPN: SNOW: WIND :SUNSHINE: SKY :PK WND
================================================================================
1 2 3 4 5 6A 6B 7 8 9 10 11 12 13 14 15 16 17 18
12Z AVG MX 2MIN
DY MAX MIN AVG DEP HDD CDD WTR SNW DPTH SPD SPD DIR MIN PSBL S-S WX SPD DR
================================================================================
1 85 63 74 23 0 9 0.00 M M 10.4 17 100 M M 0 24 360
2 68 58 63 13 2 0 0.00 M M 5.6 14 330 M M 0 19 320
3 72 48 60 10 5 0 0.34 M M 15.3 28 330 M M 0 35 310
4 65 46 56 6 9 0 0.04 M M 11.6 29 270 M M 0 40 270
5 56 38 47 -2 18 0 0.00 M M 24.6 39 300 M M 0 57 290
6 48 29 39 -9 26 0 0.00 M M 16.6 35 310 M M 0 49 310
7 70 31 51 3 14 0 0.00 M M 9.3 26 300 M M 0 34 290
8 67 36 52 5 13 0 0.00 M M 6.6 16 330 M M 0 22 340
9 57 34 46 -1 19 0 0.00 M M 6.4 13 100 M M 0 18 120
10 63 34 49 3 16 0 0.00 M M 9.8 18 100 M M 0 25 160
11 61 32 47 1 18 0 0.02 M M 14.4 25 100 M M 0 33 80
12 53 41 47 2 18 0 0.00 M M 11.1 23 70 M M 0 34 60
13 49 41 45 0 20 0 0.01 M M 8.7 16 20 M M 0 28 30
14 51 30 41 -3 24 0 0.00 M M 3.3 9 110 M M 0 12 120
15 56 26 41 -3 24 0 0.00 M M 3.6 10 170 M M 0 13 160
16 68 35 52 9 13 0 0.00 M M 3.5 10 220 M M 0 14 220
17 69 39 54 11 11 0 0.15 M M 7.9 40 280 M M 0 57 280
18 58 45 52 10 13 0 0.14 M M 14.1 26 310 M M 0 34 310
19 71 41 56 14 9 0 0.00 M M 8.1 21 300 M M 0 27 320
20 71 36 54 13 11 0 0.00 M M 12.0 31 320 M M 0 40 320
21 59 36 48 7 17 0 0.00 M M 7.8 16 310 M M 0 24 10
22 64 40 52 12 13 0 0.00 M M 8.5 16 180 M M 0 23 190
23 47 35 41 1 24 0 0.12 M M 8.5 16 340 M M 0 22 20
24 43 34 39 0 26 0 0.02 M M 7.1 16 70 M M 0 21 70
25 42 23 33 -6 32 0 0.56 M M 11.2 20 80 M M 0 29 50
26 24 18 21 -17 44 0 0.41 M M 13.4 23 330 M M 0 30 340
27 21 10 16 -22 49 0 0.00 M M 13.6 22 310 M M 0 30 290
28 25 9 17 -20 48 0 0.00 M M 13.6 23 270 M M 0 28 270
29 27 11 19 -18 46 0 0.01 M M 11.8 26 300 M M 0 33 300
30 28 10 19 -17 46 0 T M M 18.1 40 330 M M 0 52 330
31 M -1 M M M M M M M M M M M M 0 M M
================================================================================
SM 1638 1008 628 9 1.82 M 316.5 M 0
================================================================================
AV 54.6 32.5 10.6 FASTST M M 0 MAX(MPH)
MISC ----> # 40 280 # 57 290
================================================================================
NOTES:
# LAST OF SEVERAL OCCURRENCES
COLUMN 17 PEAK WIND IN M.P.H.
PRELIMINARY LOCAL CLIMATOLOGICAL DATA (WS FORM: F-6) , PAGE 2
STATION: GARRISON (AMOS) ND
MONTH: OCTOBER
YEAR: 2023
LATITUDE: 47 39 N
LONGITUDE: 101 23 W
[TEMPERATURE DATA] [PRECIPITATION DATA] SYMBOLS USED IN COLUMN 16
AVERAGE MONTHLY: 43.6 TOTAL FOR MONTH: 1.82 1 = FOG OR MIST
DPTR FM NORMAL: 0.3 DPTR FM NORMAL: 0.58 2 = FOG REDUCING VISIBILITY
HIGHEST: 85 ON 1 GRTST 24HR 0.62 ON 25-26 TO 1/4 MILE OR LESS
LOWEST: -1 ON 31 3 = THUNDER
SNOW, ICE PELLETS, HAIL 4 = ICE PELLETS
TOTAL MONTH: M 5 = HAIL
GRTST 24HR M ON M 6 = FREEZING RAIN OR DRIZZLE
GRTST DEPTH: M ON M 7 = DUSTSTORM OR SANDSTORM:
VSBY 1/2 MILE OR LESS
8 = SMOKE OR HAZE
[NO. OF DAYS WITH] [WEATHER - DAYS WITH] 9 = BLOWING SNOW
X = TORNADO
MAX 32 OR BELOW: 5 0.01 INCH OR MORE: 11
MAX 90 OR ABOVE: 0 0.10 INCH OR MORE: 6
MIN 32 OR BELOW: 12 0.50 INCH OR MORE: 1
MIN 0 OR BELOW: 1 1.00 INCH OR MORE: 0
[HDD (BASE 65) ]
TOTAL THIS MO. 628 CLEAR (SCALE 0-3) 31
DPTR FM NORMAL -46 PTCLDY (SCALE 4-7) 0
TOTAL FM JUL 1 842 CLOUDY (SCALE 8-10) 0
DPTR FM NORMAL -151
[CDD (BASE 65) ]
TOTAL THIS MO. 9
DPTR FM NORMAL 8 [PRESSURE DATA]
TOTAL FM JAN 1 471 HIGHEST SLP M ON M
DPTR FM NORMAL 135 LOWEST SLP 29.52 ON 3
[REMARKS]
#FINAL-10-23#