307
CXUS55 KPSR 011005
CF6NYL
PRELIMINARY LOCAL CLIMATOLOGICAL DATA (WS FORM: F-6)
STATION: YUMA AZ
MONTH: MAY
YEAR: 2020
LATITUDE: 32 39 N
LONGITUDE: 114 37 W
TEMPERATURE IN F: :PCPN: SNOW: WIND :SUNSHINE: SKY :PK WND
================================================================================
1 2 3 4 5 6A 6B 7 8 9 10 11 12 13 14 15 16 17 18
12Z AVG MX 2MIN
DY MAX MIN AVG DEP HDD CDD WTR SNW DPTH SPD SPD DIR MIN PSBL S-S WX SPD DR
================================================================================
1 100 69 85 8 0 20 0.00 M M 5.4 16 180 M M 0 18 180
2 97 69 83 5 0 18 0.00 M M 6.5 17 280 M M 0 23 280
3 96 64 80 2 0 15 0.00 M M 5.5 15 250 M M 0 22 220
4 99 67 83 5 0 18 0.00 M M 6.1 17 350 M M 0 22 350
5 104 68 86 8 0 21 0.00 M M 4.4 16 10 M M 0 19 360
6 106 69 88 9 0 23 0.00 M M 4.2 10 260 M M 1 13 270
7 106 74 90 11 0 25 0.00 M M 4.1 13 230 M M 1 18 240
8 106 75 91 12 0 26 0.00 M M 6.9 21 210 M M 1 25 200
9 102 76 89 9 0 24 0.00 M M 9.3 23 210 M M 0 27 210
10 103 78 91 11 0 26 0.00 M M 10.5 22 200 M M 0 27 210
11 99 72 86 6 0 21 0.00 M M 10.3 16 220 M M 1 26 200
12 93 66 80 0 0 15 0.00 M M 10.5 22 290 M M 0 29 310
13 88 64 76 -5 0 11 0.00 M M 9.7 16 210 M M 1 21 290
14 91 64 78 -3 0 13 0.00 M M 6.0 13 270 M M 2 20 270
15 92 66 79 -2 0 14 0.00 M M 4.8 13 280 M M 0 15 280
16 97 69 83 2 0 18 0.00 M M 7.7 15 200 M M 0 20 200
17 98 69 84 2 0 19 0.00 M M 10.9 22 150 M M 0 27 160
18 96 71 84 2 0 19 0.00 M M 8.2 22 300 M M 0 27 320
19 84 64 74 -8 0 9 0.00 M M 16.5 26 300 M M 0 36 300
20 87 59 73 -9 0 8 0.00 M M 4.6 13 290 M M 0 17 290
21 94 60 77 -6 0 12 0.00 M M 4.2 13 180 M M 0 15 290
22 97 68 83 0 0 18 0.00 M M 8.8 21 190 M M 0 25 170
23 93 64 79 -4 0 14 0.00 M M 6.7 14 240 M M 0 19 290
24 99 65 82 -1 0 17 0.00 M M 5.1 16 30 M M 0 24 30
25 102 68 85 1 0 20 0.00 M M 6.7 21 350 M M 1 26 360
26 105 69 87 3 0 22 0.00 M M 4.0 13 190 M M 1 16 190
27 107 73 90 6 0 25 0.00 M M 7.5 15 190 M M 1 20 200
28 108 74 91 7 0 26 0.00 M M 7.0 17 190 M M 0 22 170
29 108 76 92 7 0 27 0.00 M M 8.7 18 190 M M 1 25 170
30 102 76 89 4 0 24 0.00 M M 8.1 21 310 M M 0 27 310
31 102 71 87 2 0 22 0.00 M M 5.5 15 320 M M 0 19 320
================================================================================
SM 3061 2137 0 590 0.00 M 224.4 M 11
================================================================================
AV 98.7 68.9 7.2 FASTST M M 0 MAX(MPH)
MISC ----> 26 300 36 300
================================================================================
NOTES:
# LAST OF SEVERAL OCCURRENCES
COLUMN 17 PEAK WIND IN M.P.H.
PRELIMINARY LOCAL CLIMATOLOGICAL DATA (WS FORM: F-6) , PAGE 2
STATION: YUMA AZ
MONTH: MAY
YEAR: 2020
LATITUDE: 32 39 N
LONGITUDE: 114 37 W
[TEMPERATURE DATA] [PRECIPITATION DATA] SYMBOLS USED IN COLUMN 16
AVERAGE MONTHLY: 83.8 TOTAL FOR MONTH: 0.00 1 = FOG OR MIST
DPTR FM NORMAL: 2.5 DPTR FM NORMAL: -0.08 2 = FOG REDUCING VISIBILITY
HIGHEST: 108 ON 29,28 GRTST 24HR 0.00 ON 1- 1 TO 1/4 MILE OR LESS
LOWEST: 59 ON 20 3 = THUNDER
SNOW, ICE PELLETS, HAIL 4 = ICE PELLETS
TOTAL MONTH: M 5 = HAIL
GRTST 24HR M ON M 6 = FREEZING RAIN OR DRIZZLE
GRTST DEPTH: M ON M 7 = DUSTSTORM OR SANDSTORM:
VSBY 1/2 MILE OR LESS
8 = SMOKE OR HAZE
[NO. OF DAYS WITH] [WEATHER - DAYS WITH] 9 = BLOWING SNOW
X = TORNADO
MAX 32 OR BELOW: 0 0.01 INCH OR MORE: 0
MAX 90 OR ABOVE: 28 0.10 INCH OR MORE: 0
MIN 32 OR BELOW: 0 0.50 INCH OR MORE: 0
MIN 0 OR BELOW: 0 1.00 INCH OR MORE: 0
[HDD (BASE 65) ]
TOTAL THIS MO. 0 CLEAR (SCALE 0-3) 31
DPTR FM NORMAL 0 PTCLDY (SCALE 4-7) 0
TOTAL FM JUL 1 712 CLOUDY (SCALE 8-10) 0
DPTR FM NORMAL 26
[CDD (BASE 65) ]
TOTAL THIS MO. 590
DPTR FM NORMAL 84 [PRESSURE DATA]
TOTAL FM JAN 1 897 HIGHEST SLP 29.99 ON 20
DPTR FM NORMAL -15 LOWEST SLP 29.66 ON 30
[REMARKS]
#FINAL-05-20#