615
CXUS53 KOAX 090217
CF6OAX
PRELIMINARY LOCAL CLIMATOLOGICAL DATA (WS FORM: F-6)
STATION: VALLEY NWS NE
MONTH: JUNE
YEAR: 2020
LATITUDE: 41 19 N
LONGITUDE: 96 22 W
TEMPERATURE IN F: :PCPN: SNOW: WIND :SUNSHINE: SKY :PK WND
================================================================================
1 2 3 4 5 6A 6B 7 8 9 10 11 12 13 14 15 16 17 18
12Z AVG MX 2MIN
DY MAX MIN AVG DEP HDD CDD WTR SNW DPTH SPD SPD DIR MIN PSBL S-S WX SPD DR
================================================================================
1 91 69 80 12 0 15 0.03 0.0 0 M M M M M M 35 M
2 93 69 81 13 0 16 0.00 0.0 0 M M M M M M 25 M
3 91 68 80 11 0 15 0.02 0.0 0 M M M M M M 35 M
4 89 66 78 9 0 13 0.00 0.0 0 M M M M M M 24 M
5 92 72 82 13 0 17 0.00 0.0 0 M M M M M M 23 M
6 94 75 85 15 0 20 0.00 0.0 0 M M M M M M 29 M
7 93 77 85 15 0 20 0.00 0.0 0 M M M M M M 38 M
8 93 76 85 15 0 20 0.00 0.0 0 M M M M M M 30 M
9 89 60 75 4 0 10 1.04 0.0 0 M M M M M M 3 44 M
10 76 58 67 -4 0 2 0.09 0.0 0 M M M M M M 44 M
11 88 60 74 3 0 9 0.00 0.0 0 M M M M M M 21 M
12 89 63 76 4 0 11 0.00 0.0 0 M M M M M M 22 M
13 91 67 79 7 0 14 0.00 0.0 0 M M M M M M 28 M
14 92 73 83 11 0 18 0.00 0.0 0 M M M M M M 31 M
15 92 74 83 11 0 18 0.00 0.0 0 M M M M M M 28 M
16 91 72 82 9 0 17 0.00 0.0 0 M M M M M M 32 M
17 91 72 82 9 0 17 0.00 0.0 0 M M M M M M 32 M
18 81 63 72 -1 0 7 0.88 0.0 0 M M M M M M 3 32 M
19 78 61 70 -3 0 5 0.36 0.0 0 M M M M M M 20 M
20 82 65 74 0 0 9 0.01 0.0 0 M M M M M M 3 21 M
21 84 67 76 2 0 11 T 0.0 0 M M M M M M 20 M
22 83 64 74 0 0 9 0.36 0.0 0 M M M M M M 3 39 M
23 79 58 69 -5 0 4 0.00 0.0 0 M M M M M M 21 M
24 82 58 70 -4 0 5 0.00 0.0 0 M M M M M M 16 M
25 89 67 78 3 0 13 0.00 0.0 0 M M M M M M 21 M
26 88 74 81 6 0 16 T 0.0 0 M M M M M M 22 M
27 85 72 79 4 0 14 0.01 0.0 0 M M M M M M 17 M
28 88 68 78 3 0 13 0.33 0.0 0 M M M M M M 38 29 M
29 85 76 81 6 0 16 0.00 0.0 0 M M M M M M 8 24 M
30 87 66 77 1 0 12 0.52 0.0 0 M M M M M M 38 47 M
================================================================================
SM 2626 2030 0 386 3.65 0.0 M M M
================================================================================
AV 87.5 67.7 M FASTST M M 0 MAX(MPH)
MISC ----> M M 47 M
================================================================================
NOTES:
# LAST OF SEVERAL OCCURRENCES
COLUMN 17 PEAK WIND IN M.P.H.
PRELIMINARY LOCAL CLIMATOLOGICAL DATA (WS FORM: F-6) , PAGE 2
STATION: VALLEY NWS NE
MONTH: JUNE
YEAR: 2020
LATITUDE: 41 19 N
LONGITUDE: 96 22 W
[TEMPERATURE DATA] [PRECIPITATION DATA] SYMBOLS USED IN COLUMN 16
AVERAGE MONTHLY: 77.6 TOTAL FOR MONTH: 3.65 1 = FOG OR MIST
DPTR FM NORMAL: 5.4 DPTR FM NORMAL: -1.44 2 = FOG REDUCING VISIBILITY
HIGHEST: 94 ON 6 GRTST 24HR 1.04 ON 9- 9 TO 1/4 MILE OR LESS
LOWEST: 58 ON 24,23 3 = THUNDER
SNOW, ICE PELLETS, HAIL 4 = ICE PELLETS
TOTAL MONTH: 0.0 INCH 5 = HAIL
GRTST 24HR 0.0 6 = FREEZING RAIN OR DRIZZLE
GRTST DEPTH: 0 7 = DUSTSTORM OR SANDSTORM:
VSBY 1/2 MILE OR LESS
8 = SMOKE OR HAZE
[NO. OF DAYS WITH] [WEATHER - DAYS WITH] 9 = BLOWING SNOW
X = TORNADO
MAX 32 OR BELOW: 0 0.01 INCH OR MORE: 11
MAX 90 OR ABOVE: 12 0.10 INCH OR MORE: 6
MIN 32 OR BELOW: 0 0.50 INCH OR MORE: 3
MIN 0 OR BELOW: 0 1.00 INCH OR MORE: 1
[HDD (BASE 65) ]
TOTAL THIS MO. 0 CLEAR (SCALE 0-3) 0
DPTR FM NORMAL -16 PTCLDY (SCALE 4-7) 0
TOTAL FM JUL 1 5746 CLOUDY (SCALE 8-10) 0
DPTR FM NORMAL -520
[CDD (BASE 65) ]
TOTAL THIS MO. 386
DPTR FM NORMAL 152 [PRESSURE DATA]
TOTAL FM JAN 1 422 HIGHEST SLP M ON M
DPTR FM NORMAL 116 LOWEST SLP M ON M
[REMARKS]
#FINAL-06-20#