000
CXUS53 KOAX 011000
CF6OAX
PRELIMINARY LOCAL CLIMATOLOGICAL DATA (WS FORM: F-6)
STATION: VALLEY NWS NE
MONTH: APRIL
YEAR: 2020
LATITUDE: 41 19 N
LONGITUDE: 96 22 W
TEMPERATURE IN F: :PCPN: SNOW: WIND :SUNSHINE: SKY :PK WND
================================================================================
1 2 3 4 5 6A 6B 7 8 9 10 11 12 13 14 15 16 17 18
12Z AVG MX 2MIN
DY MAX MIN AVG DEP HDD CDD WTR SNW DPTH SPD SPD DIR MIN PSBL S-S WX SPD DR
================================================================================
1 74 48 61 16 4 0 0.00 0.0 0 M M M M M M 30 M
2 59 25 42 -4 23 0 0.05 T 0 M M M M M M 146 32 M
3 33 23 28 -18 37 0 0.05 0.3 T M M M M M M 46 32 M
4 50 27 39 -7 26 0 0.00 0.0 0 M M M M M M 25 M
5 61 32 47 0 18 0 0.00 0.0 0 M M M M M M 24 M
6 72 51 62 15 3 0 T 0.0 0 M M M M M M 22 M
7 84 48 66 19 0 1 0.00 0.0 0 M M M M M M 12 31 M
8 71 41 56 8 9 0 0.00 0.0 0 M M M M M M 38 M
9 51 29 40 -8 25 0 0.00 0.0 0 M M M M M M 49 M
10 58 24 41 -8 24 0 0.00 0.0 0 M M M M M M 28 M
11 70 44 57 8 8 0 T 0.0 0 M M M M M M 8 25 M
12 48 27 38 -11 27 0 0.08 T 0 M M M M M M 3 46 M
13 40 22 31 -19 34 0 0.00 0.0 0 M M M M M M 33 M
14 47 23 35 -15 30 0 0.00 0.0 0 M M M M M M 32 M
15 51 22 37 -13 28 0 0.00 0.0 0 M M M M M M 23 M
16 38 31 35 -16 30 0 0.53 6.4 0 M M M M M M 1 25 M
17 47 25 36 -15 29 0 T T 5 M M M M M M 12 25 M
18 73 35 54 2 11 0 0.00 0.0 0 M M M M M M 33 M
19 62 39 51 -1 14 0 T 0.0 0 M M M M M M 23 M
20 70 41 56 4 9 0 T 0.0 0 M M M M M M 31 M
21 73 39 56 3 9 0 0.00 0.0 0 M M M M M M 21 M
22 78 53 66 13 0 1 0.00 0.0 0 M M M M M M 26 M
23 80 44 62 9 3 0 T 0.0 0 M M M M M M 2 25 M
24 60 49 55 1 10 0 0.02 0.0 0 M M M M M M 17 M
25 67 42 55 1 10 0 0.10 T 0 M M M M M M 35 33 M
26 72 41 57 3 8 0 0.01 0.0 0 M M M M M M 3 22 M
27 83 55 69 14 0 4 0.00 0.0 0 M M M M M M 28 M
28 73 52 63 8 2 0 T 0.0 0 M M M M M M 8 41 M
29 71 52 62 6 3 0 T 0.0 0 M M M M M M 45 M
30 75 45 60 4 5 0 0.00 0.0 0 M M M M M M 16 M
================================================================================
SM 1891 1129 439 6 0.84 6.7 M M M
================================================================================
AV 63.0 37.6 M FASTST M M 5 MAX(MPH)
MISC ----> M M 49 M
================================================================================
NOTES:
# LAST OF SEVERAL OCCURRENCES
COLUMN 17 PEAK WIND IN M.P.H.
PRELIMINARY LOCAL CLIMATOLOGICAL DATA (WS FORM: F-6) , PAGE 2
STATION: VALLEY NWS NE
MONTH: APRIL
YEAR: 2020
LATITUDE: 41 19 N
LONGITUDE: 96 22 W
[TEMPERATURE DATA] [PRECIPITATION DATA] SYMBOLS USED IN COLUMN 16
AVERAGE MONTHLY: 50.3 TOTAL FOR MONTH: 0.84 1 = FOG OR MIST
DPTR FM NORMAL: -0.3 DPTR FM NORMAL: -2.19 2 = FOG REDUCING VISIBILITY
HIGHEST: 84 ON 7 GRTST 24HR 0.53 ON 16-16 TO 1/4 MILE OR LESS
LOWEST: 22 ON 15,13 3 = THUNDER
SNOW, ICE PELLETS, HAIL 4 = ICE PELLETS
TOTAL MONTH: 6.7 INCHES 5 = HAIL
GRTST 24HR 6.4 ON 16-16 6 = FREEZING RAIN OR DRIZZLE
GRTST DEPTH: 5 ON 17 7 = DUSTSTORM OR SANDSTORM:
VSBY 1/2 MILE OR LESS
8 = SMOKE OR HAZE
[NO. OF DAYS WITH] [WEATHER - DAYS WITH] 9 = BLOWING SNOW
X = TORNADO
MAX 32 OR BELOW: 0 0.01 INCH OR MORE: 7
MAX 90 OR ABOVE: 0 0.10 INCH OR MORE: 2
MIN 32 OR BELOW: 12 0.50 INCH OR MORE: 1
MIN 0 OR BELOW: 0 1.00 INCH OR MORE: 0
[HDD (BASE 65) ]
TOTAL THIS MO. 439 CLEAR (SCALE 0-3) 0
DPTR FM NORMAL 0 PTCLDY (SCALE 4-7) 0
TOTAL FM JUL 1 5573 CLOUDY (SCALE 8-10) 0
DPTR FM NORMAL -525
[CDD (BASE 65) ]
TOTAL THIS MO. 6
DPTR FM NORMAL -1 [PRESSURE DATA]
TOTAL FM JAN 1 6 HIGHEST SLP M ON M
DPTR FM NORMAL -1 LOWEST SLP M ON M
[REMARKS]
#FINAL-04-20#