403
CXUS54 KMAF 011210
CF6ODO
PRELIMINARY LOCAL CLIMATOLOGICAL DATA (WS FORM: F-6)
STATION: ODESSA SCHLEYMEYER
MONTH: JANUARY
YEAR: 2021
LATITUDE: 31 55 N
LONGITUDE: 102 23 W
TEMPERATURE IN F: :PCPN: SNOW: WIND :SUNSHINE: SKY :PK WND
================================================================================
1 2 3 4 5 6A 6B 7 8 9 10 11 12 13 14 15 16 17 18
12Z AVG MX 2MIN
DY MAX MIN AVG DEP HDD CDD WTR SNW DPTH SPD SPD DIR MIN PSBL S-S WX SPD DR
================================================================================
1 47 22 35 -9 30 0 0.00 M M 6.7 14 100 M M 6 1 17 90
2 57 26 42 -2 23 0 0.00 M M 9.7 22 240 M M 0 29 250
3 64 32 48 4 17 0 0.00 M M 9.0 18 330 M M 0 23 320
4 64 35 50 6 15 0 0.00 M M 9.6 21 10 M M 0 26 360
5 65 29 47 3 18 0 0.00 M M 7.2 20 210 M M 0 23 200
6 57 34 46 2 19 0 0.00 M M 13.0 25 20 M M 1 8 33 20
7 57 26 42 -3 23 0 0.00 M M 6.8 13 120 M M 0 16 120
8 41 23 32 -13 33 0 0.00 M M 9.4 17 80 M M 4 18 20 110
9 38 22 30 -15 35 0 0.02 M M 10.5 17 90 M M 9 12 21 80
10 35 27 31 -14 34 0 0.15 M M 11.5 20 60 M M 10 12 23 80
11 35 24 30 -15 35 0 0.00 M M 3.4 10 310 M M 6 1 13 300
12 49 22 36 -9 29 0 0.00 M M 5.5 12 240 M M 0 1 14 270
13 64 27 46 1 19 0 0.00 M M 11.1 22 270 M M 0 27 270
14 54 34 44 -1 21 0 0.00 M M 12.9 32 40 M M 0 43 40
15 51 24 38 -7 27 0 0.00 M M 5.7 13 40 M M 0 15 40
16 62 27 45 0 20 0 0.00 M M 7.1 16 190 M M 0 21 200
17 59 26 43 -2 22 0 0.00 M M 6.5 14 350 M M 0 17 340
18 73 37 55 10 10 0 0.00 M M 11.8 21 40 M M 0 26 270
19 48 37 43 -2 22 0 0.00 M M 15.7 28 60 M M 7 33 50
20 47 36 42 -3 23 0 0.06 M M 6.6 13 230 M M 7 15 230
21 64 43 54 9 11 0 T M M 8.1 15 230 M M 7 19 240
22 67 41 54 8 11 0 0.00 M M 8.5 17 290 M M 0 1 22 290
23 67 40 54 8 11 0 0.00 M M 9.7 17 120 M M 6 12 22 120
24 72 52 62 16 3 0 T M M 11.0 25 300 M M 7 18 31 300
25 59 37 48 2 17 0 0.00 M M 15.8 35 280 M M 0 47 290
26 61 32 47 1 18 0 0.00 M M 9.4 26 300 M M 1 33 310
27 57 32 45 -1 20 0 0.00 M M 10.9 20 340 M M 0 24 340
28 56 31 44 -2 21 0 0.00 M M 12.7 23 170 M M 0 27 180
29 70 39 55 9 10 0 T M M 11.3 26 160 M M 1 33 150
30 68 46 57 11 8 0 0.00 M M 17.4 33 280 M M 0 40 270
31 62 34 48 2 17 0 0.00 M M 10.2 21 40 M M 0 26 40
================================================================================
SM 1770 997 622 0 0.23 M 304.7 M 72
================================================================================
AV 57.1 32.2 9.8 FASTST M M 2 MAX(MPH)
MISC ----> 35 280 47 290
================================================================================
NOTES:
# LAST OF SEVERAL OCCURRENCES
COLUMN 17 PEAK WIND IN M.P.H.
PRELIMINARY LOCAL CLIMATOLOGICAL DATA (WS FORM: F-6) , PAGE 2
STATION: ODESSA SCHLEYMEYER
MONTH: JANUARY
YEAR: 2021
LATITUDE: 31 55 N
LONGITUDE: 102 23 W
[TEMPERATURE DATA] [PRECIPITATION DATA] SYMBOLS USED IN COLUMN 16
AVERAGE MONTHLY: 44.6 TOTAL FOR MONTH: 0.23 1 = FOG OR MIST
DPTR FM NORMAL: -0.6 DPTR FM NORMAL: -0.36 2 = FOG REDUCING VISIBILITY
HIGHEST: 73 ON 18 GRTST 24HR 0.24 ON 21-21 TO 1/4 MILE OR LESS
LOWEST: 22 ON 12, 9 3 = THUNDER
SNOW, ICE PELLETS, HAIL 4 = ICE PELLETS
TOTAL MONTH: M 5 = HAIL
GRTST 24HR M ON M 6 = FREEZING RAIN OR DRIZZLE
GRTST DEPTH: M ON M 7 = DUSTSTORM OR SANDSTORM:
VSBY 1/2 MILE OR LESS
8 = SMOKE OR HAZE
[NO. OF DAYS WITH] [WEATHER - DAYS WITH] 9 = BLOWING SNOW
X = TORNADO
MAX 32 OR BELOW: 0 0.01 INCH OR MORE: 3
MAX 90 OR ABOVE: 0 0.10 INCH OR MORE: 1
MIN 32 OR BELOW: 17 0.50 INCH OR MORE: 0
MIN 0 OR BELOW: 0 1.00 INCH OR MORE: 0
[HDD (BASE 65) ]
TOTAL THIS MO. 622 CLEAR (SCALE 0-3) 21
DPTR FM NORMAL 8 PTCLDY (SCALE 4-7) 8
TOTAL FM JUL 1 1582 CLOUDY (SCALE 8-10) 2
DPTR FM NORMAL -87
[CDD (BASE 65) ]
TOTAL THIS MO. 0
DPTR FM NORMAL 0 [PRESSURE DATA]
TOTAL FM JAN 1 0 HIGHEST SLP 30.47 ON 11
DPTR FM NORMAL 0 LOWEST SLP 29.53 ON 24
[REMARKS]
#FINAL-01-21#