000
CXUS53 KGID 010830
CF6ODX
PRELIMINARY LOCAL CLIMATOLOGICAL DATA (WS FORM: F-6)
STATION: ORD NE
MONTH: JULY
YEAR: 2023
LATITUDE: 41 37 N
LONGITUDE: 98 57 W
TEMPERATURE IN F: :PCPN: SNOW: WIND :SUNSHINE: SKY :PK WND
================================================================================
1 2 3 4 5 6A 6B 7 8 9 10 11 12 13 14 15 16 17 18
12Z AVG MX 2MIN
DY MAX MIN AVG DEP HDD CDD WTR SNW DPTH SPD SPD DIR MIN PSBL S-S WX SPD DR
================================================================================
1 79 62 71 -2 0 6 0.34 M M 6.6 17 10 M M 5 13 26 330
2 89 56 73 0 0 8 0.00 M M 5.2 15 170 M M 0 1 20 160
3 93 61 77 4 0 12 0.00 M M 6.5 16 170 M M 0 23 180
4 87 66 77 3 0 12 0.05 M M 8.9 25 360 M M 3 13 35 340
5 71 54 63 -11 2 0 T M M 8.4 18 350 M M 7 26 350
6 75 50 63 -11 2 0 T M M 5.4 13 160 M M 8 17 180
7 79 58 69 -5 0 4 0.73 M M 8.1 18 210 M M 8 13 24 340
8 78 56 67 -7 0 2 0.00 M M 3.5 13 200 M M 4 16 200
9 83 53 68 -6 0 3 0.00 M M 5.9 15 200 M M 0 23 210
10 90 61 76 2 0 11 T M M 8.2 21 220 M M 0 3 32 220
11 87 60 74 0 0 9 T M M 6.8 22 130 M M 1 123 31 130
12 90 64 77 2 0 12 0.00 M M 5.6 35 10 M M 1 51 360
13 89 62 76 1 0 11 0.21 M M 7.1 26 170 M M 2 13 35 170
14 85 60 73 -2 0 8 0.22 M M 5.8 23 320 M M 2 13 33 330
15 86 58 72 -3 0 7 0.00 M M 4.3 16 300 M M 1 18 24 310
16 87 61 74 -1 0 9 0.48 M M 2.8 23 170 M M 1 138 30 170
17 80 63 72 -3 0 7 0.00 M M 7.1 15 280 M M 1 18 20 80
18 85 60 73 -2 0 8 0.70 M M 8.2 20 190 M M 4 13 28 150
19 84 65 75 0 0 10 0.04 M M 4.1 13 40 M M 2 1 19 40
20 81 64 73 -2 0 8 0.00 M M 5.7 14 360 M M 2 20 10
21 84 57 71 -4 0 6 T M M M M M M M M M M
22 92 61 77 2 0 12 T M M 3.0 13 190 M M 1 3 15 40
23 89 58 74 -1 0 9 0.00 M M 7.6 17 140 M M 0 24 140
24 93 62 78 3 0 13 0.00 M M 5.8 13 130 M M 0 1 18 110
25 97 71 84 9 0 19 0.01 M M 6.4 30 320 M M 1 3 44 320
26 101 68 85 10 0 20 0.00 M M 4.6 21 170 M M 0 1 29 150
27 102 67 85 10 0 20 0.00 M M 7.6 17 180 M M 0 23 180
28 100 70 85 10 0 20 T M M 6.0 15 10 M M 0 21 20
29 86 63 75 0 0 10 1.95 M M 8.1 55 290 M M 2 123 80 290
30 88 66 77 2 0 12 0.00 M M 8.5 17 120 M M 3 24 110
31 85 68 77 2 0 12 0.90 M M 6.0 17 320 M M 5 13 25 320
================================================================================
SM 2695 1905 4 300 5.63 M 187.8 M 64
================================================================================
AV 86.9 61.5 6.3 FASTST M M 2 MAX(MPH)
MISC ----> 55 290 80 290
================================================================================
NOTES:
# LAST OF SEVERAL OCCURRENCES
COLUMN 17 PEAK WIND IN M.P.H.
PRELIMINARY LOCAL CLIMATOLOGICAL DATA (WS FORM: F-6) , PAGE 2
STATION: ORD NE
MONTH: JULY
YEAR: 2023
LATITUDE: 41 37 N
LONGITUDE: 98 57 W
[TEMPERATURE DATA] [PRECIPITATION DATA] SYMBOLS USED IN COLUMN 16
AVERAGE MONTHLY: 74.2 TOTAL FOR MONTH: 5.63 1 = FOG OR MIST
DPTR FM NORMAL: -0.4 DPTR FM NORMAL: 2.98 2 = FOG REDUCING VISIBILITY
HIGHEST: 102 ON 27 GRTST 24HR 1.95 ON 29-29 TO 1/4 MILE OR LESS
LOWEST: 50 ON 6 3 = THUNDER
SNOW, ICE PELLETS, HAIL 4 = ICE PELLETS
TOTAL MONTH: M 5 = HAIL
GRTST 24HR M ON M 6 = FREEZING RAIN OR DRIZZLE
GRTST DEPTH: M ON M 7 = DUSTSTORM OR SANDSTORM:
VSBY 1/2 MILE OR LESS
8 = SMOKE OR HAZE
[NO. OF DAYS WITH] [WEATHER - DAYS WITH] 9 = BLOWING SNOW
X = TORNADO
MAX 32 OR BELOW: 0 0.01 INCH OR MORE: 11
MAX 90 OR ABOVE: 9 0.10 INCH OR MORE: 8
MIN 32 OR BELOW: 0 0.50 INCH OR MORE: 4
MIN 0 OR BELOW: 0 1.00 INCH OR MORE: 1
[HDD (BASE 65) ]
TOTAL THIS MO. 4 CLEAR (SCALE 0-3) 23
DPTR FM NORMAL -1 PTCLDY (SCALE 4-7) 7
TOTAL FM JUL 1 4 CLOUDY (SCALE 8-10) 1
DPTR FM NORMAL 4
[CDD (BASE 65) ]
TOTAL THIS MO. 300
DPTR FM NORMAL -2 [PRESSURE DATA]
TOTAL FM JAN 1 579 HIGHEST SLP 30.23 ON 29
DPTR FM NORMAL 68 LOWEST SLP 29.69 ON 12
[REMARKS]
#FINAL-07-23#