000
CXUS53 KGID 021229 CCA
CF6ODX
PRELIMINARY LOCAL CLIMATOLOGICAL DATA (WS FORM: F-6)
STATION: ORD NE
MONTH: JULY
YEAR: 2021
LATITUDE: 41 37 N
LONGITUDE: 98 57 W
TEMPERATURE IN F: :PCPN: SNOW: WIND :SUNSHINE: SKY :PK WND
================================================================================
1 2 3 4 5 6A 6B 7 8 9 10 11 12 13 14 15 16 17 18
12Z AVG MX 2MIN
DY MAX MIN AVG DEP HDD CDD WTR SNW DPTH SPD SPD DIR MIN PSBL S-S WX SPD DR
================================================================================
1 87 56 72 -1 0 7 0.00 M M 4.7 12 70 M M 1 1 18 80
2 86 54 70 -3 0 5 0.00 M M 4.7 15 170 M M 1 1 24 190
3 90 61 76 3 0 11 0.00 M M 10.4 22 190 M M 1 32 160
4 93 69 81 7 0 16 0.00 M M 9.1 15 190 M M 1 21 190
5 93 63 78 4 0 13 0.00 M M 6.7 18 170 M M 0 1 25 150
6 90 66 78 4 0 13 1.04 M M 7.7 35 360 M M 6 13 46 330
7 77 65 71 -3 0 6 0.00 M M 6.8 15 360 M M 7 22 10
8 89 61 75 1 0 10 0.01 M M 11.1 25 180 M M 1 13 35 180
9 92 69 81 7 0 16 0.37 M M 8.4 36 200 M M 2 38 46 190
10 78 63 71 -3 0 6 0.15 M M 12.9 26 360 M M 4 13 37 360
11 81 58 70 -4 0 5 0.00 M M 5.7 13 30 M M 2 1 16 20
12 83 53 68 -7 0 3 0.00 M M 3.6 12 170 M M 0 1 16 200
13 85 57 71 -4 0 6 0.00 M M 4.4 13 50 M M 1 1 16 60
14 79 63 71 -4 0 6 T M M 7.5 25 330 M M 5 13 34 340
15 82 62 72 -3 0 7 0.00 M M 5.5 13 100 M M 2 1 18 110
16 84 64 74 -1 0 9 0.00 M M 7.4 13 180 M M 6 12 21 200
17 85 65 75 0 0 10 1.13 M M 7.6 22 320 M M 3 13 31 290
18 83 68 76 1 0 11 0.01 M M 7.6 16 150 M M 5 1 22 140
19 84 63 74 -1 0 9 0.00 M M 4.8 12 120 M M 3 1 18 140
20 84 55 70 -5 0 5 0.00 M M 5.6 15 170 M M 2 12 22 170
21 85 62 74 -1 0 9 0.00 M M 11.8 25 190 M M 0 1 34 190
22 90 67 79 4 0 14 0.00 M M 11.3 21 180 M M 0 30 190
23 93 64 79 4 0 14 0.00 M M 7.0 20 200 M M 0 29 190
24 92 65 79 4 0 14 T M M 5.3 16 330 M M 4 23 340
25 86 60 73 -2 0 8 0.00 M M 6.7 22 170 M M 2 12 29 180
26 90 60 75 0 0 10 0.00 M M 8.2 21 180 M M 2 1 30 180
27 97 64 81 6 0 16 0.00 M M 6.5 18 190 M M 0 1 24 190
28 99 66 83 8 0 18 0.00 M M 7.8 21 210 M M 0 27 190
29 89 71 80 5 0 15 0.00 M M 7.0 15 40 M M 3 8 21 60
30 86 70 78 3 0 13 0.01 M M 8.3 23 360 M M 8 138 30 350
31 85 63 74 -1 0 9 0.42 M M 6.7 14 20 M M 5 138 20 10
================================================================================
SM 2697 1947 0 314 3.14 M 228.8 M 77
================================================================================
AV 87.0 62.8 7.4 FASTST M M 2 MAX(MPH)
MISC ----> 36 200 # 46 330
================================================================================
NOTES:
# LAST OF SEVERAL OCCURRENCES
COLUMN 17 PEAK WIND IN M.P.H.
PRELIMINARY LOCAL CLIMATOLOGICAL DATA (WS FORM: F-6) , PAGE 2
STATION: ORD NE
MONTH: JULY
YEAR: 2021
LATITUDE: 41 37 N
LONGITUDE: 98 57 W
[TEMPERATURE DATA] [PRECIPITATION DATA] SYMBOLS USED IN COLUMN 16
AVERAGE MONTHLY: 74.9 TOTAL FOR MONTH: 3.14 1 = FOG OR MIST
DPTR FM NORMAL: 0.3 DPTR FM NORMAL: 0.49 2 = FOG REDUCING VISIBILITY
HIGHEST: 99 ON 28 GRTST 24HR 1.13 ON 17-17 TO 1/4 MILE OR LESS
LOWEST: 53 ON 12 3 = THUNDER
SNOW, ICE PELLETS, HAIL 4 = ICE PELLETS
TOTAL MONTH: M 5 = HAIL
GRTST 24HR M ON M 6 = FREEZING RAIN OR DRIZZLE
GRTST DEPTH: M ON M 7 = DUSTSTORM OR SANDSTORM:
VSBY 1/2 MILE OR LESS
8 = SMOKE OR HAZE
[NO. OF DAYS WITH] [WEATHER - DAYS WITH] 9 = BLOWING SNOW
X = TORNADO
MAX 32 OR BELOW: 0 0.01 INCH OR MORE: 8
MAX 90 OR ABOVE: 11 0.10 INCH OR MORE: 5
MIN 32 OR BELOW: 0 0.50 INCH OR MORE: 2
MIN 0 OR BELOW: 0 1.00 INCH OR MORE: 2
[HDD (BASE 65) ]
TOTAL THIS MO. 0 CLEAR (SCALE 0-3) 20
DPTR FM NORMAL -5 PTCLDY (SCALE 4-7) 11
TOTAL FM JUL 1 0 CLOUDY (SCALE 8-10) 0
DPTR FM NORMAL 0
[CDD (BASE 65) ]
TOTAL THIS MO. 314
DPTR FM NORMAL 12 [PRESSURE DATA]
TOTAL FM JAN 1 601 HIGHEST SLP 30.22 ON 19
DPTR FM NORMAL 90 LOWEST SLP 29.68 ON 9
[REMARKS]
SUBSTITUTED PRECIPITATION AMOUNT (0.17) FOR 7/14/2021 FROM LOCAL COOPERATIVE
OBSERVER (ORD #2, SITE 25-6336) DUE TO MALFUNCTION OF THE AUTOMATED GAUGE.
SUBSTITUTED PRECIPITATION AMOUNT (1.13) FOR 7/17/2021 FROM LOCAL COOPERATIVE
OBSERVER (ORD #2, SITE 25-6336) DUE TO MALFUNCTION OF THE AUTOMATED GAUGE.
#FINAL-07-21#