000
CXUS53 KGID 012326
CF6ODX
PRELIMINARY LOCAL CLIMATOLOGICAL DATA (WS FORM: F-6)
STATION: ORD NE
MONTH: AUGUST
YEAR: 2023
LATITUDE: 41 37 N
LONGITUDE: 98 57 W
TEMPERATURE IN F: :PCPN: SNOW: WIND :SUNSHINE: SKY :PK WND
================================================================================
1 2 3 4 5 6A 6B 7 8 9 10 11 12 13 14 15 16 17 18
12Z AVG MX 2MIN
DY MAX MIN AVG DEP HDD CDD WTR SNW DPTH SPD SPD DIR MIN PSBL S-S WX SPD DR
================================================================================
1 80 67 74 -1 0 9 T M M 6.4 13 120 M M 7 1 19 140
2 87 72 80 5 0 15 0.09 M M 3.8 13 140 M M 6 13 17 120
3 85 71 78 3 0 13 0.13 M M 5.9 12 90 M M 4 18 16 60
4 84 66 75 0 0 10 0.00 M M 6.1 20 200 M M 0 128 30 210
5 87 62 75 0 0 10 0.00 M M 8.7 22 310 M M 1 32 290
6 77 62 70 -4 0 5 0.01 M M 16.8 32 330 M M 7 1 44 310
7 81 56 69 -5 0 4 T M M 3.8 9 200 M M 3 1 13 320
8 82 57 70 -4 0 5 0.08 M M 5.9 25 220 M M 2 13 36 230
9 86 61 74 0 0 9 0.41 M M 2.8 12 180 M M 3 13 18 230
10 88 60 74 0 0 9 0.00 M M 6.8 23 30 M M 1 13 31 20
11 93 62 78 4 0 13 0.00 M M 3.8 13 20 M M 0 21 30
12 86 59 73 -1 0 8 0.02 M M 5.2 15 150 M M 2 3 22 160
13 73 58 66 -7 0 1 0.39 M M 9.3 28 360 M M 6 13 44 10
14 78 56 67 -6 0 2 0.00 M M 11.3 21 320 M M 3 30 300
15 86 51 69 -4 0 4 0.00 M M 4.2 13 230 M M 0 17 230
16 94 61 78 5 0 13 0.00 M M 9.2 20 180 M M 0 25 170
17 82 59 71 -2 0 6 0.00 M M 6.4 15 350 M M 0 20 340
18 90 59 75 3 0 10 0.00 M M 12.7 26 180 M M 0 42 200
19 99 68 84 12 0 19 0.00 M M 6.3 15 360 M M 0 21 360
20 90 69 80 8 0 15 0.00 M M 7.9 15 340 M M 4 20 350
21 102 75 89 17 0 24 0.00 M M 10.2 22 200 M M 3 1 30 180
22 102 67 85 13 0 20 0.00 M M 10.1 24 180 M M 0 33 170
23 102 67 85 14 0 20 0.00 M M 7.0 20 200 M M 0 27 200
24 102 68 85 14 0 20 0.00 M M 5.1 16 180 M M 0 21 180
25 92 67 80 9 0 15 0.27 M M 8.6 21 360 M M 3 13 31 10
26 81 56 69 -1 0 4 0.00 M M 6.9 16 10 M M 0 22 350
27 86 51 69 -1 0 4 0.00 M M 3.8 12 100 M M 0 1 16 100
28 81 61 71 1 0 6 T M M 4.0 15 300 M M 3 21 300
29 89 56 73 3 0 8 0.00 M M 4.3 14 350 M M 0 23 30
30 88 53 71 2 0 6 0.00 M M 6.9 18 160 M M 0 18 26 160
31 91 63 77 8 0 12 T M M 13.1 24 160 M M 0 35 160
================================================================================
SM 2724 1920 0 319 1.40 M 223.3 M 58
================================================================================
AV 87.9 61.9 7.2 FASTST M M 2 MAX(MPH)
MISC ----> 32 330 # 44 310
================================================================================
NOTES:
# LAST OF SEVERAL OCCURRENCES
COLUMN 17 PEAK WIND IN M.P.H.
PRELIMINARY LOCAL CLIMATOLOGICAL DATA (WS FORM: F-6) , PAGE 2
STATION: ORD NE
MONTH: AUGUST
YEAR: 2023
LATITUDE: 41 37 N
LONGITUDE: 98 57 W
[TEMPERATURE DATA] [PRECIPITATION DATA] SYMBOLS USED IN COLUMN 16
AVERAGE MONTHLY: 74.9 TOTAL FOR MONTH: 1.40 1 = FOG OR MIST
DPTR FM NORMAL: 2.3 DPTR FM NORMAL: -1.86 2 = FOG REDUCING VISIBILITY
HIGHEST: 102 ON 24,23 GRTST 24HR 0.49 ON 8- 9 TO 1/4 MILE OR LESS
LOWEST: 51 ON 27,15 3 = THUNDER
SNOW, ICE PELLETS, HAIL 4 = ICE PELLETS
TOTAL MONTH: M 5 = HAIL
GRTST 24HR M ON M 6 = FREEZING RAIN OR DRIZZLE
GRTST DEPTH: M ON M 7 = DUSTSTORM OR SANDSTORM:
VSBY 1/2 MILE OR LESS
8 = SMOKE OR HAZE
[NO. OF DAYS WITH] [WEATHER - DAYS WITH] 9 = BLOWING SNOW
X = TORNADO
MAX 32 OR BELOW: 0 0.01 INCH OR MORE: 8
MAX 90 OR ABOVE: 11 0.10 INCH OR MORE: 4
MIN 32 OR BELOW: 0 0.50 INCH OR MORE: 0
MIN 0 OR BELOW: 0 1.00 INCH OR MORE: 0
[HDD (BASE 65) ]
TOTAL THIS MO. 0 CLEAR (SCALE 0-3) 25
DPTR FM NORMAL -10 PTCLDY (SCALE 4-7) 6
TOTAL FM JUL 1 4 CLOUDY (SCALE 8-10) 0
DPTR FM NORMAL -6
[CDD (BASE 65) ]
TOTAL THIS MO. 319
DPTR FM NORMAL 75 [PRESSURE DATA]
TOTAL FM JAN 1 898 HIGHEST SLP 30.21 ON 26
DPTR FM NORMAL 143 LOWEST SLP 29.63 ON 10
[REMARKS]
MINIMUM TEMPERATURE (66 DEGREES) FOR 8/4/2023 WAS SUBSTITUTED FROM THE
NEARBY UNIVERSITY OF NEBRASKA MESONET (SITE ORD 2N) DUE TO THE ASOS
BEING TEMPORARILY OUT OF SERVICE.
#FINAL-08-23#