000
CXUS51 KAKQ 010810
CF6OFP
PRELIMINARY LOCAL CLIMATOLOGICAL DATA (WS FORM: F-6)
STATION: RICHMOND/HANOVER
MONTH: JANUARY
YEAR: 2022
LATITUDE: 37 42 N
LONGITUDE: 77 26 W
TEMPERATURE IN F: :PCPN: SNOW: WIND :SUNSHINE: SKY :PK WND
================================================================================
1 2 3 4 5 6A 6B 7 8 9 10 11 12 13 14 15 16 17 18
12Z AVG MX 2MIN
DY MAX MIN AVG DEP HDD CDD WTR SNW DPTH SPD SPD DIR MIN PSBL S-S WX SPD DR
================================================================================
1 73 56 65 27 0 0 0.16 M M 6.9 17 180 M M 4 1 30 220
2 72 50 61 23 4 0 0.77 M M 6.7 15 210 M M 7 12 23 220
3 51 25 38 0 27 0 1.62 M M 7.2 13 30 M M 6 12 31 310
4 37 17 27 -11 38 0 0.00 M M 0.4 6 80 M M 0 1 M M
5 47 25 36 -2 29 0 0.01 M M 5.3 10 200 M M 5 1 M M
6 55 33 44 6 21 0 0.00 M M 2.9 7 310 M M 1 M M
7 37 24 31 -7 34 0 0.02 M M 8.0 16 300 M M 3 16 24 300
8 37 19 28 -10 37 0 0.00 M M 2.1 6 180 M M 0 M M
9 60 29 45 7 20 0 0.27 M M 8.1 13 210 M M 9 1 22 210
10 51 30 41 4 24 0 0.00 M M 6.2 17 300 M M 1 30 290
11 34 21 28 -9 37 0 0.00 M M 3.4 10 310 M M 0 M M
12 50 23 37 0 28 0 0.00 M M 8.6 16 200 M M 0 24 200
13 51 27 39 2 26 0 0.00 M M 1.0 7 230 M M 2 M M
14 50 35 43 6 22 0 0.00 M M 6.2 15 320 M M 5 8 25 320
15 39 24 32 -5 33 0 0.00 M M 5.1 8 350 M M 3 M M
16 38 20 29 -8 36 0 1.35 M M 5.4 18 210 M M 8 126 28 210
17 42 32 37 0 28 0 T M M 14.7 23 230 M M 7 35 280
18 43 26 35 -2 30 0 0.00 M M 6.4 14 280 M M 0 21 240
19 57 25 41 4 24 0 0.00 M M 8.0 16 220 M M 3 32 230
20 49 29 39 2 26 0 0.29 M M 5.1 9 10 M M 7 1 22 99
21 29 22 26 -11 39 0 0.00 M M 6.3 9 10 M M 7 18 350
22 36 18 27 -10 38 0 T M M 3.5 7 350 M M 3 M M
23 45 20 33 -4 32 0 0.00 M M 4.1 10 220 M M 1 M M
24 47 23 35 -2 30 0 0.00 M M 4.3 10 190 M M 1 M M
25 50 30 40 2 25 0 0.00 M M 5.2 10 220 M M 4 M M
26 38 20 29 -9 36 0 0.00 M M 4.1 9 310 M M 3 M M
27 38 14 26 -12 39 0 0.00 M M 0.9 9 180 M M 2 13 170
28 47 28 38 0 27 0 0.17 M M 2.9 9 100 M M 8 1 15 310
29 33 19 26 -12 39 0 0.01 M M 9.3 24 300 M M 6 18 35 300
30 36 11 24 -14 41 0 0.00 M M 2.3 10 210 M M 5 15 170
31 46 20 33 -5 32 0 0.00 M M 1.4 9 90 M M 0 12 90
================================================================================
SM 1418 795 902 0 4.67 M 161.9 M 111
================================================================================
AV 45.7 25.6 5.2 FASTST M M 4 MAX(MPH)
MISC ----> 24 300 35 280
================================================================================
NOTES:
# LAST OF SEVERAL OCCURRENCES
COLUMN 17 PEAK WIND IN M.P.H.
PRELIMINARY LOCAL CLIMATOLOGICAL DATA (WS FORM: F-6) , PAGE 2
STATION: RICHMOND/HANOVER
MONTH: JANUARY
YEAR: 2022
LATITUDE: 37 42 N
LONGITUDE: 77 26 W
[TEMPERATURE DATA] [PRECIPITATION DATA] SYMBOLS USED IN COLUMN 16
AVERAGE MONTHLY: 35.7 TOTAL FOR MONTH: 4.67 1 = FOG OR MIST
DPTR FM NORMAL: -1.8 DPTR FM NORMAL: 1.19 2 = FOG REDUCING VISIBILITY
HIGHEST: 73 ON 1 GRTST 24HR 2.05 ON 3- 3 TO 1/4 MILE OR LESS
LOWEST: 11 ON 30 3 = THUNDER
SNOW, ICE PELLETS, HAIL 4 = ICE PELLETS
TOTAL MONTH: M 5 = HAIL
GRTST 24HR M ON M 6 = FREEZING RAIN OR DRIZZLE
GRTST DEPTH: M ON M 7 = DUSTSTORM OR SANDSTORM:
VSBY 1/2 MILE OR LESS
8 = SMOKE OR HAZE
[NO. OF DAYS WITH] [WEATHER - DAYS WITH] 9 = BLOWING SNOW
X = TORNADO
MAX 32 OR BELOW: 1 0.01 INCH OR MORE: 10
MAX 90 OR ABOVE: 0 0.10 INCH OR MORE: 7
MIN 32 OR BELOW: 27 0.50 INCH OR MORE: 3
MIN 0 OR BELOW: 0 1.00 INCH OR MORE: 2
[HDD (BASE 65) ]
TOTAL THIS MO. 902 CLEAR (SCALE 0-3) 13
DPTR FM NORMAL 51 PTCLDY (SCALE 4-7) 17
TOTAL FM JUL 1 2013 CLOUDY (SCALE 8-10) 1
DPTR FM NORMAL -345
[CDD (BASE 65) ]
TOTAL THIS MO. 0
DPTR FM NORMAL 0 [PRESSURE DATA]
TOTAL FM JAN 1 0 HIGHEST SLP M ON M
DPTR FM NORMAL 0 LOWEST SLP M ON M
[REMARKS]
#FINAL-01-22#